{"id":8523,"date":"2025-02-26T13:10:11","date_gmt":"2025-02-26T13:10:11","guid":{"rendered":"https:\/\/lisbonpubliclaw.pt\/?post_type=publicacoes&#038;p=8523"},"modified":"2025-05-20T14:20:31","modified_gmt":"2025-05-20T14:20:31","slug":"migracoes-asilo-e-nacionalidade","status":"publish","type":"publicacoes","link":"https:\/\/lisbonpubliclaw.pt\/en\/publicacoes\/migracoes-asilo-e-nacionalidade\/","title":{"rendered":"Migra\u00e7\u00f5es, Asilo e Nacionalidade"},"content":{"rendered":"<p><strong>Sofia David<\/strong>: Em busca da tutela jurisdicional efetiva no contencioso da imigra\u00e7\u00e3o: um olhar sobre o Ac\u00f3rd\u00e3o de uniformiza\u00e7\u00e3o de jurisprud\u00eancia do STA n.\u00ba 741\/23.4BELSB, de 06\/06\/2024.<\/p>\n\n\n\n<p><strong>Rui Coelho<\/strong>: Aux\u00edlio \u00e0 Imigra\u00e7\u00e3o Ilegal e Tr\u00e1fico de Seres Humanos &#8211; Uma perspectiva judici\u00e1ria.<\/p>\n\n\n\n<p><strong>Maria Helena Varela<\/strong>: Qual a prote\u00e7\u00e3o que os migrantes e refugiados podem esperar da Conven\u00e7\u00e3o Europeia para a prote\u00e7\u00e3o dos Direitos Humanos e das Liberdades Fundamentais? &#8211; Uma reflex\u00e3o \u00e0 luz da jurisprud\u00eancia recente do Tribunal Europeu dos Direitos Humanos.<\/p>\n\n\n\n<p><strong>Ana Maria Rodrigues e Andreia Sofia Pinto Oliveira<\/strong>: \u201cNovo\u201d Pacto em mat\u00e9ria de Migra\u00e7\u00e3o e Asilo &#8211; vinho novo em odres velhos.<\/p>\n\n\n\n<p><strong>Ana Rita Gil<\/strong>: O fim das \u201cmanifesta\u00e7\u00f5es de interesse\u201d na Lei de Imigra\u00e7\u00e3o: uma encruzilhada multinormativa.<\/p>\n\n\n\n<p><strong>Miguel Feldmann<\/strong>: A deten\u00e7\u00e3o de migrantes &#8211; desafios e necessidade de mudan\u00e7as.<\/p>\n\n\n\n<p><strong>Constan\u00e7a Urbano de Sousa<\/strong>: O regime de naturaliza\u00e7\u00e3o dos descendentes de judeus sefarditas: Repara\u00e7\u00e3o hist\u00f3rica versus princ\u00edpio da nacionalidade efetiva.Fernando Duarte: O visto para procura de trabalho.<\/p>\n\n\n\n<p><strong>Ana Sofia Barros<\/strong>: O enquadramento das vulnerabilidades no regime do asilo.<\/p>\n\n\n\n<p><strong>Ant\u00f3nio Fialho<\/strong>: A Prote\u00e7\u00e3o das Crian\u00e7as e Jovens Migrantes N\u00e3o Acompanhadas.<\/p>\n\n\n\n<p><strong>Ricardo J. Marques<\/strong>: A perda total de ve\u00edculo e os limites.<\/p>\n\n\n\n<p><strong>Paulo de Tarso Domingues e Tiago Azevedo Ramalho<\/strong>: A legitima\u00e7\u00e3o do poder judicial: independ\u00eancia e sujei\u00e7\u00e3o \u00e0 lei.<\/p>\n\n\n\n<p><strong>Paulo Barreto<\/strong>: A problem\u00e1tica da culpa penal dos toxicodependentes.<\/p>","protected":false},"template":"","meta":{"imagem-da-publicacao":"https:\/\/lisbonpubliclaw.pt\/wp-content\/uploads\/2025\/02\/Julgar_2024.png","areas-de-investigacao":"Direito Constitucional","investigador-responsavel":["1727"],"editor-externo":"","editor":["1727"],"autores-externos":"Sofia David, Rui Coelho, Maria Helena Varela, Ana Maria Rodrigues e Andreia Sofia Pinto Oliveira, Miguel Feldmann,  Constan\u00e7a Urbano de Sousa, Ana Sofia Barros, Ant\u00f3nio Fialho, Ricardo J. Marques, Paulo de Tarso Domingues e Tiago Azevedo Ramalho, Paulo Barreto","referencia-biografica":"","projeto-a-que-pertence":"","selecionar_o_projeto_a_que_pertence":["2069"],"titulo-do-livro-revista":" Revista Julgar ","ano":"2025","isbn":"9781646685547","editora":"Almedina","link-para-download":"https:\/\/www.almedina.net\/revista-julgar-no-54-1734703426.html"},"cluster":[],"categoria-da-publicacao":[23],"grupo-de-investigacao":[12],"class_list":["post-8523","publicacoes","type-publicacoes","status-publish","hentry","categoria-da-publicacao-livro","grupo-de-investigacao-direito-internacional-e-europeu"],"yoast_head":"<!-- This site is optimized with the Yoast SEO plugin v27.5 - https:\/\/yoast.com\/product\/yoast-seo-wordpress\/ -->\n<title>Revista Julgar: Migra\u00e7\u00f5es, Asilo e Nacionalidade - Lisbon Public Law<\/title>\n<meta name=\"robots\" content=\"index, follow, max-snippet:-1, max-image-preview:large, max-video-preview:-1\" \/>\n<link rel=\"canonical\" href=\"https:\/\/lisbonpubliclaw.pt\/en\/publicacoes\/migracoes-asilo-e-nacionalidade\/\" \/>\n<meta property=\"og:locale\" content=\"en_US\" \/>\n<meta property=\"og:type\" content=\"article\" \/>\n<meta property=\"og:title\" content=\"Revista Julgar: Migra\u00e7\u00f5es, Asilo e Nacionalidade - Lisbon Public Law\" \/>\n<meta property=\"og:description\" content=\"Sofia David: Em busca da tutela jurisdicional efetiva no contencioso da imigra\u00e7\u00e3o: um olhar sobre o Ac\u00f3rd\u00e3o de uniformiza\u00e7\u00e3o de jurisprud\u00eancia do STA n.\u00ba 741\/23.4BELSB, de 06\/06\/2024. Rui Coelho: Aux\u00edlio \u00e0 Imigra\u00e7\u00e3o Ilegal e Tr\u00e1fico de Seres Humanos &#8211; Uma perspectiva judici\u00e1ria. Maria Helena Varela: Qual a prote\u00e7\u00e3o que os migrantes e refugiados podem esperar [&hellip;]\" \/>\n<meta property=\"og:url\" content=\"https:\/\/lisbonpubliclaw.pt\/en\/publicacoes\/migracoes-asilo-e-nacionalidade\/\" \/>\n<meta property=\"og:site_name\" content=\"Lisbon Public Law\" \/>\n<meta property=\"article:modified_time\" content=\"2025-05-20T14:20:31+00:00\" \/>\n<meta name=\"twitter:card\" content=\"summary_large_image\" \/>\n<meta name=\"twitter:label1\" content=\"Est. reading time\" \/>\n\t<meta name=\"twitter:data1\" content=\"2 minutes\" \/>\n<script type=\"application\/ld+json\" class=\"yoast-schema-graph\">{\"@context\":\"https:\\\/\\\/schema.org\",\"@graph\":[{\"@type\":\"WebPage\",\"@id\":\"https:\\\/\\\/lisbonpubliclaw.pt\\\/publicacoes\\\/migracoes-asilo-e-nacionalidade\\\/\",\"url\":\"https:\\\/\\\/lisbonpubliclaw.pt\\\/publicacoes\\\/migracoes-asilo-e-nacionalidade\\\/\",\"name\":\"Revista Julgar: Migra\u00e7\u00f5es, Asilo e Nacionalidade - Lisbon Public Law\",\"isPartOf\":{\"@id\":\"https:\\\/\\\/lisbonpubliclaw.pt\\\/#website\"},\"datePublished\":\"2025-02-26T13:10:11+00:00\",\"dateModified\":\"2025-05-20T14:20:31+00:00\",\"breadcrumb\":{\"@id\":\"https:\\\/\\\/lisbonpubliclaw.pt\\\/publicacoes\\\/migracoes-asilo-e-nacionalidade\\\/#breadcrumb\"},\"inLanguage\":\"en-US\",\"potentialAction\":[{\"@type\":\"ReadAction\",\"target\":[\"https:\\\/\\\/lisbonpubliclaw.pt\\\/publicacoes\\\/migracoes-asilo-e-nacionalidade\\\/\"]}]},{\"@type\":\"BreadcrumbList\",\"@id\":\"https:\\\/\\\/lisbonpubliclaw.pt\\\/publicacoes\\\/migracoes-asilo-e-nacionalidade\\\/#breadcrumb\",\"itemListElement\":[{\"@type\":\"ListItem\",\"position\":1,\"name\":\"Home\",\"item\":\"https:\\\/\\\/lisbonpubliclaw.pt\\\/\"},{\"@type\":\"ListItem\",\"position\":2,\"name\":\"Publica\u00e7\u00f5es\",\"item\":\"https:\\\/\\\/lisbonpubliclaw.pt\\\/publicacoes\\\/\"},{\"@type\":\"ListItem\",\"position\":3,\"name\":\"Migra\u00e7\u00f5es, Asilo e Nacionalidade\"}]},{\"@type\":\"WebSite\",\"@id\":\"https:\\\/\\\/lisbonpubliclaw.pt\\\/#website\",\"url\":\"https:\\\/\\\/lisbonpubliclaw.pt\\\/\",\"name\":\"Lisbon Public Law\",\"description\":\"Public Law Research Centre in Lisbon\",\"publisher\":{\"@id\":\"https:\\\/\\\/lisbonpubliclaw.pt\\\/#organization\"},\"potentialAction\":[{\"@type\":\"SearchAction\",\"target\":{\"@type\":\"EntryPoint\",\"urlTemplate\":\"https:\\\/\\\/lisbonpubliclaw.pt\\\/?s={search_term_string}\"},\"query-input\":{\"@type\":\"PropertyValueSpecification\",\"valueRequired\":true,\"valueName\":\"search_term_string\"}}],\"inLanguage\":\"en-US\"},{\"@type\":\"Organization\",\"@id\":\"https:\\\/\\\/lisbonpubliclaw.pt\\\/#organization\",\"name\":\"Lisbon Public Law\",\"url\":\"https:\\\/\\\/lisbonpubliclaw.pt\\\/\",\"logo\":{\"@type\":\"ImageObject\",\"inLanguage\":\"en-US\",\"@id\":\"https:\\\/\\\/lisbonpubliclaw.pt\\\/#\\\/schema\\\/logo\\\/image\\\/\",\"url\":\"https:\\\/\\\/lisbonpubliclaw.pt\\\/wp-content\\\/uploads\\\/2023\\\/06\\\/WhatsApp-Image-2023-06-19-at-11.01.50-1.jpeg\",\"contentUrl\":\"https:\\\/\\\/lisbonpubliclaw.pt\\\/wp-content\\\/uploads\\\/2023\\\/06\\\/WhatsApp-Image-2023-06-19-at-11.01.50-1.jpeg\",\"width\":354,\"height\":354,\"caption\":\"Lisbon Public Law\"},\"image\":{\"@id\":\"https:\\\/\\\/lisbonpubliclaw.pt\\\/#\\\/schema\\\/logo\\\/image\\\/\"}}]}<\/script>\n<!-- \/ Yoast SEO plugin. -->","yoast_head_json":{"title":"Revista Julgar: Migra\u00e7\u00f5es, Asilo e Nacionalidade - Lisbon Public Law","robots":{"index":"index","follow":"follow","max-snippet":"max-snippet:-1","max-image-preview":"max-image-preview:large","max-video-preview":"max-video-preview:-1"},"canonical":"https:\/\/lisbonpubliclaw.pt\/en\/publicacoes\/migracoes-asilo-e-nacionalidade\/","og_locale":"en_US","og_type":"article","og_title":"Revista Julgar: Migra\u00e7\u00f5es, Asilo e Nacionalidade - Lisbon Public Law","og_description":"Sofia David: Em busca da tutela jurisdicional efetiva no contencioso da imigra\u00e7\u00e3o: um olhar sobre o Ac\u00f3rd\u00e3o de uniformiza\u00e7\u00e3o de jurisprud\u00eancia do STA n.\u00ba 741\/23.4BELSB, de 06\/06\/2024. Rui Coelho: Aux\u00edlio \u00e0 Imigra\u00e7\u00e3o Ilegal e Tr\u00e1fico de Seres Humanos &#8211; Uma perspectiva judici\u00e1ria. Maria Helena Varela: Qual a prote\u00e7\u00e3o que os migrantes e refugiados podem esperar [&hellip;]","og_url":"https:\/\/lisbonpubliclaw.pt\/en\/publicacoes\/migracoes-asilo-e-nacionalidade\/","og_site_name":"Lisbon Public Law","article_modified_time":"2025-05-20T14:20:31+00:00","twitter_card":"summary_large_image","twitter_misc":{"Est. reading time":"2 minutes"},"schema":{"@context":"https:\/\/schema.org","@graph":[{"@type":"WebPage","@id":"https:\/\/lisbonpubliclaw.pt\/publicacoes\/migracoes-asilo-e-nacionalidade\/","url":"https:\/\/lisbonpubliclaw.pt\/publicacoes\/migracoes-asilo-e-nacionalidade\/","name":"Revista Julgar: Migra\u00e7\u00f5es, Asilo e Nacionalidade - Lisbon Public Law","isPartOf":{"@id":"https:\/\/lisbonpubliclaw.pt\/#website"},"datePublished":"2025-02-26T13:10:11+00:00","dateModified":"2025-05-20T14:20:31+00:00","breadcrumb":{"@id":"https:\/\/lisbonpubliclaw.pt\/publicacoes\/migracoes-asilo-e-nacionalidade\/#breadcrumb"},"inLanguage":"en-US","potentialAction":[{"@type":"ReadAction","target":["https:\/\/lisbonpubliclaw.pt\/publicacoes\/migracoes-asilo-e-nacionalidade\/"]}]},{"@type":"BreadcrumbList","@id":"https:\/\/lisbonpubliclaw.pt\/publicacoes\/migracoes-asilo-e-nacionalidade\/#breadcrumb","itemListElement":[{"@type":"ListItem","position":1,"name":"Home","item":"https:\/\/lisbonpubliclaw.pt\/"},{"@type":"ListItem","position":2,"name":"Publica\u00e7\u00f5es","item":"https:\/\/lisbonpubliclaw.pt\/publicacoes\/"},{"@type":"ListItem","position":3,"name":"Migra\u00e7\u00f5es, Asilo e Nacionalidade"}]},{"@type":"WebSite","@id":"https:\/\/lisbonpubliclaw.pt\/#website","url":"https:\/\/lisbonpubliclaw.pt\/","name":"Lisbon Public Law","description":"Public Law Research Centre in Lisbon","publisher":{"@id":"https:\/\/lisbonpubliclaw.pt\/#organization"},"potentialAction":[{"@type":"SearchAction","target":{"@type":"EntryPoint","urlTemplate":"https:\/\/lisbonpubliclaw.pt\/?s={search_term_string}"},"query-input":{"@type":"PropertyValueSpecification","valueRequired":true,"valueName":"search_term_string"}}],"inLanguage":"en-US"},{"@type":"Organization","@id":"https:\/\/lisbonpubliclaw.pt\/#organization","name":"Lisbon Public Law","url":"https:\/\/lisbonpubliclaw.pt\/","logo":{"@type":"ImageObject","inLanguage":"en-US","@id":"https:\/\/lisbonpubliclaw.pt\/#\/schema\/logo\/image\/","url":"https:\/\/lisbonpubliclaw.pt\/wp-content\/uploads\/2023\/06\/WhatsApp-Image-2023-06-19-at-11.01.50-1.jpeg","contentUrl":"https:\/\/lisbonpubliclaw.pt\/wp-content\/uploads\/2023\/06\/WhatsApp-Image-2023-06-19-at-11.01.50-1.jpeg","width":354,"height":354,"caption":"Lisbon Public Law"},"image":{"@id":"https:\/\/lisbonpubliclaw.pt\/#\/schema\/logo\/image\/"}}]}},"_links":{"self":[{"href":"https:\/\/lisbonpubliclaw.pt\/en\/wp-json\/wp\/v2\/publicacoes\/8523","targetHints":{"allow":["GET"]}}],"collection":[{"href":"https:\/\/lisbonpubliclaw.pt\/en\/wp-json\/wp\/v2\/publicacoes"}],"about":[{"href":"https:\/\/lisbonpubliclaw.pt\/en\/wp-json\/wp\/v2\/types\/publicacoes"}],"wp:attachment":[{"href":"https:\/\/lisbonpubliclaw.pt\/en\/wp-json\/wp\/v2\/media?parent=8523"}],"wp:term":[{"taxonomy":"cluster","embeddable":true,"href":"https:\/\/lisbonpubliclaw.pt\/en\/wp-json\/wp\/v2\/cluster?post=8523"},{"taxonomy":"categoria-da-publicacao","embeddable":true,"href":"https:\/\/lisbonpubliclaw.pt\/en\/wp-json\/wp\/v2\/categoria-da-publicacao?post=8523"},{"taxonomy":"grupo-de-investigacao","embeddable":true,"href":"https:\/\/lisbonpubliclaw.pt\/en\/wp-json\/wp\/v2\/grupo-de-investigacao?post=8523"}],"curies":[{"name":"wp","href":"https:\/\/api.w.org\/{rel}","templated":true}]}}

Migrações, Asilo e Nacionalidade

<p><strong>Sofia David</strong>: Em busca da tutela jurisdicional efetiva no contencioso da imigração: um olhar sobre o Acórdão de uniformização de jurisprudência do STA n.º 741/23.4BELSB, de 06/06/2024.</p>



<p><strong>Rui Coelho</strong>: Auxílio à Imigração Ilegal e Tráfico de Seres Humanos &#8211; Uma perspectiva judiciária.</p>



<p><strong>Maria Helena Varela</strong>: Qual a proteção que os migrantes e refugiados podem esperar da Convenção Europeia para a proteção dos Direitos Humanos e das Liberdades Fundamentais? &#8211; Uma reflexão à luz da jurisprudência recente do Tribunal Europeu dos Direitos Humanos.</p>



<p><strong>Ana Maria Rodrigues e Andreia Sofia Pinto Oliveira</strong>: “Novo” Pacto em matéria de Migração e Asilo &#8211; vinho novo em odres velhos.</p>



<p><strong>Ana Rita Gil</strong>: O fim das “manifestações de interesse” na Lei de Imigração: uma encruzilhada multinormativa.</p>



<p><strong>Miguel Feldmann</strong>: A detenção de migrantes &#8211; desafios e necessidade de mudanças.</p>



<p><strong>Constança Urbano de Sousa</strong>: O regime de naturalização dos descendentes de judeus sefarditas: Reparação histórica versus princípio da nacionalidade efetiva.Fernando Duarte: O visto para procura de trabalho.</p>



<p><strong>Ana Sofia Barros</strong>: O enquadramento das vulnerabilidades no regime do asilo.</p>



<p><strong>António Fialho</strong>: A Proteção das Crianças e Jovens Migrantes Não Acompanhadas.</p>



<p><strong>Ricardo J. Marques</strong>: A perda total de veículo e os limites.</p>



<p><strong>Paulo de Tarso Domingues e Tiago Azevedo Ramalho</strong>: A legitimação do poder judicial: independência e sujeição à lei.</p>



<p><strong>Paulo Barreto</strong>: A problemática da culpa penal dos toxicodependentes.</p>

Sofia David, Rui Coelho, Maria Helena Varela, Ana Maria Rodrigues e Andreia Sofia Pinto Oliveira, Miguel Feldmann,  Constança Urbano de Sousa, Ana Sofia Barros, António Fialho, Ricardo J. Marques, Paulo de Tarso Domingues e Tiago Azevedo Ramalho, Paulo Barreto

<!-- This site is optimized with the Yoast SEO plugin v27.5 - https://yoast.com/product/yoast-seo-wordpress/ -->
<title>Revista Julgar: Migrações, Asilo e Nacionalidade - Lisbon Public Law</title>
<meta name="robots" content="index, follow, max-snippet:-1, max-image-preview:large, max-video-preview:-1" />
<link rel="canonical" href="https://lisbonpubliclaw.pt/en/publicacoes/migracoes-asilo-e-nacionalidade/" />
<meta property="og:locale" content="en_US" />
<meta property="og:type" content="article" />
<meta property="og:title" content="Revista Julgar: Migrações, Asilo e Nacionalidade - Lisbon Public Law" />
<meta property="og:description" content="Sofia David: Em busca da tutela jurisdicional efetiva no contencioso da imigração: um olhar sobre o Acórdão de uniformização de jurisprudência do STA n.º 741/23.4BELSB, de 06/06/2024. Rui Coelho: Auxílio à Imigração Ilegal e Tráfico de Seres Humanos &#8211; Uma perspectiva judiciária. Maria Helena Varela: Qual a proteção que os migrantes e refugiados podem esperar [&hellip;]" />
<meta property="og:url" content="https://lisbonpubliclaw.pt/en/publicacoes/migracoes-asilo-e-nacionalidade/" />
<meta property="og:site_name" content="Lisbon Public Law" />
<meta property="article:modified_time" content="2025-05-20T14:20:31+00:00" />
<meta name="twitter:card" content="summary_large_image" />
<meta name="twitter:label1" content="Est. reading time" />
	<meta name="twitter:data1" content="2 minutes" />
<script type="application/ld+json" class="yoast-schema-graph">{"@context":"https:\/\/schema.org","@graph":[{"@type":"WebPage","@id":"https:\/\/lisbonpubliclaw.pt\/publicacoes\/migracoes-asilo-e-nacionalidade\/","url":"https:\/\/lisbonpubliclaw.pt\/publicacoes\/migracoes-asilo-e-nacionalidade\/","name":"Revista Julgar: Migrações, Asilo e Nacionalidade - Lisbon Public Law","isPartOf":{"@id":"https:\/\/lisbonpubliclaw.pt\/#website"},"datePublished":"2025-02-26T13:10:11+00:00","dateModified":"2025-05-20T14:20:31+00:00","breadcrumb":{"@id":"https:\/\/lisbonpubliclaw.pt\/publicacoes\/migracoes-asilo-e-nacionalidade\/#breadcrumb"},"inLanguage":"en-US","potentialAction":[{"@type":"ReadAction","target":["https:\/\/lisbonpubliclaw.pt\/publicacoes\/migracoes-asilo-e-nacionalidade\/"]}]},{"@type":"BreadcrumbList","@id":"https:\/\/lisbonpubliclaw.pt\/publicacoes\/migracoes-asilo-e-nacionalidade\/#breadcrumb","itemListElement":[{"@type":"ListItem","position":1,"name":"Home","item":"https:\/\/lisbonpubliclaw.pt\/"},{"@type":"ListItem","position":2,"name":"Publicações","item":"https:\/\/lisbonpubliclaw.pt\/publicacoes\/"},{"@type":"ListItem","position":3,"name":"Migrações, Asilo e Nacionalidade"}]},{"@type":"WebSite","@id":"https:\/\/lisbonpubliclaw.pt\/#website","url":"https:\/\/lisbonpubliclaw.pt\/","name":"Lisbon Public Law","description":"Public Law Research Centre in Lisbon","publisher":{"@id":"https:\/\/lisbonpubliclaw.pt\/#organization"},"potentialAction":[{"@type":"SearchAction","target":{"@type":"EntryPoint","urlTemplate":"https:\/\/lisbonpubliclaw.pt\/?s={search_term_string}"},"query-input":{"@type":"PropertyValueSpecification","valueRequired":true,"valueName":"search_term_string"}}],"inLanguage":"en-US"},{"@type":"Organization","@id":"https:\/\/lisbonpubliclaw.pt\/#organization","name":"Lisbon Public Law","url":"https:\/\/lisbonpubliclaw.pt\/","logo":{"@type":"ImageObject","inLanguage":"en-US","@id":"https:\/\/lisbonpubliclaw.pt\/#\/schema\/logo\/image\/","url":"https:\/\/lisbonpubliclaw.pt\/wp-content\/uploads\/2023\/06\/WhatsApp-Image-2023-06-19-at-11.01.50-1.jpeg","contentUrl":"https:\/\/lisbonpubliclaw.pt\/wp-content\/uploads\/2023\/06\/WhatsApp-Image-2023-06-19-at-11.01.50-1.jpeg","width":354,"height":354,"caption":"Lisbon Public Law"},"image":{"@id":"https:\/\/lisbonpubliclaw.pt\/#\/schema\/logo\/image\/"}}]}</script>
<!-- / Yoast SEO plugin. -->

Revista Julgar: Migrações, Asilo e Nacionalidade - Lisbon Public Law

Sofia David: Em busca da tutela jurisdicional efetiva no contencioso da imigração: um olhar sobre o Acórdão de uniformização de jurisprudência do STA n.º 741/23.4BELSB, de 06/06/2024. Rui Coelho: Auxílio à Imigração Ilegal e Tráfico de Seres Humanos &#8211; Uma perspectiva judiciária. Maria Helena Varela: Qual a proteção que os migrantes e refugiados podem esperar [&hellip;]

Publicações
