{"id":7105,"date":"2024-11-15T14:58:50","date_gmt":"2024-11-15T14:58:50","guid":{"rendered":"https:\/\/lisbonpubliclaw.pt\/?post_type=publicacoes&#038;p=7105"},"modified":"2024-11-15T14:58:52","modified_gmt":"2024-11-15T14:58:52","slug":"liberdade-de-expressao-ou-liberdade-de-ofender-o-conflito-entre-a-liberdade-de-expressao-e-de-informacao-e-o-direito-a-honra-e-ao-bom-nome","status":"publish","type":"publicacoes","link":"https:\/\/lisbonpubliclaw.pt\/en\/publicacoes\/liberdade-de-expressao-ou-liberdade-de-ofender-o-conflito-entre-a-liberdade-de-expressao-e-de-informacao-e-o-direito-a-honra-e-ao-bom-nome\/","title":{"rendered":"Liberdade de express\u00e3o ou \u00abliberdade de ofender\u00bb? &#8211; o conflito entre a liberdade de express\u00e3o e de informa\u00e7\u00e3o e o direito \u00e0 honra e ao bom nome"},"content":{"rendered":"<p>A study on the confrontation between freedom of expression and information and the right to honor and good name is justified by the 21 condemnations of the Portuguese State by the European Court of Human Rights for national decisions that continue to restrict its citizens' freedom of expression.<\/p>","protected":false},"template":"","meta":{"imagem-da-publicacao":"https:\/\/lisbonpubliclaw.pt\/wp-content\/uploads\/2024\/11\/7.png","areas-de-investigacao":"","investigador-responsavel":[],"editor-externo":"","editor":["1787"],"autores-externos":"","referencia-biografica":"\u201cLiberdade de express\u00e3o ou \u00abliberdade de ofender\u00bb? - o conflito entre a liberdade de express\u00e3o e de informa\u00e7\u00e3o e o direito \u00e0 honra e ao bom nome\u201d, O Direito, Ano 150.\u00ba, I, Almedina, Lisboa, 2018","projeto-a-que-pertence":"","selecionar_o_projeto_a_que_pertence":[],"titulo-do-livro-revista":"O Direito, Ano 150.\u00ba, I","ano":"2018","isbn":"","editora":"Almedina","link-para-download":"https:\/\/www.plmj.com\/xms\/files\/v1_antigos_anteriores_a_abr2019\/Artigos_e_Publicacoes\/2018\/Liberdade_de_expressao_ou_liberdade_de_ofender.pdf"},"cluster":[],"categoria-da-publicacao":[38],"grupo-de-investigacao":[10],"class_list":["post-7105","publicacoes","type-publicacoes","status-publish","hentry","categoria-da-publicacao-artigo","grupo-de-investigacao-direito-constitucional-e-ciencia-politica"],"yoast_head":"<!-- This site is optimized with the Yoast SEO plugin v27.5 - https:\/\/yoast.com\/product\/yoast-seo-wordpress\/ -->\n<title>Liberdade de express\u00e3o ou \u00abliberdade de ofender\u00bb? - o conflito entre a liberdade de express\u00e3o e de informa\u00e7\u00e3o e o direito \u00e0 honra e ao bom nome - Lisbon Public Law<\/title>\n<meta name=\"robots\" content=\"index, follow, max-snippet:-1, max-image-preview:large, max-video-preview:-1\" \/>\n<link rel=\"canonical\" href=\"https:\/\/lisbonpubliclaw.pt\/en\/publicacoes\/liberdade-de-expressao-ou-liberdade-de-ofender-o-conflito-entre-a-liberdade-de-expressao-e-de-informacao-e-o-direito-a-honra-e-ao-bom-nome\/\" \/>\n<meta property=\"og:locale\" content=\"en_US\" \/>\n<meta property=\"og:type\" content=\"article\" \/>\n<meta property=\"og:title\" content=\"Liberdade de express\u00e3o ou \u00abliberdade de ofender\u00bb? - o conflito entre a liberdade de express\u00e3o e de informa\u00e7\u00e3o e o direito \u00e0 honra e ao bom nome - Lisbon Public Law\" \/>\n<meta property=\"og:description\" content=\"Um estudo sobre o confronto entre a liberdade de express\u00e3o e de informa\u00e7\u00e3o com o direito \u00e0 honra e ao bom nome justifica-se pelas 21 condena\u00e7\u00f5es do Estado Portugu\u00eas pelo TEDH por decis\u00f5es nacionais que insistem em coartar a liberdade de express\u00e3o dos seus cidad\u00e3os.\" \/>\n<meta property=\"og:url\" content=\"https:\/\/lisbonpubliclaw.pt\/en\/publicacoes\/liberdade-de-expressao-ou-liberdade-de-ofender-o-conflito-entre-a-liberdade-de-expressao-e-de-informacao-e-o-direito-a-honra-e-ao-bom-nome\/\" \/>\n<meta property=\"og:site_name\" content=\"Lisbon Public Law\" \/>\n<meta property=\"article:modified_time\" content=\"2024-11-15T14:58:52+00:00\" \/>\n<meta name=\"twitter:card\" content=\"summary_large_image\" \/>\n<meta name=\"twitter:label1\" content=\"Est. reading time\" \/>\n\t<meta name=\"twitter:data1\" content=\"1 minute\" \/>\n<script type=\"application\/ld+json\" class=\"yoast-schema-graph\">{\"@context\":\"https:\\\/\\\/schema.org\",\"@graph\":[{\"@type\":\"WebPage\",\"@id\":\"https:\\\/\\\/lisbonpubliclaw.pt\\\/publicacoes\\\/liberdade-de-expressao-ou-liberdade-de-ofender-o-conflito-entre-a-liberdade-de-expressao-e-de-informacao-e-o-direito-a-honra-e-ao-bom-nome\\\/\",\"url\":\"https:\\\/\\\/lisbonpubliclaw.pt\\\/publicacoes\\\/liberdade-de-expressao-ou-liberdade-de-ofender-o-conflito-entre-a-liberdade-de-expressao-e-de-informacao-e-o-direito-a-honra-e-ao-bom-nome\\\/\",\"name\":\"Liberdade de express\u00e3o ou \u00abliberdade de ofender\u00bb? - o conflito entre a liberdade de express\u00e3o e de informa\u00e7\u00e3o e o direito \u00e0 honra e ao bom nome - Lisbon Public Law\",\"isPartOf\":{\"@id\":\"https:\\\/\\\/lisbonpubliclaw.pt\\\/#website\"},\"datePublished\":\"2024-11-15T14:58:50+00:00\",\"dateModified\":\"2024-11-15T14:58:52+00:00\",\"breadcrumb\":{\"@id\":\"https:\\\/\\\/lisbonpubliclaw.pt\\\/publicacoes\\\/liberdade-de-expressao-ou-liberdade-de-ofender-o-conflito-entre-a-liberdade-de-expressao-e-de-informacao-e-o-direito-a-honra-e-ao-bom-nome\\\/#breadcrumb\"},\"inLanguage\":\"en-US\",\"potentialAction\":[{\"@type\":\"ReadAction\",\"target\":[\"https:\\\/\\\/lisbonpubliclaw.pt\\\/publicacoes\\\/liberdade-de-expressao-ou-liberdade-de-ofender-o-conflito-entre-a-liberdade-de-expressao-e-de-informacao-e-o-direito-a-honra-e-ao-bom-nome\\\/\"]}]},{\"@type\":\"BreadcrumbList\",\"@id\":\"https:\\\/\\\/lisbonpubliclaw.pt\\\/publicacoes\\\/liberdade-de-expressao-ou-liberdade-de-ofender-o-conflito-entre-a-liberdade-de-expressao-e-de-informacao-e-o-direito-a-honra-e-ao-bom-nome\\\/#breadcrumb\",\"itemListElement\":[{\"@type\":\"ListItem\",\"position\":1,\"name\":\"Home\",\"item\":\"https:\\\/\\\/lisbonpubliclaw.pt\\\/\"},{\"@type\":\"ListItem\",\"position\":2,\"name\":\"Publica\u00e7\u00f5es\",\"item\":\"https:\\\/\\\/lisbonpubliclaw.pt\\\/publicacoes\\\/\"},{\"@type\":\"ListItem\",\"position\":3,\"name\":\"Liberdade de express\u00e3o ou \u00abliberdade de ofender\u00bb? &#8211; o conflito entre a liberdade de express\u00e3o e de informa\u00e7\u00e3o e o direito \u00e0 honra e ao bom nome\"}]},{\"@type\":\"WebSite\",\"@id\":\"https:\\\/\\\/lisbonpubliclaw.pt\\\/#website\",\"url\":\"https:\\\/\\\/lisbonpubliclaw.pt\\\/\",\"name\":\"Lisbon Public Law\",\"description\":\"Public Law Research Centre in Lisbon\",\"publisher\":{\"@id\":\"https:\\\/\\\/lisbonpubliclaw.pt\\\/#organization\"},\"potentialAction\":[{\"@type\":\"SearchAction\",\"target\":{\"@type\":\"EntryPoint\",\"urlTemplate\":\"https:\\\/\\\/lisbonpubliclaw.pt\\\/?s={search_term_string}\"},\"query-input\":{\"@type\":\"PropertyValueSpecification\",\"valueRequired\":true,\"valueName\":\"search_term_string\"}}],\"inLanguage\":\"en-US\"},{\"@type\":\"Organization\",\"@id\":\"https:\\\/\\\/lisbonpubliclaw.pt\\\/#organization\",\"name\":\"Lisbon Public Law\",\"url\":\"https:\\\/\\\/lisbonpubliclaw.pt\\\/\",\"logo\":{\"@type\":\"ImageObject\",\"inLanguage\":\"en-US\",\"@id\":\"https:\\\/\\\/lisbonpubliclaw.pt\\\/#\\\/schema\\\/logo\\\/image\\\/\",\"url\":\"https:\\\/\\\/lisbonpubliclaw.pt\\\/wp-content\\\/uploads\\\/2023\\\/06\\\/WhatsApp-Image-2023-06-19-at-11.01.50-1.jpeg\",\"contentUrl\":\"https:\\\/\\\/lisbonpubliclaw.pt\\\/wp-content\\\/uploads\\\/2023\\\/06\\\/WhatsApp-Image-2023-06-19-at-11.01.50-1.jpeg\",\"width\":354,\"height\":354,\"caption\":\"Lisbon Public Law\"},\"image\":{\"@id\":\"https:\\\/\\\/lisbonpubliclaw.pt\\\/#\\\/schema\\\/logo\\\/image\\\/\"}}]}<\/script>\n<!-- \/ Yoast SEO plugin. -->","yoast_head_json":{"title":"Liberdade de express\u00e3o ou \u00abliberdade de ofender\u00bb? - o conflito entre a liberdade de express\u00e3o e de informa\u00e7\u00e3o e o direito \u00e0 honra e ao bom nome - Lisbon Public Law","robots":{"index":"index","follow":"follow","max-snippet":"max-snippet:-1","max-image-preview":"max-image-preview:large","max-video-preview":"max-video-preview:-1"},"canonical":"https:\/\/lisbonpubliclaw.pt\/en\/publicacoes\/liberdade-de-expressao-ou-liberdade-de-ofender-o-conflito-entre-a-liberdade-de-expressao-e-de-informacao-e-o-direito-a-honra-e-ao-bom-nome\/","og_locale":"en_US","og_type":"article","og_title":"Liberdade de express\u00e3o ou \u00abliberdade de ofender\u00bb? - o conflito entre a liberdade de express\u00e3o e de informa\u00e7\u00e3o e o direito \u00e0 honra e ao bom nome - Lisbon Public Law","og_description":"Um estudo sobre o confronto entre a liberdade de express\u00e3o e de informa\u00e7\u00e3o com o direito \u00e0 honra e ao bom nome justifica-se pelas 21 condena\u00e7\u00f5es do Estado Portugu\u00eas pelo TEDH por decis\u00f5es nacionais que insistem em coartar a liberdade de express\u00e3o dos seus cidad\u00e3os.","og_url":"https:\/\/lisbonpubliclaw.pt\/en\/publicacoes\/liberdade-de-expressao-ou-liberdade-de-ofender-o-conflito-entre-a-liberdade-de-expressao-e-de-informacao-e-o-direito-a-honra-e-ao-bom-nome\/","og_site_name":"Lisbon Public Law","article_modified_time":"2024-11-15T14:58:52+00:00","twitter_card":"summary_large_image","twitter_misc":{"Est. reading time":"1 minute"},"schema":{"@context":"https:\/\/schema.org","@graph":[{"@type":"WebPage","@id":"https:\/\/lisbonpubliclaw.pt\/publicacoes\/liberdade-de-expressao-ou-liberdade-de-ofender-o-conflito-entre-a-liberdade-de-expressao-e-de-informacao-e-o-direito-a-honra-e-ao-bom-nome\/","url":"https:\/\/lisbonpubliclaw.pt\/publicacoes\/liberdade-de-expressao-ou-liberdade-de-ofender-o-conflito-entre-a-liberdade-de-expressao-e-de-informacao-e-o-direito-a-honra-e-ao-bom-nome\/","name":"Liberdade de express\u00e3o ou \u00abliberdade de ofender\u00bb? - o conflito entre a liberdade de express\u00e3o e de informa\u00e7\u00e3o e o direito \u00e0 honra e ao bom nome - Lisbon Public Law","isPartOf":{"@id":"https:\/\/lisbonpubliclaw.pt\/#website"},"datePublished":"2024-11-15T14:58:50+00:00","dateModified":"2024-11-15T14:58:52+00:00","breadcrumb":{"@id":"https:\/\/lisbonpubliclaw.pt\/publicacoes\/liberdade-de-expressao-ou-liberdade-de-ofender-o-conflito-entre-a-liberdade-de-expressao-e-de-informacao-e-o-direito-a-honra-e-ao-bom-nome\/#breadcrumb"},"inLanguage":"en-US","potentialAction":[{"@type":"ReadAction","target":["https:\/\/lisbonpubliclaw.pt\/publicacoes\/liberdade-de-expressao-ou-liberdade-de-ofender-o-conflito-entre-a-liberdade-de-expressao-e-de-informacao-e-o-direito-a-honra-e-ao-bom-nome\/"]}]},{"@type":"BreadcrumbList","@id":"https:\/\/lisbonpubliclaw.pt\/publicacoes\/liberdade-de-expressao-ou-liberdade-de-ofender-o-conflito-entre-a-liberdade-de-expressao-e-de-informacao-e-o-direito-a-honra-e-ao-bom-nome\/#breadcrumb","itemListElement":[{"@type":"ListItem","position":1,"name":"Home","item":"https:\/\/lisbonpubliclaw.pt\/"},{"@type":"ListItem","position":2,"name":"Publica\u00e7\u00f5es","item":"https:\/\/lisbonpubliclaw.pt\/publicacoes\/"},{"@type":"ListItem","position":3,"name":"Liberdade de express\u00e3o ou \u00abliberdade de ofender\u00bb? &#8211; o conflito entre a liberdade de express\u00e3o e de informa\u00e7\u00e3o e o direito \u00e0 honra e ao bom nome"}]},{"@type":"WebSite","@id":"https:\/\/lisbonpubliclaw.pt\/#website","url":"https:\/\/lisbonpubliclaw.pt\/","name":"Lisbon Public Law","description":"Public Law Research Centre in Lisbon","publisher":{"@id":"https:\/\/lisbonpubliclaw.pt\/#organization"},"potentialAction":[{"@type":"SearchAction","target":{"@type":"EntryPoint","urlTemplate":"https:\/\/lisbonpubliclaw.pt\/?s={search_term_string}"},"query-input":{"@type":"PropertyValueSpecification","valueRequired":true,"valueName":"search_term_string"}}],"inLanguage":"en-US"},{"@type":"Organization","@id":"https:\/\/lisbonpubliclaw.pt\/#organization","name":"Lisbon Public Law","url":"https:\/\/lisbonpubliclaw.pt\/","logo":{"@type":"ImageObject","inLanguage":"en-US","@id":"https:\/\/lisbonpubliclaw.pt\/#\/schema\/logo\/image\/","url":"https:\/\/lisbonpubliclaw.pt\/wp-content\/uploads\/2023\/06\/WhatsApp-Image-2023-06-19-at-11.01.50-1.jpeg","contentUrl":"https:\/\/lisbonpubliclaw.pt\/wp-content\/uploads\/2023\/06\/WhatsApp-Image-2023-06-19-at-11.01.50-1.jpeg","width":354,"height":354,"caption":"Lisbon Public Law"},"image":{"@id":"https:\/\/lisbonpubliclaw.pt\/#\/schema\/logo\/image\/"}}]}},"_links":{"self":[{"href":"https:\/\/lisbonpubliclaw.pt\/en\/wp-json\/wp\/v2\/publicacoes\/7105","targetHints":{"allow":["GET"]}}],"collection":[{"href":"https:\/\/lisbonpubliclaw.pt\/en\/wp-json\/wp\/v2\/publicacoes"}],"about":[{"href":"https:\/\/lisbonpubliclaw.pt\/en\/wp-json\/wp\/v2\/types\/publicacoes"}],"wp:attachment":[{"href":"https:\/\/lisbonpubliclaw.pt\/en\/wp-json\/wp\/v2\/media?parent=7105"}],"wp:term":[{"taxonomy":"cluster","embeddable":true,"href":"https:\/\/lisbonpubliclaw.pt\/en\/wp-json\/wp\/v2\/cluster?post=7105"},{"taxonomy":"categoria-da-publicacao","embeddable":true,"href":"https:\/\/lisbonpubliclaw.pt\/en\/wp-json\/wp\/v2\/categoria-da-publicacao?post=7105"},{"taxonomy":"grupo-de-investigacao","embeddable":true,"href":"https:\/\/lisbonpubliclaw.pt\/en\/wp-json\/wp\/v2\/grupo-de-investigacao?post=7105"}],"curies":[{"name":"wp","href":"https:\/\/api.w.org\/{rel}","templated":true}]}}

Liberdade de expressão ou «liberdade de ofender»? &#8211; o conflito entre a liberdade de expressão e de informação e o direito à honra e ao bom nome

“Liberdade de expressão ou «liberdade de ofender»? - o conflito entre a liberdade de expressão e de informação e o direito à honra e ao bom nome”, O Direito, Ano 150.º, I, Almedina, Lisboa, 2018

O Direito, Ano 150.º, I

<!-- This site is optimized with the Yoast SEO plugin v27.5 - https://yoast.com/product/yoast-seo-wordpress/ -->
<title>Liberdade de expressão ou «liberdade de ofender»? - o conflito entre a liberdade de expressão e de informação e o direito à honra e ao bom nome - Lisbon Public Law</title>
<meta name="robots" content="index, follow, max-snippet:-1, max-image-preview:large, max-video-preview:-1" />
<link rel="canonical" href="https://lisbonpubliclaw.pt/en/publicacoes/liberdade-de-expressao-ou-liberdade-de-ofender-o-conflito-entre-a-liberdade-de-expressao-e-de-informacao-e-o-direito-a-honra-e-ao-bom-nome/" />
<meta property="og:locale" content="en_US" />
<meta property="og:type" content="article" />
<meta property="og:title" content="Liberdade de expressão ou «liberdade de ofender»? - o conflito entre a liberdade de expressão e de informação e o direito à honra e ao bom nome - Lisbon Public Law" />
<meta property="og:description" content="Um estudo sobre o confronto entre a liberdade de expressão e de informação com o direito à honra e ao bom nome justifica-se pelas 21 condenações do Estado Português pelo TEDH por decisões nacionais que insistem em coartar a liberdade de expressão dos seus cidadãos." />
<meta property="og:url" content="https://lisbonpubliclaw.pt/en/publicacoes/liberdade-de-expressao-ou-liberdade-de-ofender-o-conflito-entre-a-liberdade-de-expressao-e-de-informacao-e-o-direito-a-honra-e-ao-bom-nome/" />
<meta property="og:site_name" content="Lisbon Public Law" />
<meta property="article:modified_time" content="2024-11-15T14:58:52+00:00" />
<meta name="twitter:card" content="summary_large_image" />
<meta name="twitter:label1" content="Est. reading time" />
	<meta name="twitter:data1" content="1 minute" />
<script type="application/ld+json" class="yoast-schema-graph">{"@context":"https:\/\/schema.org","@graph":[{"@type":"WebPage","@id":"https:\/\/lisbonpubliclaw.pt\/publicacoes\/liberdade-de-expressao-ou-liberdade-de-ofender-o-conflito-entre-a-liberdade-de-expressao-e-de-informacao-e-o-direito-a-honra-e-ao-bom-nome\/","url":"https:\/\/lisbonpubliclaw.pt\/publicacoes\/liberdade-de-expressao-ou-liberdade-de-ofender-o-conflito-entre-a-liberdade-de-expressao-e-de-informacao-e-o-direito-a-honra-e-ao-bom-nome\/","name":"Liberdade de expressão ou «liberdade de ofender»? - o conflito entre a liberdade de expressão e de informação e o direito à honra e ao bom nome - Lisbon Public Law","isPartOf":{"@id":"https:\/\/lisbonpubliclaw.pt\/#website"},"datePublished":"2024-11-15T14:58:50+00:00","dateModified":"2024-11-15T14:58:52+00:00","breadcrumb":{"@id":"https:\/\/lisbonpubliclaw.pt\/publicacoes\/liberdade-de-expressao-ou-liberdade-de-ofender-o-conflito-entre-a-liberdade-de-expressao-e-de-informacao-e-o-direito-a-honra-e-ao-bom-nome\/#breadcrumb"},"inLanguage":"en-US","potentialAction":[{"@type":"ReadAction","target":["https:\/\/lisbonpubliclaw.pt\/publicacoes\/liberdade-de-expressao-ou-liberdade-de-ofender-o-conflito-entre-a-liberdade-de-expressao-e-de-informacao-e-o-direito-a-honra-e-ao-bom-nome\/"]}]},{"@type":"BreadcrumbList","@id":"https:\/\/lisbonpubliclaw.pt\/publicacoes\/liberdade-de-expressao-ou-liberdade-de-ofender-o-conflito-entre-a-liberdade-de-expressao-e-de-informacao-e-o-direito-a-honra-e-ao-bom-nome\/#breadcrumb","itemListElement":[{"@type":"ListItem","position":1,"name":"Home","item":"https:\/\/lisbonpubliclaw.pt\/"},{"@type":"ListItem","position":2,"name":"Publicações","item":"https:\/\/lisbonpubliclaw.pt\/publicacoes\/"},{"@type":"ListItem","position":3,"name":"Liberdade de expressão ou «liberdade de ofender»? &#8211; o conflito entre a liberdade de expressão e de informação e o direito à honra e ao bom nome"}]},{"@type":"WebSite","@id":"https:\/\/lisbonpubliclaw.pt\/#website","url":"https:\/\/lisbonpubliclaw.pt\/","name":"Lisbon Public Law","description":"Public Law Research Centre in Lisbon","publisher":{"@id":"https:\/\/lisbonpubliclaw.pt\/#organization"},"potentialAction":[{"@type":"SearchAction","target":{"@type":"EntryPoint","urlTemplate":"https:\/\/lisbonpubliclaw.pt\/?s={search_term_string}"},"query-input":{"@type":"PropertyValueSpecification","valueRequired":true,"valueName":"search_term_string"}}],"inLanguage":"en-US"},{"@type":"Organization","@id":"https:\/\/lisbonpubliclaw.pt\/#organization","name":"Lisbon Public Law","url":"https:\/\/lisbonpubliclaw.pt\/","logo":{"@type":"ImageObject","inLanguage":"en-US","@id":"https:\/\/lisbonpubliclaw.pt\/#\/schema\/logo\/image\/","url":"https:\/\/lisbonpubliclaw.pt\/wp-content\/uploads\/2023\/06\/WhatsApp-Image-2023-06-19-at-11.01.50-1.jpeg","contentUrl":"https:\/\/lisbonpubliclaw.pt\/wp-content\/uploads\/2023\/06\/WhatsApp-Image-2023-06-19-at-11.01.50-1.jpeg","width":354,"height":354,"caption":"Lisbon Public Law"},"image":{"@id":"https:\/\/lisbonpubliclaw.pt\/#\/schema\/logo\/image\/"}}]}</script>
<!-- / Yoast SEO plugin. -->

Liberdade de expressão ou «liberdade de ofender»? - o conflito entre a liberdade de expressão e de informação e o direito à honra e ao bom nome - Lisbon Public Law

Um estudo sobre o confronto entre a liberdade de expressão e de informação com o direito à honra e ao bom nome justifica-se pelas 21 condenações do Estado Português pelo TEDH por decisões nacionais que insistem em coartar a liberdade de expressão dos seus cidadãos.

Publicações
