{"id":11123,"date":"2025-11-27T14:37:14","date_gmt":"2025-11-27T14:37:14","guid":{"rendered":"https:\/\/lisbonpubliclaw.pt\/?post_type=publicacoes&#038;p=11123"},"modified":"2025-11-27T14:37:47","modified_gmt":"2025-11-27T14:37:47","slug":"algumas-reflexoes-em-torno-da-mediacao-intrajudicial-no-contencioso-administrativo-3","status":"publish","type":"publicacoes","link":"https:\/\/lisbonpubliclaw.pt\/en\/publicacoes\/algumas-reflexoes-em-torno-da-mediacao-intrajudicial-no-contencioso-administrativo-3\/","title":{"rendered":"O direito \u00e0 repara\u00e7\u00e3o de danos provocados por condutas administrativas em Portugal: um direito efetivo?"},"content":{"rendered":"","protected":false},"template":"","meta":{"imagem-da-publicacao":"https:\/\/lisbonpubliclaw.pt\/wp-content\/uploads\/2025\/11\/112.png","areas-de-investigacao":"","investigador-responsavel":[],"editor-externo":"","editor":["1728","1807"],"autores-externos":"","referencia-biografica":"Gomes, C. A., & Serr\u00e3o, T. (2025). O direito \u00e0 repara\u00e7\u00e3o de danos provocados por condutas administrativas em Portugal: um direito efetivo? Cadernos de Justi\u00e7a Administrativa: N\u00famero especial \u2013 Homenagem ao Professor Doutor Pedro Machete. CEJUR.","projeto-a-que-pertence":"","selecionar_o_projeto_a_que_pertence":[],"titulo-do-livro-revista":"Cadernos de Justi\u00e7a Administrativa - Homenagem ao Professor Doutor Pedro Machete","ano":"2025","isbn":"","editora":"CEJUR","link-para-download":"https:\/\/cejur.pt\/loja\/publicacoes\/revistas\/cadernos-de-justica-administrativa\/cadernos-de-justica-administrativa-numero-especial-homenagem-ao-professor-doutor-pedro-machete\/"},"cluster":[],"categoria-da-publicacao":[38],"grupo-de-investigacao":[11],"class_list":["post-11123","publicacoes","type-publicacoes","status-publish","hentry","categoria-da-publicacao-artigo","grupo-de-investigacao-direito-administrativo"],"yoast_head":"<!-- This site is optimized with the Yoast SEO plugin v27.5 - https:\/\/yoast.com\/product\/yoast-seo-wordpress\/ -->\n<title>O direito \u00e0 repara\u00e7\u00e3o de danos provocados por condutas administrativas em Portugal<\/title>\n<meta name=\"description\" content=\"&quot;O direito \u00e0 repara\u00e7\u00e3o de danos provocados por condutas administrativas em Portugal: um direito efetivo?&quot; por Carla Amado Gomes e Tiago Serr\u00e3o.\" \/>\n<meta name=\"robots\" content=\"index, follow, max-snippet:-1, max-image-preview:large, max-video-preview:-1\" \/>\n<link rel=\"canonical\" href=\"https:\/\/lisbonpubliclaw.pt\/en\/publicacoes\/algumas-reflexoes-em-torno-da-mediacao-intrajudicial-no-contencioso-administrativo-3\/\" \/>\n<meta property=\"og:locale\" content=\"en_US\" \/>\n<meta property=\"og:type\" content=\"article\" \/>\n<meta property=\"og:title\" content=\"O direito \u00e0 repara\u00e7\u00e3o de danos provocados por condutas administrativas em Portugal\" \/>\n<meta property=\"og:description\" content=\"&quot;O direito \u00e0 repara\u00e7\u00e3o de danos provocados por condutas administrativas em Portugal: um direito efetivo?&quot; por Carla Amado Gomes e Tiago Serr\u00e3o.\" \/>\n<meta property=\"og:url\" content=\"https:\/\/lisbonpubliclaw.pt\/en\/publicacoes\/algumas-reflexoes-em-torno-da-mediacao-intrajudicial-no-contencioso-administrativo-3\/\" \/>\n<meta property=\"og:site_name\" content=\"Lisbon Public Law\" \/>\n<meta property=\"article:modified_time\" content=\"2025-11-27T14:37:47+00:00\" \/>\n<meta name=\"twitter:card\" content=\"summary_large_image\" \/>\n<script type=\"application\/ld+json\" class=\"yoast-schema-graph\">{\"@context\":\"https:\\\/\\\/schema.org\",\"@graph\":[{\"@type\":\"WebPage\",\"@id\":\"https:\\\/\\\/lisbonpubliclaw.pt\\\/publicacoes\\\/algumas-reflexoes-em-torno-da-mediacao-intrajudicial-no-contencioso-administrativo-3\\\/\",\"url\":\"https:\\\/\\\/lisbonpubliclaw.pt\\\/publicacoes\\\/algumas-reflexoes-em-torno-da-mediacao-intrajudicial-no-contencioso-administrativo-3\\\/\",\"name\":\"O direito \u00e0 repara\u00e7\u00e3o de danos provocados por condutas administrativas em Portugal\",\"isPartOf\":{\"@id\":\"https:\\\/\\\/lisbonpubliclaw.pt\\\/#website\"},\"datePublished\":\"2025-11-27T14:37:14+00:00\",\"dateModified\":\"2025-11-27T14:37:47+00:00\",\"description\":\"\\\"O direito \u00e0 repara\u00e7\u00e3o de danos provocados por condutas administrativas em Portugal: um direito efetivo?\\\" por Carla Amado Gomes e Tiago Serr\u00e3o.\",\"breadcrumb\":{\"@id\":\"https:\\\/\\\/lisbonpubliclaw.pt\\\/publicacoes\\\/algumas-reflexoes-em-torno-da-mediacao-intrajudicial-no-contencioso-administrativo-3\\\/#breadcrumb\"},\"inLanguage\":\"en-US\",\"potentialAction\":[{\"@type\":\"ReadAction\",\"target\":[\"https:\\\/\\\/lisbonpubliclaw.pt\\\/publicacoes\\\/algumas-reflexoes-em-torno-da-mediacao-intrajudicial-no-contencioso-administrativo-3\\\/\"]}]},{\"@type\":\"BreadcrumbList\",\"@id\":\"https:\\\/\\\/lisbonpubliclaw.pt\\\/publicacoes\\\/algumas-reflexoes-em-torno-da-mediacao-intrajudicial-no-contencioso-administrativo-3\\\/#breadcrumb\",\"itemListElement\":[{\"@type\":\"ListItem\",\"position\":1,\"name\":\"Home\",\"item\":\"https:\\\/\\\/lisbonpubliclaw.pt\\\/\"},{\"@type\":\"ListItem\",\"position\":2,\"name\":\"Publica\u00e7\u00f5es\",\"item\":\"https:\\\/\\\/lisbonpubliclaw.pt\\\/publicacoes\\\/\"},{\"@type\":\"ListItem\",\"position\":3,\"name\":\"O direito \u00e0 repara\u00e7\u00e3o de danos provocados por condutas administrativas em Portugal: um direito efetivo?\"}]},{\"@type\":\"WebSite\",\"@id\":\"https:\\\/\\\/lisbonpubliclaw.pt\\\/#website\",\"url\":\"https:\\\/\\\/lisbonpubliclaw.pt\\\/\",\"name\":\"Lisbon Public Law\",\"description\":\"Public Law Research Centre in Lisbon\",\"publisher\":{\"@id\":\"https:\\\/\\\/lisbonpubliclaw.pt\\\/#organization\"},\"potentialAction\":[{\"@type\":\"SearchAction\",\"target\":{\"@type\":\"EntryPoint\",\"urlTemplate\":\"https:\\\/\\\/lisbonpubliclaw.pt\\\/?s={search_term_string}\"},\"query-input\":{\"@type\":\"PropertyValueSpecification\",\"valueRequired\":true,\"valueName\":\"search_term_string\"}}],\"inLanguage\":\"en-US\"},{\"@type\":\"Organization\",\"@id\":\"https:\\\/\\\/lisbonpubliclaw.pt\\\/#organization\",\"name\":\"Lisbon Public Law\",\"url\":\"https:\\\/\\\/lisbonpubliclaw.pt\\\/\",\"logo\":{\"@type\":\"ImageObject\",\"inLanguage\":\"en-US\",\"@id\":\"https:\\\/\\\/lisbonpubliclaw.pt\\\/#\\\/schema\\\/logo\\\/image\\\/\",\"url\":\"https:\\\/\\\/lisbonpubliclaw.pt\\\/wp-content\\\/uploads\\\/2023\\\/06\\\/WhatsApp-Image-2023-06-19-at-11.01.50-1.jpeg\",\"contentUrl\":\"https:\\\/\\\/lisbonpubliclaw.pt\\\/wp-content\\\/uploads\\\/2023\\\/06\\\/WhatsApp-Image-2023-06-19-at-11.01.50-1.jpeg\",\"width\":354,\"height\":354,\"caption\":\"Lisbon Public Law\"},\"image\":{\"@id\":\"https:\\\/\\\/lisbonpubliclaw.pt\\\/#\\\/schema\\\/logo\\\/image\\\/\"}}]}<\/script>\n<!-- \/ Yoast SEO plugin. -->","yoast_head_json":{"title":"O direito \u00e0 repara\u00e7\u00e3o de danos provocados por condutas administrativas em Portugal","description":"\"O direito \u00e0 repara\u00e7\u00e3o de danos provocados por condutas administrativas em Portugal: um direito efetivo?\" por Carla Amado Gomes e Tiago Serr\u00e3o.","robots":{"index":"index","follow":"follow","max-snippet":"max-snippet:-1","max-image-preview":"max-image-preview:large","max-video-preview":"max-video-preview:-1"},"canonical":"https:\/\/lisbonpubliclaw.pt\/en\/publicacoes\/algumas-reflexoes-em-torno-da-mediacao-intrajudicial-no-contencioso-administrativo-3\/","og_locale":"en_US","og_type":"article","og_title":"O direito \u00e0 repara\u00e7\u00e3o de danos provocados por condutas administrativas em Portugal","og_description":"\"O direito \u00e0 repara\u00e7\u00e3o de danos provocados por condutas administrativas em Portugal: um direito efetivo?\" por Carla Amado Gomes e Tiago Serr\u00e3o.","og_url":"https:\/\/lisbonpubliclaw.pt\/en\/publicacoes\/algumas-reflexoes-em-torno-da-mediacao-intrajudicial-no-contencioso-administrativo-3\/","og_site_name":"Lisbon Public Law","article_modified_time":"2025-11-27T14:37:47+00:00","twitter_card":"summary_large_image","schema":{"@context":"https:\/\/schema.org","@graph":[{"@type":"WebPage","@id":"https:\/\/lisbonpubliclaw.pt\/publicacoes\/algumas-reflexoes-em-torno-da-mediacao-intrajudicial-no-contencioso-administrativo-3\/","url":"https:\/\/lisbonpubliclaw.pt\/publicacoes\/algumas-reflexoes-em-torno-da-mediacao-intrajudicial-no-contencioso-administrativo-3\/","name":"O direito \u00e0 repara\u00e7\u00e3o de danos provocados por condutas administrativas em Portugal","isPartOf":{"@id":"https:\/\/lisbonpubliclaw.pt\/#website"},"datePublished":"2025-11-27T14:37:14+00:00","dateModified":"2025-11-27T14:37:47+00:00","description":"\"O direito \u00e0 repara\u00e7\u00e3o de danos provocados por condutas administrativas em Portugal: um direito efetivo?\" por Carla Amado Gomes e Tiago Serr\u00e3o.","breadcrumb":{"@id":"https:\/\/lisbonpubliclaw.pt\/publicacoes\/algumas-reflexoes-em-torno-da-mediacao-intrajudicial-no-contencioso-administrativo-3\/#breadcrumb"},"inLanguage":"en-US","potentialAction":[{"@type":"ReadAction","target":["https:\/\/lisbonpubliclaw.pt\/publicacoes\/algumas-reflexoes-em-torno-da-mediacao-intrajudicial-no-contencioso-administrativo-3\/"]}]},{"@type":"BreadcrumbList","@id":"https:\/\/lisbonpubliclaw.pt\/publicacoes\/algumas-reflexoes-em-torno-da-mediacao-intrajudicial-no-contencioso-administrativo-3\/#breadcrumb","itemListElement":[{"@type":"ListItem","position":1,"name":"Home","item":"https:\/\/lisbonpubliclaw.pt\/"},{"@type":"ListItem","position":2,"name":"Publica\u00e7\u00f5es","item":"https:\/\/lisbonpubliclaw.pt\/publicacoes\/"},{"@type":"ListItem","position":3,"name":"O direito \u00e0 repara\u00e7\u00e3o de danos provocados por condutas administrativas em Portugal: um direito efetivo?"}]},{"@type":"WebSite","@id":"https:\/\/lisbonpubliclaw.pt\/#website","url":"https:\/\/lisbonpubliclaw.pt\/","name":"Lisbon Public Law","description":"Public Law Research Centre in Lisbon","publisher":{"@id":"https:\/\/lisbonpubliclaw.pt\/#organization"},"potentialAction":[{"@type":"SearchAction","target":{"@type":"EntryPoint","urlTemplate":"https:\/\/lisbonpubliclaw.pt\/?s={search_term_string}"},"query-input":{"@type":"PropertyValueSpecification","valueRequired":true,"valueName":"search_term_string"}}],"inLanguage":"en-US"},{"@type":"Organization","@id":"https:\/\/lisbonpubliclaw.pt\/#organization","name":"Lisbon Public Law","url":"https:\/\/lisbonpubliclaw.pt\/","logo":{"@type":"ImageObject","inLanguage":"en-US","@id":"https:\/\/lisbonpubliclaw.pt\/#\/schema\/logo\/image\/","url":"https:\/\/lisbonpubliclaw.pt\/wp-content\/uploads\/2023\/06\/WhatsApp-Image-2023-06-19-at-11.01.50-1.jpeg","contentUrl":"https:\/\/lisbonpubliclaw.pt\/wp-content\/uploads\/2023\/06\/WhatsApp-Image-2023-06-19-at-11.01.50-1.jpeg","width":354,"height":354,"caption":"Lisbon Public Law"},"image":{"@id":"https:\/\/lisbonpubliclaw.pt\/#\/schema\/logo\/image\/"}}]}},"_links":{"self":[{"href":"https:\/\/lisbonpubliclaw.pt\/en\/wp-json\/wp\/v2\/publicacoes\/11123","targetHints":{"allow":["GET"]}}],"collection":[{"href":"https:\/\/lisbonpubliclaw.pt\/en\/wp-json\/wp\/v2\/publicacoes"}],"about":[{"href":"https:\/\/lisbonpubliclaw.pt\/en\/wp-json\/wp\/v2\/types\/publicacoes"}],"wp:attachment":[{"href":"https:\/\/lisbonpubliclaw.pt\/en\/wp-json\/wp\/v2\/media?parent=11123"}],"wp:term":[{"taxonomy":"cluster","embeddable":true,"href":"https:\/\/lisbonpubliclaw.pt\/en\/wp-json\/wp\/v2\/cluster?post=11123"},{"taxonomy":"categoria-da-publicacao","embeddable":true,"href":"https:\/\/lisbonpubliclaw.pt\/en\/wp-json\/wp\/v2\/categoria-da-publicacao?post=11123"},{"taxonomy":"grupo-de-investigacao","embeddable":true,"href":"https:\/\/lisbonpubliclaw.pt\/en\/wp-json\/wp\/v2\/grupo-de-investigacao?post=11123"}],"curies":[{"name":"wp","href":"https:\/\/api.w.org\/{rel}","templated":true}]}}

O direito à reparação de danos provocados por condutas administrativas em Portugal: um direito efetivo?

Gomes, C. A., & Serrão, T. (2025). O direito à reparação de danos provocados por condutas administrativas em Portugal: um direito efetivo? Cadernos de Justiça Administrativa: Número especial – Homenagem ao Professor Doutor Pedro Machete. CEJUR.

Cadernos de Justiça Administrativa - Homenagem ao Professor Doutor Pedro Machete

<!-- This site is optimized with the Yoast SEO plugin v27.5 - https://yoast.com/product/yoast-seo-wordpress/ -->
<title>O direito à reparação de danos provocados por condutas administrativas em Portugal</title>
<meta name="description" content="&quot;O direito à reparação de danos provocados por condutas administrativas em Portugal: um direito efetivo?&quot; por Carla Amado Gomes e Tiago Serrão." />
<meta name="robots" content="index, follow, max-snippet:-1, max-image-preview:large, max-video-preview:-1" />
<link rel="canonical" href="https://lisbonpubliclaw.pt/en/publicacoes/algumas-reflexoes-em-torno-da-mediacao-intrajudicial-no-contencioso-administrativo-3/" />
<meta property="og:locale" content="en_US" />
<meta property="og:type" content="article" />
<meta property="og:title" content="O direito à reparação de danos provocados por condutas administrativas em Portugal" />
<meta property="og:description" content="&quot;O direito à reparação de danos provocados por condutas administrativas em Portugal: um direito efetivo?&quot; por Carla Amado Gomes e Tiago Serrão." />
<meta property="og:url" content="https://lisbonpubliclaw.pt/en/publicacoes/algumas-reflexoes-em-torno-da-mediacao-intrajudicial-no-contencioso-administrativo-3/" />
<meta property="og:site_name" content="Lisbon Public Law" />
<meta property="article:modified_time" content="2025-11-27T14:37:47+00:00" />
<meta name="twitter:card" content="summary_large_image" />
<script type="application/ld+json" class="yoast-schema-graph">{"@context":"https:\/\/schema.org","@graph":[{"@type":"WebPage","@id":"https:\/\/lisbonpubliclaw.pt\/publicacoes\/algumas-reflexoes-em-torno-da-mediacao-intrajudicial-no-contencioso-administrativo-3\/","url":"https:\/\/lisbonpubliclaw.pt\/publicacoes\/algumas-reflexoes-em-torno-da-mediacao-intrajudicial-no-contencioso-administrativo-3\/","name":"O direito à reparação de danos provocados por condutas administrativas em Portugal","isPartOf":{"@id":"https:\/\/lisbonpubliclaw.pt\/#website"},"datePublished":"2025-11-27T14:37:14+00:00","dateModified":"2025-11-27T14:37:47+00:00","description":"\"O direito à reparação de danos provocados por condutas administrativas em Portugal: um direito efetivo?\" por Carla Amado Gomes e Tiago Serrão.","breadcrumb":{"@id":"https:\/\/lisbonpubliclaw.pt\/publicacoes\/algumas-reflexoes-em-torno-da-mediacao-intrajudicial-no-contencioso-administrativo-3\/#breadcrumb"},"inLanguage":"en-US","potentialAction":[{"@type":"ReadAction","target":["https:\/\/lisbonpubliclaw.pt\/publicacoes\/algumas-reflexoes-em-torno-da-mediacao-intrajudicial-no-contencioso-administrativo-3\/"]}]},{"@type":"BreadcrumbList","@id":"https:\/\/lisbonpubliclaw.pt\/publicacoes\/algumas-reflexoes-em-torno-da-mediacao-intrajudicial-no-contencioso-administrativo-3\/#breadcrumb","itemListElement":[{"@type":"ListItem","position":1,"name":"Home","item":"https:\/\/lisbonpubliclaw.pt\/"},{"@type":"ListItem","position":2,"name":"Publicações","item":"https:\/\/lisbonpubliclaw.pt\/publicacoes\/"},{"@type":"ListItem","position":3,"name":"O direito à reparação de danos provocados por condutas administrativas em Portugal: um direito efetivo?"}]},{"@type":"WebSite","@id":"https:\/\/lisbonpubliclaw.pt\/#website","url":"https:\/\/lisbonpubliclaw.pt\/","name":"Lisbon Public Law","description":"Public Law Research Centre in Lisbon","publisher":{"@id":"https:\/\/lisbonpubliclaw.pt\/#organization"},"potentialAction":[{"@type":"SearchAction","target":{"@type":"EntryPoint","urlTemplate":"https:\/\/lisbonpubliclaw.pt\/?s={search_term_string}"},"query-input":{"@type":"PropertyValueSpecification","valueRequired":true,"valueName":"search_term_string"}}],"inLanguage":"en-US"},{"@type":"Organization","@id":"https:\/\/lisbonpubliclaw.pt\/#organization","name":"Lisbon Public Law","url":"https:\/\/lisbonpubliclaw.pt\/","logo":{"@type":"ImageObject","inLanguage":"en-US","@id":"https:\/\/lisbonpubliclaw.pt\/#\/schema\/logo\/image\/","url":"https:\/\/lisbonpubliclaw.pt\/wp-content\/uploads\/2023\/06\/WhatsApp-Image-2023-06-19-at-11.01.50-1.jpeg","contentUrl":"https:\/\/lisbonpubliclaw.pt\/wp-content\/uploads\/2023\/06\/WhatsApp-Image-2023-06-19-at-11.01.50-1.jpeg","width":354,"height":354,"caption":"Lisbon Public Law"},"image":{"@id":"https:\/\/lisbonpubliclaw.pt\/#\/schema\/logo\/image\/"}}]}</script>
<!-- / Yoast SEO plugin. -->

O direito à reparação de danos provocados por condutas administrativas em Portugal

"O direito à reparação de danos provocados por condutas administrativas em Portugal: um direito efetivo?" por Carla Amado Gomes e Tiago Serrão.

Publicações
