{"id":11055,"date":"2025-11-13T14:24:22","date_gmt":"2025-11-13T14:24:22","guid":{"rendered":"https:\/\/lisbonpubliclaw.pt\/?post_type=publicacoes&#038;p=11055"},"modified":"2025-11-13T14:26:30","modified_gmt":"2025-11-13T14:26:30","slug":"teoria-economica-comportamental-raizes-historicas-contextualizacao-filosofica-e-repercussao-na-construcao-de-normas-juridicas-e-politicas-publicas","status":"publish","type":"publicacoes","link":"https:\/\/lisbonpubliclaw.pt\/en\/publicacoes\/teoria-economica-comportamental-raizes-historicas-contextualizacao-filosofica-e-repercussao-na-construcao-de-normas-juridicas-e-politicas-publicas\/","title":{"rendered":"Teoria Econ\u00f3mica Comportamental &#8211; Ra\u00edzes Hist\u00f3ricas, Contextualiza\u00e7\u00e3o Filos\u00f3fica e Repercuss\u00e3o na Constru\u00e7\u00e3o de Normas Jur\u00eddicas e Pol\u00edticas P\u00fablicas"},"content":{"rendered":"<p>Throughout the second half of the 20th century, advances in empirical sciences exposed the limitations of various conceptions of human behaviour that had previously been adopted by law.<\/p>\n\n\n\n<p>This new body of knowledge, derived from fields such as psychology, neuroscience, and biology, calls on the law to thoroughly re-evaluate its behavioural foundations, without which its regulatory function will lose its justification and capacity for intervention and effective behavioural change.<\/p>\n\n\n\n<p>In this work, behavioural economics is presented and critically analysed in this precise context of re-evaluating behavioural assumptions by law. Here, it emerges as a discipline allied with legal science, both for the scientific evidence it provides and for the pragmatic and consequentialist perspective with which it transforms it into inputs capable of assisting in the construction of public policies in the most diverse areas of collective life.<\/p>","protected":false},"template":"","meta":{"imagem-da-publicacao":"https:\/\/lisbonpubliclaw.pt\/wp-content\/uploads\/2025\/11\/rf_doc.png","areas-de-investigacao":"","investigador-responsavel":[],"editor-externo":"","editor":["1798"],"autores-externos":"","referencia-biografica":"","projeto-a-que-pertence":"","selecionar_o_projeto_a_que_pertence":[],"titulo-do-livro-revista":"","ano":"2025","isbn":"9789894027430","editora":"Almedina","link-para-download":"https:\/\/www.almedina.net\/teoria-economica-comportamental-raizes-historicas-contextualizacao-filosofica-e-repercussao-na-construcao-de-normas-juridicas-e-politicas-publicas-1753966838.html"},"cluster":[],"categoria-da-publicacao":[23],"grupo-de-investigacao":[11],"class_list":["post-11055","publicacoes","type-publicacoes","status-publish","hentry","categoria-da-publicacao-livro","grupo-de-investigacao-direito-administrativo"],"yoast_head":"<!-- This site is optimized with the Yoast SEO plugin v27.5 - https:\/\/yoast.com\/product\/yoast-seo-wordpress\/ -->\n<title>Teoria Econ\u00f3mica Comportamental | Raquel Franco<\/title>\n<meta name=\"description\" content=\"Teoria Econ\u00f3mica Comportamental - Ra\u00edzes Hist\u00f3ricas, Contextualiza\u00e7\u00e3o Filos\u00f3fica e Repercuss\u00e3o na Constru\u00e7\u00e3o de Normas Jur\u00eddicas e Pol\u00edticas P\u00fablicas\" \/>\n<meta name=\"robots\" content=\"index, follow, max-snippet:-1, max-image-preview:large, max-video-preview:-1\" \/>\n<link rel=\"canonical\" href=\"https:\/\/lisbonpubliclaw.pt\/en\/publicacoes\/teoria-economica-comportamental-raizes-historicas-contextualizacao-filosofica-e-repercussao-na-construcao-de-normas-juridicas-e-politicas-publicas\/\" \/>\n<meta property=\"og:locale\" content=\"en_US\" \/>\n<meta property=\"og:type\" content=\"article\" \/>\n<meta property=\"og:title\" content=\"Teoria Econ\u00f3mica Comportamental | Raquel Franco\" \/>\n<meta property=\"og:description\" content=\"Teoria Econ\u00f3mica Comportamental - Ra\u00edzes Hist\u00f3ricas, Contextualiza\u00e7\u00e3o Filos\u00f3fica e Repercuss\u00e3o na Constru\u00e7\u00e3o de Normas Jur\u00eddicas e Pol\u00edticas P\u00fablicas\" \/>\n<meta property=\"og:url\" content=\"https:\/\/lisbonpubliclaw.pt\/en\/publicacoes\/teoria-economica-comportamental-raizes-historicas-contextualizacao-filosofica-e-repercussao-na-construcao-de-normas-juridicas-e-politicas-publicas\/\" \/>\n<meta property=\"og:site_name\" content=\"Lisbon Public Law\" \/>\n<meta property=\"article:modified_time\" content=\"2025-11-13T14:26:30+00:00\" \/>\n<meta name=\"twitter:card\" content=\"summary_large_image\" \/>\n<meta name=\"twitter:label1\" content=\"Est. reading time\" \/>\n\t<meta name=\"twitter:data1\" content=\"1 minute\" \/>\n<script type=\"application\/ld+json\" class=\"yoast-schema-graph\">{\"@context\":\"https:\\\/\\\/schema.org\",\"@graph\":[{\"@type\":\"WebPage\",\"@id\":\"https:\\\/\\\/lisbonpubliclaw.pt\\\/publicacoes\\\/teoria-economica-comportamental-raizes-historicas-contextualizacao-filosofica-e-repercussao-na-construcao-de-normas-juridicas-e-politicas-publicas\\\/\",\"url\":\"https:\\\/\\\/lisbonpubliclaw.pt\\\/publicacoes\\\/teoria-economica-comportamental-raizes-historicas-contextualizacao-filosofica-e-repercussao-na-construcao-de-normas-juridicas-e-politicas-publicas\\\/\",\"name\":\"Teoria Econ\u00f3mica Comportamental | Raquel Franco\",\"isPartOf\":{\"@id\":\"https:\\\/\\\/lisbonpubliclaw.pt\\\/#website\"},\"datePublished\":\"2025-11-13T14:24:22+00:00\",\"dateModified\":\"2025-11-13T14:26:30+00:00\",\"description\":\"Teoria Econ\u00f3mica Comportamental - Ra\u00edzes Hist\u00f3ricas, Contextualiza\u00e7\u00e3o Filos\u00f3fica e Repercuss\u00e3o na Constru\u00e7\u00e3o de Normas Jur\u00eddicas e Pol\u00edticas P\u00fablicas\",\"breadcrumb\":{\"@id\":\"https:\\\/\\\/lisbonpubliclaw.pt\\\/publicacoes\\\/teoria-economica-comportamental-raizes-historicas-contextualizacao-filosofica-e-repercussao-na-construcao-de-normas-juridicas-e-politicas-publicas\\\/#breadcrumb\"},\"inLanguage\":\"en-US\",\"potentialAction\":[{\"@type\":\"ReadAction\",\"target\":[\"https:\\\/\\\/lisbonpubliclaw.pt\\\/publicacoes\\\/teoria-economica-comportamental-raizes-historicas-contextualizacao-filosofica-e-repercussao-na-construcao-de-normas-juridicas-e-politicas-publicas\\\/\"]}]},{\"@type\":\"BreadcrumbList\",\"@id\":\"https:\\\/\\\/lisbonpubliclaw.pt\\\/publicacoes\\\/teoria-economica-comportamental-raizes-historicas-contextualizacao-filosofica-e-repercussao-na-construcao-de-normas-juridicas-e-politicas-publicas\\\/#breadcrumb\",\"itemListElement\":[{\"@type\":\"ListItem\",\"position\":1,\"name\":\"Home\",\"item\":\"https:\\\/\\\/lisbonpubliclaw.pt\\\/\"},{\"@type\":\"ListItem\",\"position\":2,\"name\":\"Publica\u00e7\u00f5es\",\"item\":\"https:\\\/\\\/lisbonpubliclaw.pt\\\/publicacoes\\\/\"},{\"@type\":\"ListItem\",\"position\":3,\"name\":\"Teoria Econ\u00f3mica Comportamental &#8211; Ra\u00edzes Hist\u00f3ricas, Contextualiza\u00e7\u00e3o Filos\u00f3fica e Repercuss\u00e3o na Constru\u00e7\u00e3o de Normas Jur\u00eddicas e Pol\u00edticas P\u00fablicas\"}]},{\"@type\":\"WebSite\",\"@id\":\"https:\\\/\\\/lisbonpubliclaw.pt\\\/#website\",\"url\":\"https:\\\/\\\/lisbonpubliclaw.pt\\\/\",\"name\":\"Lisbon Public Law\",\"description\":\"Public Law Research Centre in Lisbon\",\"publisher\":{\"@id\":\"https:\\\/\\\/lisbonpubliclaw.pt\\\/#organization\"},\"potentialAction\":[{\"@type\":\"SearchAction\",\"target\":{\"@type\":\"EntryPoint\",\"urlTemplate\":\"https:\\\/\\\/lisbonpubliclaw.pt\\\/?s={search_term_string}\"},\"query-input\":{\"@type\":\"PropertyValueSpecification\",\"valueRequired\":true,\"valueName\":\"search_term_string\"}}],\"inLanguage\":\"en-US\"},{\"@type\":\"Organization\",\"@id\":\"https:\\\/\\\/lisbonpubliclaw.pt\\\/#organization\",\"name\":\"Lisbon Public Law\",\"url\":\"https:\\\/\\\/lisbonpubliclaw.pt\\\/\",\"logo\":{\"@type\":\"ImageObject\",\"inLanguage\":\"en-US\",\"@id\":\"https:\\\/\\\/lisbonpubliclaw.pt\\\/#\\\/schema\\\/logo\\\/image\\\/\",\"url\":\"https:\\\/\\\/lisbonpubliclaw.pt\\\/wp-content\\\/uploads\\\/2023\\\/06\\\/WhatsApp-Image-2023-06-19-at-11.01.50-1.jpeg\",\"contentUrl\":\"https:\\\/\\\/lisbonpubliclaw.pt\\\/wp-content\\\/uploads\\\/2023\\\/06\\\/WhatsApp-Image-2023-06-19-at-11.01.50-1.jpeg\",\"width\":354,\"height\":354,\"caption\":\"Lisbon Public Law\"},\"image\":{\"@id\":\"https:\\\/\\\/lisbonpubliclaw.pt\\\/#\\\/schema\\\/logo\\\/image\\\/\"}}]}<\/script>\n<!-- \/ Yoast SEO plugin. -->","yoast_head_json":{"title":"Teoria Econ\u00f3mica Comportamental | Raquel Franco","description":"Teoria Econ\u00f3mica Comportamental - Ra\u00edzes Hist\u00f3ricas, Contextualiza\u00e7\u00e3o Filos\u00f3fica e Repercuss\u00e3o na Constru\u00e7\u00e3o de Normas Jur\u00eddicas e Pol\u00edticas P\u00fablicas","robots":{"index":"index","follow":"follow","max-snippet":"max-snippet:-1","max-image-preview":"max-image-preview:large","max-video-preview":"max-video-preview:-1"},"canonical":"https:\/\/lisbonpubliclaw.pt\/en\/publicacoes\/teoria-economica-comportamental-raizes-historicas-contextualizacao-filosofica-e-repercussao-na-construcao-de-normas-juridicas-e-politicas-publicas\/","og_locale":"en_US","og_type":"article","og_title":"Teoria Econ\u00f3mica Comportamental | Raquel Franco","og_description":"Teoria Econ\u00f3mica Comportamental - Ra\u00edzes Hist\u00f3ricas, Contextualiza\u00e7\u00e3o Filos\u00f3fica e Repercuss\u00e3o na Constru\u00e7\u00e3o de Normas Jur\u00eddicas e Pol\u00edticas P\u00fablicas","og_url":"https:\/\/lisbonpubliclaw.pt\/en\/publicacoes\/teoria-economica-comportamental-raizes-historicas-contextualizacao-filosofica-e-repercussao-na-construcao-de-normas-juridicas-e-politicas-publicas\/","og_site_name":"Lisbon Public Law","article_modified_time":"2025-11-13T14:26:30+00:00","twitter_card":"summary_large_image","twitter_misc":{"Est. reading time":"1 minute"},"schema":{"@context":"https:\/\/schema.org","@graph":[{"@type":"WebPage","@id":"https:\/\/lisbonpubliclaw.pt\/publicacoes\/teoria-economica-comportamental-raizes-historicas-contextualizacao-filosofica-e-repercussao-na-construcao-de-normas-juridicas-e-politicas-publicas\/","url":"https:\/\/lisbonpubliclaw.pt\/publicacoes\/teoria-economica-comportamental-raizes-historicas-contextualizacao-filosofica-e-repercussao-na-construcao-de-normas-juridicas-e-politicas-publicas\/","name":"Teoria Econ\u00f3mica Comportamental | Raquel Franco","isPartOf":{"@id":"https:\/\/lisbonpubliclaw.pt\/#website"},"datePublished":"2025-11-13T14:24:22+00:00","dateModified":"2025-11-13T14:26:30+00:00","description":"Teoria Econ\u00f3mica Comportamental - Ra\u00edzes Hist\u00f3ricas, Contextualiza\u00e7\u00e3o Filos\u00f3fica e Repercuss\u00e3o na Constru\u00e7\u00e3o de Normas Jur\u00eddicas e Pol\u00edticas P\u00fablicas","breadcrumb":{"@id":"https:\/\/lisbonpubliclaw.pt\/publicacoes\/teoria-economica-comportamental-raizes-historicas-contextualizacao-filosofica-e-repercussao-na-construcao-de-normas-juridicas-e-politicas-publicas\/#breadcrumb"},"inLanguage":"en-US","potentialAction":[{"@type":"ReadAction","target":["https:\/\/lisbonpubliclaw.pt\/publicacoes\/teoria-economica-comportamental-raizes-historicas-contextualizacao-filosofica-e-repercussao-na-construcao-de-normas-juridicas-e-politicas-publicas\/"]}]},{"@type":"BreadcrumbList","@id":"https:\/\/lisbonpubliclaw.pt\/publicacoes\/teoria-economica-comportamental-raizes-historicas-contextualizacao-filosofica-e-repercussao-na-construcao-de-normas-juridicas-e-politicas-publicas\/#breadcrumb","itemListElement":[{"@type":"ListItem","position":1,"name":"Home","item":"https:\/\/lisbonpubliclaw.pt\/"},{"@type":"ListItem","position":2,"name":"Publica\u00e7\u00f5es","item":"https:\/\/lisbonpubliclaw.pt\/publicacoes\/"},{"@type":"ListItem","position":3,"name":"Teoria Econ\u00f3mica Comportamental &#8211; Ra\u00edzes Hist\u00f3ricas, Contextualiza\u00e7\u00e3o Filos\u00f3fica e Repercuss\u00e3o na Constru\u00e7\u00e3o de Normas Jur\u00eddicas e Pol\u00edticas P\u00fablicas"}]},{"@type":"WebSite","@id":"https:\/\/lisbonpubliclaw.pt\/#website","url":"https:\/\/lisbonpubliclaw.pt\/","name":"Lisbon Public Law","description":"Public Law Research Centre in Lisbon","publisher":{"@id":"https:\/\/lisbonpubliclaw.pt\/#organization"},"potentialAction":[{"@type":"SearchAction","target":{"@type":"EntryPoint","urlTemplate":"https:\/\/lisbonpubliclaw.pt\/?s={search_term_string}"},"query-input":{"@type":"PropertyValueSpecification","valueRequired":true,"valueName":"search_term_string"}}],"inLanguage":"en-US"},{"@type":"Organization","@id":"https:\/\/lisbonpubliclaw.pt\/#organization","name":"Lisbon Public Law","url":"https:\/\/lisbonpubliclaw.pt\/","logo":{"@type":"ImageObject","inLanguage":"en-US","@id":"https:\/\/lisbonpubliclaw.pt\/#\/schema\/logo\/image\/","url":"https:\/\/lisbonpubliclaw.pt\/wp-content\/uploads\/2023\/06\/WhatsApp-Image-2023-06-19-at-11.01.50-1.jpeg","contentUrl":"https:\/\/lisbonpubliclaw.pt\/wp-content\/uploads\/2023\/06\/WhatsApp-Image-2023-06-19-at-11.01.50-1.jpeg","width":354,"height":354,"caption":"Lisbon Public Law"},"image":{"@id":"https:\/\/lisbonpubliclaw.pt\/#\/schema\/logo\/image\/"}}]}},"_links":{"self":[{"href":"https:\/\/lisbonpubliclaw.pt\/en\/wp-json\/wp\/v2\/publicacoes\/11055","targetHints":{"allow":["GET"]}}],"collection":[{"href":"https:\/\/lisbonpubliclaw.pt\/en\/wp-json\/wp\/v2\/publicacoes"}],"about":[{"href":"https:\/\/lisbonpubliclaw.pt\/en\/wp-json\/wp\/v2\/types\/publicacoes"}],"wp:attachment":[{"href":"https:\/\/lisbonpubliclaw.pt\/en\/wp-json\/wp\/v2\/media?parent=11055"}],"wp:term":[{"taxonomy":"cluster","embeddable":true,"href":"https:\/\/lisbonpubliclaw.pt\/en\/wp-json\/wp\/v2\/cluster?post=11055"},{"taxonomy":"categoria-da-publicacao","embeddable":true,"href":"https:\/\/lisbonpubliclaw.pt\/en\/wp-json\/wp\/v2\/categoria-da-publicacao?post=11055"},{"taxonomy":"grupo-de-investigacao","embeddable":true,"href":"https:\/\/lisbonpubliclaw.pt\/en\/wp-json\/wp\/v2\/grupo-de-investigacao?post=11055"}],"curies":[{"name":"wp","href":"https:\/\/api.w.org\/{rel}","templated":true}]}}

Teoria Económica Comportamental &#8211; Raízes Históricas, Contextualização Filosófica e Repercussão na Construção de Normas Jurídicas e Políticas Públicas

<!-- This site is optimized with the Yoast SEO plugin v27.5 - https://yoast.com/product/yoast-seo-wordpress/ -->
<title>Teoria Económica Comportamental | Raquel Franco</title>
<meta name="description" content="Teoria Económica Comportamental - Raízes Históricas, Contextualização Filosófica e Repercussão na Construção de Normas Jurídicas e Políticas Públicas" />
<meta name="robots" content="index, follow, max-snippet:-1, max-image-preview:large, max-video-preview:-1" />
<link rel="canonical" href="https://lisbonpubliclaw.pt/en/publicacoes/teoria-economica-comportamental-raizes-historicas-contextualizacao-filosofica-e-repercussao-na-construcao-de-normas-juridicas-e-politicas-publicas/" />
<meta property="og:locale" content="en_US" />
<meta property="og:type" content="article" />
<meta property="og:title" content="Teoria Económica Comportamental | Raquel Franco" />
<meta property="og:description" content="Teoria Económica Comportamental - Raízes Históricas, Contextualização Filosófica e Repercussão na Construção de Normas Jurídicas e Políticas Públicas" />
<meta property="og:url" content="https://lisbonpubliclaw.pt/en/publicacoes/teoria-economica-comportamental-raizes-historicas-contextualizacao-filosofica-e-repercussao-na-construcao-de-normas-juridicas-e-politicas-publicas/" />
<meta property="og:site_name" content="Lisbon Public Law" />
<meta property="article:modified_time" content="2025-11-13T14:26:30+00:00" />
<meta name="twitter:card" content="summary_large_image" />
<meta name="twitter:label1" content="Est. reading time" />
	<meta name="twitter:data1" content="1 minute" />
<script type="application/ld+json" class="yoast-schema-graph">{"@context":"https:\/\/schema.org","@graph":[{"@type":"WebPage","@id":"https:\/\/lisbonpubliclaw.pt\/publicacoes\/teoria-economica-comportamental-raizes-historicas-contextualizacao-filosofica-e-repercussao-na-construcao-de-normas-juridicas-e-politicas-publicas\/","url":"https:\/\/lisbonpubliclaw.pt\/publicacoes\/teoria-economica-comportamental-raizes-historicas-contextualizacao-filosofica-e-repercussao-na-construcao-de-normas-juridicas-e-politicas-publicas\/","name":"Teoria Económica Comportamental | Raquel Franco","isPartOf":{"@id":"https:\/\/lisbonpubliclaw.pt\/#website"},"datePublished":"2025-11-13T14:24:22+00:00","dateModified":"2025-11-13T14:26:30+00:00","description":"Teoria Económica Comportamental - Raízes Históricas, Contextualização Filosófica e Repercussão na Construção de Normas Jurídicas e Políticas Públicas","breadcrumb":{"@id":"https:\/\/lisbonpubliclaw.pt\/publicacoes\/teoria-economica-comportamental-raizes-historicas-contextualizacao-filosofica-e-repercussao-na-construcao-de-normas-juridicas-e-politicas-publicas\/#breadcrumb"},"inLanguage":"en-US","potentialAction":[{"@type":"ReadAction","target":["https:\/\/lisbonpubliclaw.pt\/publicacoes\/teoria-economica-comportamental-raizes-historicas-contextualizacao-filosofica-e-repercussao-na-construcao-de-normas-juridicas-e-politicas-publicas\/"]}]},{"@type":"BreadcrumbList","@id":"https:\/\/lisbonpubliclaw.pt\/publicacoes\/teoria-economica-comportamental-raizes-historicas-contextualizacao-filosofica-e-repercussao-na-construcao-de-normas-juridicas-e-politicas-publicas\/#breadcrumb","itemListElement":[{"@type":"ListItem","position":1,"name":"Home","item":"https:\/\/lisbonpubliclaw.pt\/"},{"@type":"ListItem","position":2,"name":"Publicações","item":"https:\/\/lisbonpubliclaw.pt\/publicacoes\/"},{"@type":"ListItem","position":3,"name":"Teoria Económica Comportamental &#8211; Raízes Históricas, Contextualização Filosófica e Repercussão na Construção de Normas Jurídicas e Políticas Públicas"}]},{"@type":"WebSite","@id":"https:\/\/lisbonpubliclaw.pt\/#website","url":"https:\/\/lisbonpubliclaw.pt\/","name":"Lisbon Public Law","description":"Public Law Research Centre in Lisbon","publisher":{"@id":"https:\/\/lisbonpubliclaw.pt\/#organization"},"potentialAction":[{"@type":"SearchAction","target":{"@type":"EntryPoint","urlTemplate":"https:\/\/lisbonpubliclaw.pt\/?s={search_term_string}"},"query-input":{"@type":"PropertyValueSpecification","valueRequired":true,"valueName":"search_term_string"}}],"inLanguage":"en-US"},{"@type":"Organization","@id":"https:\/\/lisbonpubliclaw.pt\/#organization","name":"Lisbon Public Law","url":"https:\/\/lisbonpubliclaw.pt\/","logo":{"@type":"ImageObject","inLanguage":"en-US","@id":"https:\/\/lisbonpubliclaw.pt\/#\/schema\/logo\/image\/","url":"https:\/\/lisbonpubliclaw.pt\/wp-content\/uploads\/2023\/06\/WhatsApp-Image-2023-06-19-at-11.01.50-1.jpeg","contentUrl":"https:\/\/lisbonpubliclaw.pt\/wp-content\/uploads\/2023\/06\/WhatsApp-Image-2023-06-19-at-11.01.50-1.jpeg","width":354,"height":354,"caption":"Lisbon Public Law"},"image":{"@id":"https:\/\/lisbonpubliclaw.pt\/#\/schema\/logo\/image\/"}}]}</script>
<!-- / Yoast SEO plugin. -->

Teoria Económica Comportamental | Raquel Franco

Teoria Económica Comportamental - Raízes Históricas, Contextualização Filosófica e Repercussão na Construção de Normas Jurídicas e Políticas Públicas

Publicações
