{"id":8537,"date":"2025-02-27T14:57:26","date_gmt":"2025-02-27T14:57:26","guid":{"rendered":"https:\/\/lisbonpubliclaw.pt\/?post_type=open-calls&#038;p=8537"},"modified":"2025-02-27T16:23:34","modified_gmt":"2025-02-27T16:23:34","slug":"call-for-papers-carbon-climate-law-review-cclr","status":"publish","type":"open-calls","link":"https:\/\/lisbonpubliclaw.pt\/en\/open-calls\/call-for-papers-carbon-climate-law-review-cclr\/","title":{"rendered":"Call for papers | Carbon &amp; Climate Law Review (CCLR)"},"content":{"rendered":"<p>The <strong>Carbon &amp; Climate Law Review (CCLR)<\/strong> invites the submission of papers for a special issue, edited by <strong>LPL researchers and collaborators Helo\u00edsa Oliveira, Matteo Fermeglia, and Aylin Yildiz<\/strong> <strong>Noorda,<\/strong> and dedicated to the issue of sea-level rise and its legal implications.<\/p>\n\n\n\n<p>Este n\u00famero especial visa explorar as diversas abordagens legais para enfrentar os desafios trazidos pelas mudan\u00e7as clim\u00e1ticas e o aumento do n\u00edvel do mar, com foco em perspetivas internacionais, regionais e locais. Ser\u00e3o bem-vindos artigos que abordem a forma\u00e7\u00e3o de normas internacionais, o papel das organiza\u00e7\u00f5es regionais e subregionais, inova\u00e7\u00f5es nacionais em pol\u00edticas governamentais e corporativas, bem como o impacto da litig\u00e2ncia clim\u00e1tica. As contribui\u00e7\u00f5es podem abranger \u00e1reas como o direito do mar, os direitos humanos, a responsabilidade empresarial e os direitos da natureza, entre outras.<\/p>\n\n\n\n<p>Interested parties are invited to submit articles, reports, and book reviews in English, which will undergo a peer-review process. The <strong>deadline for submissions is 15 May 2025,<\/strong>and papers should be sent to <a href=\"mailto:environmental-law@lisbonpubliclaw.pt\" target=\"_blank\" rel=\"noreferrer noopener\">environmental-law@lisbonpubliclaw.pt<\/a>with the subject line:<strong>\"CCLR Special Issue Submission<\/strong>\u2019.<\/p>","protected":false},"menu_order":0,"template":"","format":"standard","meta":[],"cluster":[61],"categoria-da-open-call":[37],"grupo-de-investigacao":[12],"class_list":["post-8537","open-calls","type-open-calls","status-publish","format-standard","hentry","cluster-lisbon-environmental-law","categoria-da-open-call-submissao-de-artigos","grupo-de-investigacao-direito-internacional-e-europeu"],"yoast_head":"<!-- This site is optimized with the Yoast SEO plugin v27.5 - https:\/\/yoast.com\/product\/yoast-seo-wordpress\/ -->\n<title>Call for papers | Carbon &amp; Climate Law Review (CCLR) - Lisbon Public Law<\/title>\n<meta name=\"robots\" content=\"index, follow, max-snippet:-1, max-image-preview:large, max-video-preview:-1\" \/>\n<link rel=\"canonical\" href=\"https:\/\/lisbonpubliclaw.pt\/en\/open-calls\/call-for-papers-carbon-climate-law-review-cclr\/\" \/>\n<meta property=\"og:locale\" content=\"en_US\" \/>\n<meta property=\"og:type\" content=\"article\" \/>\n<meta property=\"og:title\" content=\"Call for papers | Carbon &amp; Climate Law Review (CCLR) - Lisbon Public Law\" \/>\n<meta property=\"og:description\" content=\"A Carbon &amp; Climate Law Review (CCLR) convida \u00e0 submiss\u00e3o de artigos para um n\u00famero especial, editado pelos investigadores e colaboradores LPL Helo\u00edsa Oliveira, Matteo Fermeglia e Aylin Yildiz Noorda, dedicado \u00e0 quest\u00e3o do aumento do n\u00edvel do mar e suas implica\u00e7\u00f5es legais. Este n\u00famero especial visa explorar as diversas abordagens legais para enfrentar os [&hellip;]\" \/>\n<meta property=\"og:url\" content=\"https:\/\/lisbonpubliclaw.pt\/en\/open-calls\/call-for-papers-carbon-climate-law-review-cclr\/\" \/>\n<meta property=\"og:site_name\" content=\"Lisbon Public Law\" \/>\n<meta property=\"article:modified_time\" content=\"2025-02-27T16:23:34+00:00\" \/>\n<meta name=\"twitter:card\" content=\"summary_large_image\" \/>\n<meta name=\"twitter:label1\" content=\"Est. reading time\" \/>\n\t<meta name=\"twitter:data1\" content=\"1 minute\" \/>\n<script type=\"application\/ld+json\" class=\"yoast-schema-graph\">{\"@context\":\"https:\\\/\\\/schema.org\",\"@graph\":[{\"@type\":\"WebPage\",\"@id\":\"https:\\\/\\\/lisbonpubliclaw.pt\\\/open-calls\\\/call-for-papers-carbon-climate-law-review-cclr\\\/\",\"url\":\"https:\\\/\\\/lisbonpubliclaw.pt\\\/open-calls\\\/call-for-papers-carbon-climate-law-review-cclr\\\/\",\"name\":\"Call for papers | Carbon &amp; Climate Law Review (CCLR) - Lisbon Public Law\",\"isPartOf\":{\"@id\":\"https:\\\/\\\/lisbonpubliclaw.pt\\\/#website\"},\"datePublished\":\"2025-02-27T14:57:26+00:00\",\"dateModified\":\"2025-02-27T16:23:34+00:00\",\"breadcrumb\":{\"@id\":\"https:\\\/\\\/lisbonpubliclaw.pt\\\/open-calls\\\/call-for-papers-carbon-climate-law-review-cclr\\\/#breadcrumb\"},\"inLanguage\":\"en-US\",\"potentialAction\":[{\"@type\":\"ReadAction\",\"target\":[\"https:\\\/\\\/lisbonpubliclaw.pt\\\/open-calls\\\/call-for-papers-carbon-climate-law-review-cclr\\\/\"]}]},{\"@type\":\"BreadcrumbList\",\"@id\":\"https:\\\/\\\/lisbonpubliclaw.pt\\\/open-calls\\\/call-for-papers-carbon-climate-law-review-cclr\\\/#breadcrumb\",\"itemListElement\":[{\"@type\":\"ListItem\",\"position\":1,\"name\":\"Home\",\"item\":\"https:\\\/\\\/lisbonpubliclaw.pt\\\/\"},{\"@type\":\"ListItem\",\"position\":2,\"name\":\"Open Calls\",\"item\":\"https:\\\/\\\/lisbonpubliclaw.pt\\\/open-calls\\\/\"},{\"@type\":\"ListItem\",\"position\":3,\"name\":\"Call for papers | Carbon &amp; Climate Law Review (CCLR)\"}]},{\"@type\":\"WebSite\",\"@id\":\"https:\\\/\\\/lisbonpubliclaw.pt\\\/#website\",\"url\":\"https:\\\/\\\/lisbonpubliclaw.pt\\\/\",\"name\":\"Lisbon Public Law\",\"description\":\"Public Law Research Centre in Lisbon\",\"publisher\":{\"@id\":\"https:\\\/\\\/lisbonpubliclaw.pt\\\/#organization\"},\"potentialAction\":[{\"@type\":\"SearchAction\",\"target\":{\"@type\":\"EntryPoint\",\"urlTemplate\":\"https:\\\/\\\/lisbonpubliclaw.pt\\\/?s={search_term_string}\"},\"query-input\":{\"@type\":\"PropertyValueSpecification\",\"valueRequired\":true,\"valueName\":\"search_term_string\"}}],\"inLanguage\":\"en-US\"},{\"@type\":\"Organization\",\"@id\":\"https:\\\/\\\/lisbonpubliclaw.pt\\\/#organization\",\"name\":\"Lisbon Public Law\",\"url\":\"https:\\\/\\\/lisbonpubliclaw.pt\\\/\",\"logo\":{\"@type\":\"ImageObject\",\"inLanguage\":\"en-US\",\"@id\":\"https:\\\/\\\/lisbonpubliclaw.pt\\\/#\\\/schema\\\/logo\\\/image\\\/\",\"url\":\"https:\\\/\\\/lisbonpubliclaw.pt\\\/wp-content\\\/uploads\\\/2023\\\/06\\\/WhatsApp-Image-2023-06-19-at-11.01.50-1.jpeg\",\"contentUrl\":\"https:\\\/\\\/lisbonpubliclaw.pt\\\/wp-content\\\/uploads\\\/2023\\\/06\\\/WhatsApp-Image-2023-06-19-at-11.01.50-1.jpeg\",\"width\":354,\"height\":354,\"caption\":\"Lisbon Public Law\"},\"image\":{\"@id\":\"https:\\\/\\\/lisbonpubliclaw.pt\\\/#\\\/schema\\\/logo\\\/image\\\/\"}}]}<\/script>\n<!-- \/ Yoast SEO plugin. -->","yoast_head_json":{"title":"Call for papers | Carbon &amp; Climate Law Review (CCLR) - Lisbon Public Law","robots":{"index":"index","follow":"follow","max-snippet":"max-snippet:-1","max-image-preview":"max-image-preview:large","max-video-preview":"max-video-preview:-1"},"canonical":"https:\/\/lisbonpubliclaw.pt\/en\/open-calls\/call-for-papers-carbon-climate-law-review-cclr\/","og_locale":"en_US","og_type":"article","og_title":"Call for papers | Carbon &amp; Climate Law Review (CCLR) - Lisbon Public Law","og_description":"A Carbon &amp; Climate Law Review (CCLR) convida \u00e0 submiss\u00e3o de artigos para um n\u00famero especial, editado pelos investigadores e colaboradores LPL Helo\u00edsa Oliveira, Matteo Fermeglia e Aylin Yildiz Noorda, dedicado \u00e0 quest\u00e3o do aumento do n\u00edvel do mar e suas implica\u00e7\u00f5es legais. Este n\u00famero especial visa explorar as diversas abordagens legais para enfrentar os [&hellip;]","og_url":"https:\/\/lisbonpubliclaw.pt\/en\/open-calls\/call-for-papers-carbon-climate-law-review-cclr\/","og_site_name":"Lisbon Public Law","article_modified_time":"2025-02-27T16:23:34+00:00","twitter_card":"summary_large_image","twitter_misc":{"Est. reading time":"1 minute"},"schema":{"@context":"https:\/\/schema.org","@graph":[{"@type":"WebPage","@id":"https:\/\/lisbonpubliclaw.pt\/open-calls\/call-for-papers-carbon-climate-law-review-cclr\/","url":"https:\/\/lisbonpubliclaw.pt\/open-calls\/call-for-papers-carbon-climate-law-review-cclr\/","name":"Call for papers | Carbon &amp; Climate Law Review (CCLR) - Lisbon Public Law","isPartOf":{"@id":"https:\/\/lisbonpubliclaw.pt\/#website"},"datePublished":"2025-02-27T14:57:26+00:00","dateModified":"2025-02-27T16:23:34+00:00","breadcrumb":{"@id":"https:\/\/lisbonpubliclaw.pt\/open-calls\/call-for-papers-carbon-climate-law-review-cclr\/#breadcrumb"},"inLanguage":"en-US","potentialAction":[{"@type":"ReadAction","target":["https:\/\/lisbonpubliclaw.pt\/open-calls\/call-for-papers-carbon-climate-law-review-cclr\/"]}]},{"@type":"BreadcrumbList","@id":"https:\/\/lisbonpubliclaw.pt\/open-calls\/call-for-papers-carbon-climate-law-review-cclr\/#breadcrumb","itemListElement":[{"@type":"ListItem","position":1,"name":"Home","item":"https:\/\/lisbonpubliclaw.pt\/"},{"@type":"ListItem","position":2,"name":"Open Calls","item":"https:\/\/lisbonpubliclaw.pt\/open-calls\/"},{"@type":"ListItem","position":3,"name":"Call for papers | Carbon &amp; Climate Law Review (CCLR)"}]},{"@type":"WebSite","@id":"https:\/\/lisbonpubliclaw.pt\/#website","url":"https:\/\/lisbonpubliclaw.pt\/","name":"Lisbon Public Law","description":"Public Law Research Centre in Lisbon","publisher":{"@id":"https:\/\/lisbonpubliclaw.pt\/#organization"},"potentialAction":[{"@type":"SearchAction","target":{"@type":"EntryPoint","urlTemplate":"https:\/\/lisbonpubliclaw.pt\/?s={search_term_string}"},"query-input":{"@type":"PropertyValueSpecification","valueRequired":true,"valueName":"search_term_string"}}],"inLanguage":"en-US"},{"@type":"Organization","@id":"https:\/\/lisbonpubliclaw.pt\/#organization","name":"Lisbon Public Law","url":"https:\/\/lisbonpubliclaw.pt\/","logo":{"@type":"ImageObject","inLanguage":"en-US","@id":"https:\/\/lisbonpubliclaw.pt\/#\/schema\/logo\/image\/","url":"https:\/\/lisbonpubliclaw.pt\/wp-content\/uploads\/2023\/06\/WhatsApp-Image-2023-06-19-at-11.01.50-1.jpeg","contentUrl":"https:\/\/lisbonpubliclaw.pt\/wp-content\/uploads\/2023\/06\/WhatsApp-Image-2023-06-19-at-11.01.50-1.jpeg","width":354,"height":354,"caption":"Lisbon Public Law"},"image":{"@id":"https:\/\/lisbonpubliclaw.pt\/#\/schema\/logo\/image\/"}}]}},"_links":{"self":[{"href":"https:\/\/lisbonpubliclaw.pt\/en\/wp-json\/wp\/v2\/open-calls\/8537","targetHints":{"allow":["GET"]}}],"collection":[{"href":"https:\/\/lisbonpubliclaw.pt\/en\/wp-json\/wp\/v2\/open-calls"}],"about":[{"href":"https:\/\/lisbonpubliclaw.pt\/en\/wp-json\/wp\/v2\/types\/open-calls"}],"wp:attachment":[{"href":"https:\/\/lisbonpubliclaw.pt\/en\/wp-json\/wp\/v2\/media?parent=8537"}],"wp:term":[{"taxonomy":"cluster","embeddable":true,"href":"https:\/\/lisbonpubliclaw.pt\/en\/wp-json\/wp\/v2\/cluster?post=8537"},{"taxonomy":"categoria-da-open-call","embeddable":true,"href":"https:\/\/lisbonpubliclaw.pt\/en\/wp-json\/wp\/v2\/categoria-da-open-call?post=8537"},{"taxonomy":"grupo-de-investigacao","embeddable":true,"href":"https:\/\/lisbonpubliclaw.pt\/en\/wp-json\/wp\/v2\/grupo-de-investigacao?post=8537"}],"curies":[{"name":"wp","href":"https:\/\/api.w.org\/{rel}","templated":true}]}}

<p>The <strong>Carbon &amp; Climate Law Review (CCLR)</strong> invites the submission of papers for a special issue, edited by <strong>LPL researchers and collaborators Heloísa Oliveira, Matteo Fermeglia, and Aylin Yildiz</strong> <strong>Noorda,</strong> and dedicated to the issue of sea-level rise and its legal implications.</p>



<p>Este número especial visa explorar as diversas abordagens legais para enfrentar os desafios trazidos pelas mudanças climáticas e o aumento do nível do mar, com foco em perspetivas internacionais, regionais e locais. Serão bem-vindos artigos que abordem a formação de normas internacionais, o papel das organizações regionais e subregionais, inovações nacionais em políticas governamentais e corporativas, bem como o impacto da litigância climática. As contribuições podem abranger áreas como o direito do mar, os direitos humanos, a responsabilidade empresarial e os direitos da natureza, entre outras.</p>



<p>Interested parties are invited to submit articles, reports, and book reviews in English, which will undergo a peer-review process. The <strong>deadline for submissions is 15 May 2025,</strong>and papers should be sent to <a href="mailto:environmental-law@lisbonpubliclaw.pt" target="_blank" rel="noreferrer noopener">environmental-law@lisbonpubliclaw.pt</a>with the subject line:<strong>"CCLR Special Issue Submission</strong>’.</p>

<!-- This site is optimized with the Yoast SEO plugin v27.5 - https://yoast.com/product/yoast-seo-wordpress/ -->
<title>Call for papers | Carbon &amp; Climate Law Review (CCLR) - Lisbon Public Law</title>
<meta name="robots" content="index, follow, max-snippet:-1, max-image-preview:large, max-video-preview:-1" />
<link rel="canonical" href="https://lisbonpubliclaw.pt/en/open-calls/call-for-papers-carbon-climate-law-review-cclr/" />
<meta property="og:locale" content="en_US" />
<meta property="og:type" content="article" />
<meta property="og:title" content="Call for papers | Carbon &amp; Climate Law Review (CCLR) - Lisbon Public Law" />
<meta property="og:description" content="A Carbon &amp; Climate Law Review (CCLR) convida à submissão de artigos para um número especial, editado pelos investigadores e colaboradores LPL Heloísa Oliveira, Matteo Fermeglia e Aylin Yildiz Noorda, dedicado à questão do aumento do nível do mar e suas implicações legais. Este número especial visa explorar as diversas abordagens legais para enfrentar os [&hellip;]" />
<meta property="og:url" content="https://lisbonpubliclaw.pt/en/open-calls/call-for-papers-carbon-climate-law-review-cclr/" />
<meta property="og:site_name" content="Lisbon Public Law" />
<meta property="article:modified_time" content="2025-02-27T16:23:34+00:00" />
<meta name="twitter:card" content="summary_large_image" />
<meta name="twitter:label1" content="Est. reading time" />
	<meta name="twitter:data1" content="1 minute" />
<script type="application/ld+json" class="yoast-schema-graph">{"@context":"https:\/\/schema.org","@graph":[{"@type":"WebPage","@id":"https:\/\/lisbonpubliclaw.pt\/open-calls\/call-for-papers-carbon-climate-law-review-cclr\/","url":"https:\/\/lisbonpubliclaw.pt\/open-calls\/call-for-papers-carbon-climate-law-review-cclr\/","name":"Call for papers | Carbon &amp; Climate Law Review (CCLR) - Lisbon Public Law","isPartOf":{"@id":"https:\/\/lisbonpubliclaw.pt\/#website"},"datePublished":"2025-02-27T14:57:26+00:00","dateModified":"2025-02-27T16:23:34+00:00","breadcrumb":{"@id":"https:\/\/lisbonpubliclaw.pt\/open-calls\/call-for-papers-carbon-climate-law-review-cclr\/#breadcrumb"},"inLanguage":"en-US","potentialAction":[{"@type":"ReadAction","target":["https:\/\/lisbonpubliclaw.pt\/open-calls\/call-for-papers-carbon-climate-law-review-cclr\/"]}]},{"@type":"BreadcrumbList","@id":"https:\/\/lisbonpubliclaw.pt\/open-calls\/call-for-papers-carbon-climate-law-review-cclr\/#breadcrumb","itemListElement":[{"@type":"ListItem","position":1,"name":"Home","item":"https:\/\/lisbonpubliclaw.pt\/"},{"@type":"ListItem","position":2,"name":"Open Calls","item":"https:\/\/lisbonpubliclaw.pt\/open-calls\/"},{"@type":"ListItem","position":3,"name":"Call for papers | Carbon &amp; Climate Law Review (CCLR)"}]},{"@type":"WebSite","@id":"https:\/\/lisbonpubliclaw.pt\/#website","url":"https:\/\/lisbonpubliclaw.pt\/","name":"Lisbon Public Law","description":"Public Law Research Centre in Lisbon","publisher":{"@id":"https:\/\/lisbonpubliclaw.pt\/#organization"},"potentialAction":[{"@type":"SearchAction","target":{"@type":"EntryPoint","urlTemplate":"https:\/\/lisbonpubliclaw.pt\/?s={search_term_string}"},"query-input":{"@type":"PropertyValueSpecification","valueRequired":true,"valueName":"search_term_string"}}],"inLanguage":"en-US"},{"@type":"Organization","@id":"https:\/\/lisbonpubliclaw.pt\/#organization","name":"Lisbon Public Law","url":"https:\/\/lisbonpubliclaw.pt\/","logo":{"@type":"ImageObject","inLanguage":"en-US","@id":"https:\/\/lisbonpubliclaw.pt\/#\/schema\/logo\/image\/","url":"https:\/\/lisbonpubliclaw.pt\/wp-content\/uploads\/2023\/06\/WhatsApp-Image-2023-06-19-at-11.01.50-1.jpeg","contentUrl":"https:\/\/lisbonpubliclaw.pt\/wp-content\/uploads\/2023\/06\/WhatsApp-Image-2023-06-19-at-11.01.50-1.jpeg","width":354,"height":354,"caption":"Lisbon Public Law"},"image":{"@id":"https:\/\/lisbonpubliclaw.pt\/#\/schema\/logo\/image\/"}}]}</script>
<!-- / Yoast SEO plugin. -->

A Carbon &amp; Climate Law Review (CCLR) convida à submissão de artigos para um número especial, editado pelos investigadores e colaboradores LPL Heloísa Oliveira, Matteo Fermeglia e Aylin Yildiz Noorda, dedicado à questão do aumento do nível do mar e suas implicações legais. Este número especial visa explorar as diversas abordagens legais para enfrentar os [&hellip;]
