{"id":4276,"date":"2023-08-16T14:07:43","date_gmt":"2023-08-16T14:07:43","guid":{"rendered":"https:\/\/lisbonpubliclaw.pt\/?post_type=open-calls&#038;p=4276"},"modified":"2024-01-11T16:17:49","modified_gmt":"2024-01-11T16:17:49","slug":"contrato-de-prestacao-de-servicos","status":"publish","type":"open-calls","link":"https:\/\/lisbonpubliclaw.pt\/en\/open-calls\/contrato-de-prestacao-de-servicos\/","title":{"rendered":"Senior Technician\/Technical Assistant under a services agreement"},"content":{"rendered":"<p>The ICJP Management decided to open a selection competition for a post of senior technician\/technical assistant for science management and administration, under a service provision contract. The activities to be carried out will be integrated into the work plan of the Lisbon Public Law Research Center (LPL) for 2022\u20132024 within the scope of Programmatic Financing with reference UIDP\/004310\/2020, financed by national funds through the Funda\u00e7\u00e3o para a Ci\u00eancia e a Tecnologia, I.P. (FCT).&nbsp;<\/p>\n\n\n\n<p>Application deadline: 17:00, 15.09.2023.<\/p>\n\n\n\n<p>See <a href=\"https:\/\/lisbonpubliclaw.pt\/wp-content\/uploads\/2023\/08\/Edital-Secretariado.pdf\">full notice<\/a> for more informations.<\/p>\n\n\n\n<p>Resultados: <a href=\"https:\/\/lisbonpubliclaw.sharepoint.com\/:b:\/s\/Externos\/EcIxxZ7qkB9Cvy2-wfjKB-EBqWEP_Vf7-EvvPlWF4YHeUQ?e=xeftcV\">Ata1<\/a> and <a href=\"https:\/\/lisbonpubliclaw.sharepoint.com\/:b:\/s\/Externos\/ES4wBnbe68FFodhQX_xhNLABUocvriGqJ7pomQO6Wpehfg?e=mKTi53\">Ata2<\/a><\/p>","protected":false},"menu_order":0,"template":"","format":"standard","meta":[],"cluster":[],"categoria-da-open-call":[35],"grupo-de-investigacao":[41],"class_list":["post-4276","open-calls","type-open-calls","status-publish","format-standard","hentry","categoria-da-open-call-contratacao","grupo-de-investigacao-lisbon-public-law"],"yoast_head":"<!-- This site is optimized with the Yoast SEO plugin v27.5 - https:\/\/yoast.com\/product\/yoast-seo-wordpress\/ -->\n<title>Contrato de presta\u00e7\u00e3o de servi\u00e7os - Lisbon Public Law<\/title>\n<meta name=\"description\" content=\"Concurso de sele\u00e7\u00e3o para t\u00e9cnico\/assistente de gest\u00e3o e administra\u00e7\u00e3o de ci\u00eancia, em regime de contrato de presta\u00e7\u00e3o de servi\u00e7os.\" \/>\n<meta name=\"robots\" content=\"index, follow, max-snippet:-1, max-image-preview:large, max-video-preview:-1\" \/>\n<link rel=\"canonical\" href=\"https:\/\/lisbonpubliclaw.pt\/en\/open-calls\/contrato-de-prestacao-de-servicos\/\" \/>\n<meta property=\"og:locale\" content=\"en_US\" \/>\n<meta property=\"og:type\" content=\"article\" \/>\n<meta property=\"og:title\" content=\"Contrato de presta\u00e7\u00e3o de servi\u00e7os - Lisbon Public Law\" \/>\n<meta property=\"og:description\" content=\"Concurso de sele\u00e7\u00e3o para t\u00e9cnico\/assistente de gest\u00e3o e administra\u00e7\u00e3o de ci\u00eancia, em regime de contrato de presta\u00e7\u00e3o de servi\u00e7os.\" \/>\n<meta property=\"og:url\" content=\"https:\/\/lisbonpubliclaw.pt\/en\/open-calls\/contrato-de-prestacao-de-servicos\/\" \/>\n<meta property=\"og:site_name\" content=\"Lisbon Public Law\" \/>\n<meta property=\"article:modified_time\" content=\"2024-01-11T16:17:49+00:00\" \/>\n<meta name=\"twitter:card\" content=\"summary_large_image\" \/>\n<meta name=\"twitter:label1\" content=\"Est. reading time\" \/>\n\t<meta name=\"twitter:data1\" content=\"1 minute\" \/>\n<script type=\"application\/ld+json\" class=\"yoast-schema-graph\">{\"@context\":\"https:\\\/\\\/schema.org\",\"@graph\":[{\"@type\":\"WebPage\",\"@id\":\"https:\\\/\\\/lisbonpubliclaw.pt\\\/open-calls\\\/contrato-de-prestacao-de-servicos\\\/\",\"url\":\"https:\\\/\\\/lisbonpubliclaw.pt\\\/open-calls\\\/contrato-de-prestacao-de-servicos\\\/\",\"name\":\"Contrato de presta\u00e7\u00e3o de servi\u00e7os - Lisbon Public Law\",\"isPartOf\":{\"@id\":\"https:\\\/\\\/lisbonpubliclaw.pt\\\/#website\"},\"datePublished\":\"2023-08-16T14:07:43+00:00\",\"dateModified\":\"2024-01-11T16:17:49+00:00\",\"description\":\"Concurso de sele\u00e7\u00e3o para t\u00e9cnico\\\/assistente de gest\u00e3o e administra\u00e7\u00e3o de ci\u00eancia, em regime de contrato de presta\u00e7\u00e3o de servi\u00e7os.\",\"breadcrumb\":{\"@id\":\"https:\\\/\\\/lisbonpubliclaw.pt\\\/open-calls\\\/contrato-de-prestacao-de-servicos\\\/#breadcrumb\"},\"inLanguage\":\"en-US\",\"potentialAction\":[{\"@type\":\"ReadAction\",\"target\":[\"https:\\\/\\\/lisbonpubliclaw.pt\\\/open-calls\\\/contrato-de-prestacao-de-servicos\\\/\"]}]},{\"@type\":\"BreadcrumbList\",\"@id\":\"https:\\\/\\\/lisbonpubliclaw.pt\\\/open-calls\\\/contrato-de-prestacao-de-servicos\\\/#breadcrumb\",\"itemListElement\":[{\"@type\":\"ListItem\",\"position\":1,\"name\":\"Home\",\"item\":\"https:\\\/\\\/lisbonpubliclaw.pt\\\/\"},{\"@type\":\"ListItem\",\"position\":2,\"name\":\"Open Calls\",\"item\":\"https:\\\/\\\/lisbonpubliclaw.pt\\\/open-calls\\\/\"},{\"@type\":\"ListItem\",\"position\":3,\"name\":\"Contrato de presta\u00e7\u00e3o de servi\u00e7os\"}]},{\"@type\":\"WebSite\",\"@id\":\"https:\\\/\\\/lisbonpubliclaw.pt\\\/#website\",\"url\":\"https:\\\/\\\/lisbonpubliclaw.pt\\\/\",\"name\":\"Lisbon Public Law\",\"description\":\"Public Law Research Centre in Lisbon\",\"publisher\":{\"@id\":\"https:\\\/\\\/lisbonpubliclaw.pt\\\/#organization\"},\"potentialAction\":[{\"@type\":\"SearchAction\",\"target\":{\"@type\":\"EntryPoint\",\"urlTemplate\":\"https:\\\/\\\/lisbonpubliclaw.pt\\\/?s={search_term_string}\"},\"query-input\":{\"@type\":\"PropertyValueSpecification\",\"valueRequired\":true,\"valueName\":\"search_term_string\"}}],\"inLanguage\":\"en-US\"},{\"@type\":\"Organization\",\"@id\":\"https:\\\/\\\/lisbonpubliclaw.pt\\\/#organization\",\"name\":\"Lisbon Public Law\",\"url\":\"https:\\\/\\\/lisbonpubliclaw.pt\\\/\",\"logo\":{\"@type\":\"ImageObject\",\"inLanguage\":\"en-US\",\"@id\":\"https:\\\/\\\/lisbonpubliclaw.pt\\\/#\\\/schema\\\/logo\\\/image\\\/\",\"url\":\"https:\\\/\\\/lisbonpubliclaw.pt\\\/wp-content\\\/uploads\\\/2023\\\/06\\\/WhatsApp-Image-2023-06-19-at-11.01.50-1.jpeg\",\"contentUrl\":\"https:\\\/\\\/lisbonpubliclaw.pt\\\/wp-content\\\/uploads\\\/2023\\\/06\\\/WhatsApp-Image-2023-06-19-at-11.01.50-1.jpeg\",\"width\":354,\"height\":354,\"caption\":\"Lisbon Public Law\"},\"image\":{\"@id\":\"https:\\\/\\\/lisbonpubliclaw.pt\\\/#\\\/schema\\\/logo\\\/image\\\/\"}}]}<\/script>\n<!-- \/ Yoast SEO plugin. -->","yoast_head_json":{"title":"Contrato de presta\u00e7\u00e3o de servi\u00e7os - Lisbon Public Law","description":"Concurso de sele\u00e7\u00e3o para t\u00e9cnico\/assistente de gest\u00e3o e administra\u00e7\u00e3o de ci\u00eancia, em regime de contrato de presta\u00e7\u00e3o de servi\u00e7os.","robots":{"index":"index","follow":"follow","max-snippet":"max-snippet:-1","max-image-preview":"max-image-preview:large","max-video-preview":"max-video-preview:-1"},"canonical":"https:\/\/lisbonpubliclaw.pt\/en\/open-calls\/contrato-de-prestacao-de-servicos\/","og_locale":"en_US","og_type":"article","og_title":"Contrato de presta\u00e7\u00e3o de servi\u00e7os - Lisbon Public Law","og_description":"Concurso de sele\u00e7\u00e3o para t\u00e9cnico\/assistente de gest\u00e3o e administra\u00e7\u00e3o de ci\u00eancia, em regime de contrato de presta\u00e7\u00e3o de servi\u00e7os.","og_url":"https:\/\/lisbonpubliclaw.pt\/en\/open-calls\/contrato-de-prestacao-de-servicos\/","og_site_name":"Lisbon Public Law","article_modified_time":"2024-01-11T16:17:49+00:00","twitter_card":"summary_large_image","twitter_misc":{"Est. reading time":"1 minute"},"schema":{"@context":"https:\/\/schema.org","@graph":[{"@type":"WebPage","@id":"https:\/\/lisbonpubliclaw.pt\/open-calls\/contrato-de-prestacao-de-servicos\/","url":"https:\/\/lisbonpubliclaw.pt\/open-calls\/contrato-de-prestacao-de-servicos\/","name":"Contrato de presta\u00e7\u00e3o de servi\u00e7os - Lisbon Public Law","isPartOf":{"@id":"https:\/\/lisbonpubliclaw.pt\/#website"},"datePublished":"2023-08-16T14:07:43+00:00","dateModified":"2024-01-11T16:17:49+00:00","description":"Concurso de sele\u00e7\u00e3o para t\u00e9cnico\/assistente de gest\u00e3o e administra\u00e7\u00e3o de ci\u00eancia, em regime de contrato de presta\u00e7\u00e3o de servi\u00e7os.","breadcrumb":{"@id":"https:\/\/lisbonpubliclaw.pt\/open-calls\/contrato-de-prestacao-de-servicos\/#breadcrumb"},"inLanguage":"en-US","potentialAction":[{"@type":"ReadAction","target":["https:\/\/lisbonpubliclaw.pt\/open-calls\/contrato-de-prestacao-de-servicos\/"]}]},{"@type":"BreadcrumbList","@id":"https:\/\/lisbonpubliclaw.pt\/open-calls\/contrato-de-prestacao-de-servicos\/#breadcrumb","itemListElement":[{"@type":"ListItem","position":1,"name":"Home","item":"https:\/\/lisbonpubliclaw.pt\/"},{"@type":"ListItem","position":2,"name":"Open Calls","item":"https:\/\/lisbonpubliclaw.pt\/open-calls\/"},{"@type":"ListItem","position":3,"name":"Contrato de presta\u00e7\u00e3o de servi\u00e7os"}]},{"@type":"WebSite","@id":"https:\/\/lisbonpubliclaw.pt\/#website","url":"https:\/\/lisbonpubliclaw.pt\/","name":"Lisbon Public Law","description":"Public Law Research Centre in Lisbon","publisher":{"@id":"https:\/\/lisbonpubliclaw.pt\/#organization"},"potentialAction":[{"@type":"SearchAction","target":{"@type":"EntryPoint","urlTemplate":"https:\/\/lisbonpubliclaw.pt\/?s={search_term_string}"},"query-input":{"@type":"PropertyValueSpecification","valueRequired":true,"valueName":"search_term_string"}}],"inLanguage":"en-US"},{"@type":"Organization","@id":"https:\/\/lisbonpubliclaw.pt\/#organization","name":"Lisbon Public Law","url":"https:\/\/lisbonpubliclaw.pt\/","logo":{"@type":"ImageObject","inLanguage":"en-US","@id":"https:\/\/lisbonpubliclaw.pt\/#\/schema\/logo\/image\/","url":"https:\/\/lisbonpubliclaw.pt\/wp-content\/uploads\/2023\/06\/WhatsApp-Image-2023-06-19-at-11.01.50-1.jpeg","contentUrl":"https:\/\/lisbonpubliclaw.pt\/wp-content\/uploads\/2023\/06\/WhatsApp-Image-2023-06-19-at-11.01.50-1.jpeg","width":354,"height":354,"caption":"Lisbon Public Law"},"image":{"@id":"https:\/\/lisbonpubliclaw.pt\/#\/schema\/logo\/image\/"}}]}},"_links":{"self":[{"href":"https:\/\/lisbonpubliclaw.pt\/en\/wp-json\/wp\/v2\/open-calls\/4276","targetHints":{"allow":["GET"]}}],"collection":[{"href":"https:\/\/lisbonpubliclaw.pt\/en\/wp-json\/wp\/v2\/open-calls"}],"about":[{"href":"https:\/\/lisbonpubliclaw.pt\/en\/wp-json\/wp\/v2\/types\/open-calls"}],"wp:attachment":[{"href":"https:\/\/lisbonpubliclaw.pt\/en\/wp-json\/wp\/v2\/media?parent=4276"}],"wp:term":[{"taxonomy":"cluster","embeddable":true,"href":"https:\/\/lisbonpubliclaw.pt\/en\/wp-json\/wp\/v2\/cluster?post=4276"},{"taxonomy":"categoria-da-open-call","embeddable":true,"href":"https:\/\/lisbonpubliclaw.pt\/en\/wp-json\/wp\/v2\/categoria-da-open-call?post=4276"},{"taxonomy":"grupo-de-investigacao","embeddable":true,"href":"https:\/\/lisbonpubliclaw.pt\/en\/wp-json\/wp\/v2\/grupo-de-investigacao?post=4276"}],"curies":[{"name":"wp","href":"https:\/\/api.w.org\/{rel}","templated":true}]}}

<p>The ICJP Management decided to open a selection competition for a post of senior technician/technical assistant for science management and administration, under a service provision contract. The activities to be carried out will be integrated into the work plan of the Lisbon Public Law Research Center (LPL) for 2022–2024 within the scope of Programmatic Financing with reference UIDP/004310/2020, financed by national funds through the Fundação para a Ciência e a Tecnologia, I.P. (FCT).&nbsp;</p>



<p>Application deadline: 17:00, 15.09.2023.</p>



<p>See <a href="https://lisbonpubliclaw.pt/wp-content/uploads/2023/08/Edital-Secretariado.pdf">full notice</a> for more informations.</p>



<p>Resultados: <a href="https://lisbonpubliclaw.sharepoint.com/:b:/s/Externos/EcIxxZ7qkB9Cvy2-wfjKB-EBqWEP_Vf7-EvvPlWF4YHeUQ?e=xeftcV">Ata1</a> and <a href="https://lisbonpubliclaw.sharepoint.com/:b:/s/Externos/ES4wBnbe68FFodhQX_xhNLABUocvriGqJ7pomQO6Wpehfg?e=mKTi53">Ata2</a></p>

<!-- This site is optimized with the Yoast SEO plugin v27.5 - https://yoast.com/product/yoast-seo-wordpress/ -->
<title>Contrato de prestação de serviços - Lisbon Public Law</title>
<meta name="description" content="Concurso de seleção para técnico/assistente de gestão e administração de ciência, em regime de contrato de prestação de serviços." />
<meta name="robots" content="index, follow, max-snippet:-1, max-image-preview:large, max-video-preview:-1" />
<link rel="canonical" href="https://lisbonpubliclaw.pt/en/open-calls/contrato-de-prestacao-de-servicos/" />
<meta property="og:locale" content="en_US" />
<meta property="og:type" content="article" />
<meta property="og:title" content="Contrato de prestação de serviços - Lisbon Public Law" />
<meta property="og:description" content="Concurso de seleção para técnico/assistente de gestão e administração de ciência, em regime de contrato de prestação de serviços." />
<meta property="og:url" content="https://lisbonpubliclaw.pt/en/open-calls/contrato-de-prestacao-de-servicos/" />
<meta property="og:site_name" content="Lisbon Public Law" />
<meta property="article:modified_time" content="2024-01-11T16:17:49+00:00" />
<meta name="twitter:card" content="summary_large_image" />
<meta name="twitter:label1" content="Est. reading time" />
	<meta name="twitter:data1" content="1 minute" />
<script type="application/ld+json" class="yoast-schema-graph">{"@context":"https:\/\/schema.org","@graph":[{"@type":"WebPage","@id":"https:\/\/lisbonpubliclaw.pt\/open-calls\/contrato-de-prestacao-de-servicos\/","url":"https:\/\/lisbonpubliclaw.pt\/open-calls\/contrato-de-prestacao-de-servicos\/","name":"Contrato de prestação de serviços - Lisbon Public Law","isPartOf":{"@id":"https:\/\/lisbonpubliclaw.pt\/#website"},"datePublished":"2023-08-16T14:07:43+00:00","dateModified":"2024-01-11T16:17:49+00:00","description":"Concurso de seleção para técnico\/assistente de gestão e administração de ciência, em regime de contrato de prestação de serviços.","breadcrumb":{"@id":"https:\/\/lisbonpubliclaw.pt\/open-calls\/contrato-de-prestacao-de-servicos\/#breadcrumb"},"inLanguage":"en-US","potentialAction":[{"@type":"ReadAction","target":["https:\/\/lisbonpubliclaw.pt\/open-calls\/contrato-de-prestacao-de-servicos\/"]}]},{"@type":"BreadcrumbList","@id":"https:\/\/lisbonpubliclaw.pt\/open-calls\/contrato-de-prestacao-de-servicos\/#breadcrumb","itemListElement":[{"@type":"ListItem","position":1,"name":"Home","item":"https:\/\/lisbonpubliclaw.pt\/"},{"@type":"ListItem","position":2,"name":"Open Calls","item":"https:\/\/lisbonpubliclaw.pt\/open-calls\/"},{"@type":"ListItem","position":3,"name":"Contrato de prestação de serviços"}]},{"@type":"WebSite","@id":"https:\/\/lisbonpubliclaw.pt\/#website","url":"https:\/\/lisbonpubliclaw.pt\/","name":"Lisbon Public Law","description":"Public Law Research Centre in Lisbon","publisher":{"@id":"https:\/\/lisbonpubliclaw.pt\/#organization"},"potentialAction":[{"@type":"SearchAction","target":{"@type":"EntryPoint","urlTemplate":"https:\/\/lisbonpubliclaw.pt\/?s={search_term_string}"},"query-input":{"@type":"PropertyValueSpecification","valueRequired":true,"valueName":"search_term_string"}}],"inLanguage":"en-US"},{"@type":"Organization","@id":"https:\/\/lisbonpubliclaw.pt\/#organization","name":"Lisbon Public Law","url":"https:\/\/lisbonpubliclaw.pt\/","logo":{"@type":"ImageObject","inLanguage":"en-US","@id":"https:\/\/lisbonpubliclaw.pt\/#\/schema\/logo\/image\/","url":"https:\/\/lisbonpubliclaw.pt\/wp-content\/uploads\/2023\/06\/WhatsApp-Image-2023-06-19-at-11.01.50-1.jpeg","contentUrl":"https:\/\/lisbonpubliclaw.pt\/wp-content\/uploads\/2023\/06\/WhatsApp-Image-2023-06-19-at-11.01.50-1.jpeg","width":354,"height":354,"caption":"Lisbon Public Law"},"image":{"@id":"https:\/\/lisbonpubliclaw.pt\/#\/schema\/logo\/image\/"}}]}</script>
<!-- / Yoast SEO plugin. -->

Contrato de prestação de serviços - Lisbon Public Law

Concurso de seleção para técnico/assistente de gestão e administração de ciência, em regime de contrato de prestação de serviços.

Contrato de prestação de serviços
