{"id":1832,"date":"2023-06-16T16:21:38","date_gmt":"2023-06-16T16:21:38","guid":{"rendered":"https:\/\/lisbonpubliclaw.pt\/investigadores\/jose-miguel-figueiredo\/"},"modified":"2025-02-17T10:49:49","modified_gmt":"2025-02-17T10:49:49","slug":"jose-miguel-figueiredo","status":"publish","type":"investigadores","link":"https:\/\/lisbonpubliclaw.pt\/en\/investigadores\/jose-miguel-figueiredo\/","title":{"rendered":"Jos\u00e9 Miguel Figueiredo"},"content":{"rendered":"","protected":false},"template":"","meta":{"foto-do-investigador":"https:\/\/lisbonpubliclaw.pt\/wp-content\/uploads\/2023\/06\/JoseMiguelFigueiredo.png","nome-do-investigador":"Jos\u00e9 Miguel Figueiredo","cargo-do-investigador":"Investigador Colaborador","email-do-investigador":"mailto:jose.miguel.figueiredo@gmail.com ","cv-do-investigador":"","orcid":"","ciencia-id":"5C1D-973F-9968","areas-de-investigacao":"","short-bio-investigadores":"Jos\u00e9 Miguel Figueiredo \u00e9 consultor internacional do Programa das Na\u00e7\u00f5es Unidas para o Desenvolvimento (PNUD), em S\u00e3o Tom\u00e9 e Pr\u00edncipe, com in\u00edcio de fun\u00e7\u00f5es a 1 de novembro de 2024, com a miss\u00e3o de operacionalizar e dinamizar o Centro de Arbitragem da C\u00e2mara de Com\u00e9rcio, Ind\u00fastria, Agricultura e Servi\u00e7os, de S\u00e3o Tom\u00e9 e Pr\u00edncipe. \u00c9 tamb\u00e9m, desde dezembro de 2024, Of Counsel, na DLA Piper, Portugal. Desempenhou fun\u00e7\u00f5es para o Governo portugu\u00eas, no minist\u00e9rio da Economia, como Chefe do Gabinete do Secret\u00e1rio de Estado do Turismo, Com\u00e9rcio, Servi\u00e7os; Chefe do Gabinete da Secret\u00e1ria de Estado do Turismo, Co-m\u00e9rcio, Servi\u00e7os; Chefe do Gabinete em substitui\u00e7\u00e3o e adjunto do Secret\u00e1rio de Estado do Com\u00e9rcio, Servi\u00e7os e Defesa do Consumidor. Desempenhou, tamb\u00e9m, fun\u00e7\u00f5es para o Governo de Macau, como Assessor, na Direc\u00e7\u00e3o dos Servi\u00e7os da Reforma Jur\u00eddica e do Direito Internacional, e como Chefe de Divis\u00e3o e Chefia Funcional, na Direc\u00e7\u00e3o dos Servi\u00e7os de Assuntos de Justi\u00e7a. Foi assistente-convidado, na Faculdade de Direito da Universidade de Lisboa, advogado estagi\u00e1rio na PLMJ \u2013 Sociedade de Advogados e consultor na AAMM \u2013 Sociedade de Advogados. \u00c9 autor de mais de 40 publica\u00e7\u00f5es cient\u00edficas, entre monografias, cap\u00edtulos de livros e artigos.","link-pagina-pessoal":"https:\/\/www.linkedin.com\/in\/jos%C3%A9-miguel-figueiredo-a2619ba\/"},"efetivos-assistentes":[],"members-fellows":[],"cluster":[],"categoria-do-investigador":[15],"grupo-de-investigacao":[],"class_list":["post-1832","investigadores","type-investigadores","status-publish","has-post-thumbnail","hentry","categoria-do-investigador-colaborador"],"yoast_head":"<!-- This site is optimized with the Yoast SEO plugin v27.5 - https:\/\/yoast.com\/product\/yoast-seo-wordpress\/ -->\n<title>Jos\u00e9 Miguel Figueiredo<\/title>\n<meta name=\"robots\" content=\"index, follow, max-snippet:-1, max-image-preview:large, max-video-preview:-1\" \/>\n<link rel=\"canonical\" href=\"https:\/\/lisbonpubliclaw.pt\/en\/investigadores\/jose-miguel-figueiredo\/\" \/>\n<meta property=\"og:locale\" content=\"en_US\" \/>\n<meta property=\"og:type\" content=\"article\" \/>\n<meta property=\"og:title\" content=\"Jos\u00e9 Miguel Figueiredo\" \/>\n<meta property=\"og:description\" content=\"Investigador Colaborador\" \/>\n<meta property=\"og:url\" content=\"https:\/\/lisbonpubliclaw.pt\/en\/investigadores\/jose-miguel-figueiredo\/\" \/>\n<meta property=\"og:site_name\" content=\"Lisbon Public Law\" \/>\n<meta property=\"article:modified_time\" content=\"2025-02-17T10:49:49+00:00\" \/>\n<meta property=\"og:image\" content=\"https:\/\/lisbonpubliclaw.pt\/wp-content\/uploads\/2023\/05\/imagemnoticia.jpg\" \/>\n\t<meta property=\"og:image:width\" content=\"476\" \/>\n\t<meta property=\"og:image:height\" content=\"476\" \/>\n\t<meta property=\"og:image:type\" content=\"image\/jpeg\" \/>\n<meta name=\"twitter:card\" content=\"summary_large_image\" \/>\n<script type=\"application\/ld+json\" class=\"yoast-schema-graph\">{\"@context\":\"https:\\\/\\\/schema.org\",\"@graph\":[{\"@type\":[\"WebPage\",\"ProfilePage\"],\"@id\":\"https:\\\/\\\/lisbonpubliclaw.pt\\\/investigadores\\\/jose-miguel-figueiredo\\\/\",\"url\":\"https:\\\/\\\/lisbonpubliclaw.pt\\\/investigadores\\\/jose-miguel-figueiredo\\\/\",\"name\":\"Jos\u00e9 Miguel Figueiredo\",\"isPartOf\":{\"@id\":\"https:\\\/\\\/lisbonpubliclaw.pt\\\/#website\"},\"primaryImageOfPage\":{\"@id\":\"https:\\\/\\\/lisbonpubliclaw.pt\\\/investigadores\\\/jose-miguel-figueiredo\\\/#primaryimage\"},\"image\":{\"@id\":\"https:\\\/\\\/lisbonpubliclaw.pt\\\/investigadores\\\/jose-miguel-figueiredo\\\/#primaryimage\"},\"thumbnailUrl\":\"https:\\\/\\\/lisbonpubliclaw.pt\\\/wp-content\\\/uploads\\\/2023\\\/05\\\/imagemnoticia.jpg\",\"datePublished\":\"2023-06-16T16:21:38+00:00\",\"dateModified\":\"2025-02-17T10:49:49+00:00\",\"breadcrumb\":{\"@id\":\"https:\\\/\\\/lisbonpubliclaw.pt\\\/investigadores\\\/jose-miguel-figueiredo\\\/#breadcrumb\"},\"inLanguage\":\"en-US\",\"potentialAction\":[{\"@type\":\"ReadAction\",\"target\":[\"https:\\\/\\\/lisbonpubliclaw.pt\\\/investigadores\\\/jose-miguel-figueiredo\\\/\"]}]},{\"@type\":\"ImageObject\",\"inLanguage\":\"en-US\",\"@id\":\"https:\\\/\\\/lisbonpubliclaw.pt\\\/investigadores\\\/jose-miguel-figueiredo\\\/#primaryimage\",\"url\":\"https:\\\/\\\/lisbonpubliclaw.pt\\\/wp-content\\\/uploads\\\/2023\\\/05\\\/imagemnoticia.jpg\",\"contentUrl\":\"https:\\\/\\\/lisbonpubliclaw.pt\\\/wp-content\\\/uploads\\\/2023\\\/05\\\/imagemnoticia.jpg\",\"width\":476,\"height\":476},{\"@type\":\"BreadcrumbList\",\"@id\":\"https:\\\/\\\/lisbonpubliclaw.pt\\\/investigadores\\\/jose-miguel-figueiredo\\\/#breadcrumb\",\"itemListElement\":[{\"@type\":\"ListItem\",\"position\":1,\"name\":\"Home\",\"item\":\"https:\\\/\\\/lisbonpubliclaw.pt\\\/\"},{\"@type\":\"ListItem\",\"position\":2,\"name\":\"Investigadores\",\"item\":\"https:\\\/\\\/lisbonpubliclaw.pt\\\/investigadores\\\/\"},{\"@type\":\"ListItem\",\"position\":3,\"name\":\"Jos\u00e9 Miguel Figueiredo\"}]},{\"@type\":\"WebSite\",\"@id\":\"https:\\\/\\\/lisbonpubliclaw.pt\\\/#website\",\"url\":\"https:\\\/\\\/lisbonpubliclaw.pt\\\/\",\"name\":\"Lisbon Public Law\",\"description\":\"Public Law Research Centre in Lisbon\",\"publisher\":{\"@id\":\"https:\\\/\\\/lisbonpubliclaw.pt\\\/#organization\"},\"potentialAction\":[{\"@type\":\"SearchAction\",\"target\":{\"@type\":\"EntryPoint\",\"urlTemplate\":\"https:\\\/\\\/lisbonpubliclaw.pt\\\/?s={search_term_string}\"},\"query-input\":{\"@type\":\"PropertyValueSpecification\",\"valueRequired\":true,\"valueName\":\"search_term_string\"}}],\"inLanguage\":\"en-US\"},{\"@type\":\"Organization\",\"@id\":\"https:\\\/\\\/lisbonpubliclaw.pt\\\/#organization\",\"name\":\"Lisbon Public Law\",\"url\":\"https:\\\/\\\/lisbonpubliclaw.pt\\\/\",\"logo\":{\"@type\":\"ImageObject\",\"inLanguage\":\"en-US\",\"@id\":\"https:\\\/\\\/lisbonpubliclaw.pt\\\/#\\\/schema\\\/logo\\\/image\\\/\",\"url\":\"https:\\\/\\\/lisbonpubliclaw.pt\\\/wp-content\\\/uploads\\\/2023\\\/06\\\/WhatsApp-Image-2023-06-19-at-11.01.50-1.jpeg\",\"contentUrl\":\"https:\\\/\\\/lisbonpubliclaw.pt\\\/wp-content\\\/uploads\\\/2023\\\/06\\\/WhatsApp-Image-2023-06-19-at-11.01.50-1.jpeg\",\"width\":354,\"height\":354,\"caption\":\"Lisbon Public Law\"},\"image\":{\"@id\":\"https:\\\/\\\/lisbonpubliclaw.pt\\\/#\\\/schema\\\/logo\\\/image\\\/\"},\"mainEntityOfPage\":{\"@id\":\"https:\\\/\\\/lisbonpubliclaw.pt\\\/investigadores\\\/jose-miguel-figueiredo\\\/\"}}]}<\/script>\n<!-- \/ Yoast SEO plugin. -->","yoast_head_json":{"title":"Jos\u00e9 Miguel Figueiredo","robots":{"index":"index","follow":"follow","max-snippet":"max-snippet:-1","max-image-preview":"max-image-preview:large","max-video-preview":"max-video-preview:-1"},"canonical":"https:\/\/lisbonpubliclaw.pt\/en\/investigadores\/jose-miguel-figueiredo\/","og_locale":"en_US","og_type":"article","og_title":"Jos\u00e9 Miguel Figueiredo","og_description":"Investigador Colaborador","og_url":"https:\/\/lisbonpubliclaw.pt\/en\/investigadores\/jose-miguel-figueiredo\/","og_site_name":"Lisbon Public Law","article_modified_time":"2025-02-17T10:49:49+00:00","og_image":[{"width":476,"height":476,"url":"https:\/\/lisbonpubliclaw.pt\/wp-content\/uploads\/2023\/05\/imagemnoticia.jpg","type":"image\/jpeg"}],"twitter_card":"summary_large_image","schema":{"@context":"https:\/\/schema.org","@graph":[{"@type":["WebPage","ProfilePage"],"@id":"https:\/\/lisbonpubliclaw.pt\/investigadores\/jose-miguel-figueiredo\/","url":"https:\/\/lisbonpubliclaw.pt\/investigadores\/jose-miguel-figueiredo\/","name":"Jos\u00e9 Miguel Figueiredo","isPartOf":{"@id":"https:\/\/lisbonpubliclaw.pt\/#website"},"primaryImageOfPage":{"@id":"https:\/\/lisbonpubliclaw.pt\/investigadores\/jose-miguel-figueiredo\/#primaryimage"},"image":{"@id":"https:\/\/lisbonpubliclaw.pt\/investigadores\/jose-miguel-figueiredo\/#primaryimage"},"thumbnailUrl":"https:\/\/lisbonpubliclaw.pt\/wp-content\/uploads\/2023\/05\/imagemnoticia.jpg","datePublished":"2023-06-16T16:21:38+00:00","dateModified":"2025-02-17T10:49:49+00:00","breadcrumb":{"@id":"https:\/\/lisbonpubliclaw.pt\/investigadores\/jose-miguel-figueiredo\/#breadcrumb"},"inLanguage":"en-US","potentialAction":[{"@type":"ReadAction","target":["https:\/\/lisbonpubliclaw.pt\/investigadores\/jose-miguel-figueiredo\/"]}]},{"@type":"ImageObject","inLanguage":"en-US","@id":"https:\/\/lisbonpubliclaw.pt\/investigadores\/jose-miguel-figueiredo\/#primaryimage","url":"https:\/\/lisbonpubliclaw.pt\/wp-content\/uploads\/2023\/05\/imagemnoticia.jpg","contentUrl":"https:\/\/lisbonpubliclaw.pt\/wp-content\/uploads\/2023\/05\/imagemnoticia.jpg","width":476,"height":476},{"@type":"BreadcrumbList","@id":"https:\/\/lisbonpubliclaw.pt\/investigadores\/jose-miguel-figueiredo\/#breadcrumb","itemListElement":[{"@type":"ListItem","position":1,"name":"Home","item":"https:\/\/lisbonpubliclaw.pt\/"},{"@type":"ListItem","position":2,"name":"Investigadores","item":"https:\/\/lisbonpubliclaw.pt\/investigadores\/"},{"@type":"ListItem","position":3,"name":"Jos\u00e9 Miguel Figueiredo"}]},{"@type":"WebSite","@id":"https:\/\/lisbonpubliclaw.pt\/#website","url":"https:\/\/lisbonpubliclaw.pt\/","name":"Lisbon Public Law","description":"Public Law Research Centre in Lisbon","publisher":{"@id":"https:\/\/lisbonpubliclaw.pt\/#organization"},"potentialAction":[{"@type":"SearchAction","target":{"@type":"EntryPoint","urlTemplate":"https:\/\/lisbonpubliclaw.pt\/?s={search_term_string}"},"query-input":{"@type":"PropertyValueSpecification","valueRequired":true,"valueName":"search_term_string"}}],"inLanguage":"en-US"},{"@type":"Organization","@id":"https:\/\/lisbonpubliclaw.pt\/#organization","name":"Lisbon Public Law","url":"https:\/\/lisbonpubliclaw.pt\/","logo":{"@type":"ImageObject","inLanguage":"en-US","@id":"https:\/\/lisbonpubliclaw.pt\/#\/schema\/logo\/image\/","url":"https:\/\/lisbonpubliclaw.pt\/wp-content\/uploads\/2023\/06\/WhatsApp-Image-2023-06-19-at-11.01.50-1.jpeg","contentUrl":"https:\/\/lisbonpubliclaw.pt\/wp-content\/uploads\/2023\/06\/WhatsApp-Image-2023-06-19-at-11.01.50-1.jpeg","width":354,"height":354,"caption":"Lisbon Public Law"},"image":{"@id":"https:\/\/lisbonpubliclaw.pt\/#\/schema\/logo\/image\/"},"mainEntityOfPage":{"@id":"https:\/\/lisbonpubliclaw.pt\/investigadores\/jose-miguel-figueiredo\/"}}]}},"_links":{"self":[{"href":"https:\/\/lisbonpubliclaw.pt\/en\/wp-json\/wp\/v2\/investigadores\/1832","targetHints":{"allow":["GET"]}}],"collection":[{"href":"https:\/\/lisbonpubliclaw.pt\/en\/wp-json\/wp\/v2\/investigadores"}],"about":[{"href":"https:\/\/lisbonpubliclaw.pt\/en\/wp-json\/wp\/v2\/types\/investigadores"}],"wp:featuredmedia":[{"embeddable":true,"href":"https:\/\/lisbonpubliclaw.pt\/en\/wp-json\/wp\/v2\/media\/766"}],"wp:attachment":[{"href":"https:\/\/lisbonpubliclaw.pt\/en\/wp-json\/wp\/v2\/media?parent=1832"}],"wp:term":[{"taxonomy":"efetivos-assistentes","embeddable":true,"href":"https:\/\/lisbonpubliclaw.pt\/en\/wp-json\/wp\/v2\/efetivos-assistentes?post=1832"},{"taxonomy":"members-fellows","embeddable":true,"href":"https:\/\/lisbonpubliclaw.pt\/en\/wp-json\/wp\/v2\/members-fellows?post=1832"},{"taxonomy":"cluster","embeddable":true,"href":"https:\/\/lisbonpubliclaw.pt\/en\/wp-json\/wp\/v2\/cluster?post=1832"},{"taxonomy":"categoria-do-investigador","embeddable":true,"href":"https:\/\/lisbonpubliclaw.pt\/en\/wp-json\/wp\/v2\/categoria-do-investigador?post=1832"},{"taxonomy":"grupo-de-investigacao","embeddable":true,"href":"https:\/\/lisbonpubliclaw.pt\/en\/wp-json\/wp\/v2\/grupo-de-investigacao?post=1832"}],"curies":[{"name":"wp","href":"https:\/\/api.w.org\/{rel}","templated":true}]}}

José Miguel Figueiredo

José Miguel Figueiredo é consultor internacional do Programa das Nações Unidas para o Desenvolvimento (PNUD), em São Tomé e Príncipe, com início de funções a 1 de novembro de 2024, com a missão de operacionalizar e dinamizar o Centro de Arbitragem da Câmara de Comércio, Indústria, Agricultura e Serviços, de São Tomé e Príncipe. É também, desde dezembro de 2024, Of Counsel, na DLA Piper, Portugal. Desempenhou funções para o Governo português, no ministério da Economia, como Chefe do Gabinete do Secretário de Estado do Turismo, Comércio, Serviços; Chefe do Gabinete da Secretária de Estado do Turismo, Co-mércio, Serviços; Chefe do Gabinete em substituição e adjunto do Secretário de Estado do Comércio, Serviços e Defesa do Consumidor. Desempenhou, também, funções para o Governo de Macau, como Assessor, na Direcção dos Serviços da Reforma Jurídica e do Direito Internacional, e como Chefe de Divisão e Chefia Funcional, na Direcção dos Serviços de Assuntos de Justiça. Foi assistente-convidado, na Faculdade de Direito da Universidade de Lisboa, advogado estagiário na PLMJ – Sociedade de Advogados e consultor na AAMM – Sociedade de Advogados. É autor de mais de 40 publicações científicas, entre monografias, capítulos de livros e artigos.

<!-- This site is optimized with the Yoast SEO plugin v27.5 - https://yoast.com/product/yoast-seo-wordpress/ -->
<title>José Miguel Figueiredo</title>
<meta name="robots" content="index, follow, max-snippet:-1, max-image-preview:large, max-video-preview:-1" />
<link rel="canonical" href="https://lisbonpubliclaw.pt/en/investigadores/jose-miguel-figueiredo/" />
<meta property="og:locale" content="en_US" />
<meta property="og:type" content="article" />
<meta property="og:title" content="José Miguel Figueiredo" />
<meta property="og:description" content="Investigador Colaborador" />
<meta property="og:url" content="https://lisbonpubliclaw.pt/en/investigadores/jose-miguel-figueiredo/" />
<meta property="og:site_name" content="Lisbon Public Law" />
<meta property="article:modified_time" content="2025-02-17T10:49:49+00:00" />
<meta property="og:image" content="https://lisbonpubliclaw.pt/wp-content/uploads/2023/05/imagemnoticia.jpg" />
	<meta property="og:image:width" content="476" />
	<meta property="og:image:height" content="476" />
	<meta property="og:image:type" content="image/jpeg" />
<meta name="twitter:card" content="summary_large_image" />
<script type="application/ld+json" class="yoast-schema-graph">{"@context":"https:\/\/schema.org","@graph":[{"@type":["WebPage","ProfilePage"],"@id":"https:\/\/lisbonpubliclaw.pt\/investigadores\/jose-miguel-figueiredo\/","url":"https:\/\/lisbonpubliclaw.pt\/investigadores\/jose-miguel-figueiredo\/","name":"José Miguel Figueiredo","isPartOf":{"@id":"https:\/\/lisbonpubliclaw.pt\/#website"},"primaryImageOfPage":{"@id":"https:\/\/lisbonpubliclaw.pt\/investigadores\/jose-miguel-figueiredo\/#primaryimage"},"image":{"@id":"https:\/\/lisbonpubliclaw.pt\/investigadores\/jose-miguel-figueiredo\/#primaryimage"},"thumbnailUrl":"https:\/\/lisbonpubliclaw.pt\/wp-content\/uploads\/2023\/05\/imagemnoticia.jpg","datePublished":"2023-06-16T16:21:38+00:00","dateModified":"2025-02-17T10:49:49+00:00","breadcrumb":{"@id":"https:\/\/lisbonpubliclaw.pt\/investigadores\/jose-miguel-figueiredo\/#breadcrumb"},"inLanguage":"en-US","potentialAction":[{"@type":"ReadAction","target":["https:\/\/lisbonpubliclaw.pt\/investigadores\/jose-miguel-figueiredo\/"]}]},{"@type":"ImageObject","inLanguage":"en-US","@id":"https:\/\/lisbonpubliclaw.pt\/investigadores\/jose-miguel-figueiredo\/#primaryimage","url":"https:\/\/lisbonpubliclaw.pt\/wp-content\/uploads\/2023\/05\/imagemnoticia.jpg","contentUrl":"https:\/\/lisbonpubliclaw.pt\/wp-content\/uploads\/2023\/05\/imagemnoticia.jpg","width":476,"height":476},{"@type":"BreadcrumbList","@id":"https:\/\/lisbonpubliclaw.pt\/investigadores\/jose-miguel-figueiredo\/#breadcrumb","itemListElement":[{"@type":"ListItem","position":1,"name":"Home","item":"https:\/\/lisbonpubliclaw.pt\/"},{"@type":"ListItem","position":2,"name":"Investigadores","item":"https:\/\/lisbonpubliclaw.pt\/investigadores\/"},{"@type":"ListItem","position":3,"name":"José Miguel Figueiredo"}]},{"@type":"WebSite","@id":"https:\/\/lisbonpubliclaw.pt\/#website","url":"https:\/\/lisbonpubliclaw.pt\/","name":"Lisbon Public Law","description":"Public Law Research Centre in Lisbon","publisher":{"@id":"https:\/\/lisbonpubliclaw.pt\/#organization"},"potentialAction":[{"@type":"SearchAction","target":{"@type":"EntryPoint","urlTemplate":"https:\/\/lisbonpubliclaw.pt\/?s={search_term_string}"},"query-input":{"@type":"PropertyValueSpecification","valueRequired":true,"valueName":"search_term_string"}}],"inLanguage":"en-US"},{"@type":"Organization","@id":"https:\/\/lisbonpubliclaw.pt\/#organization","name":"Lisbon Public Law","url":"https:\/\/lisbonpubliclaw.pt\/","logo":{"@type":"ImageObject","inLanguage":"en-US","@id":"https:\/\/lisbonpubliclaw.pt\/#\/schema\/logo\/image\/","url":"https:\/\/lisbonpubliclaw.pt\/wp-content\/uploads\/2023\/06\/WhatsApp-Image-2023-06-19-at-11.01.50-1.jpeg","contentUrl":"https:\/\/lisbonpubliclaw.pt\/wp-content\/uploads\/2023\/06\/WhatsApp-Image-2023-06-19-at-11.01.50-1.jpeg","width":354,"height":354,"caption":"Lisbon Public Law"},"image":{"@id":"https:\/\/lisbonpubliclaw.pt\/#\/schema\/logo\/image\/"},"mainEntityOfPage":{"@id":"https:\/\/lisbonpubliclaw.pt\/investigadores\/jose-miguel-figueiredo\/"}}]}</script>
<!-- / Yoast SEO plugin. -->
