{"id":1787,"date":"2023-06-16T16:21:30","date_gmt":"2023-06-16T16:21:30","guid":{"rendered":"https:\/\/lisbonpubliclaw.pt\/investigadores\/joao-tornada\/"},"modified":"2024-08-22T15:55:53","modified_gmt":"2024-08-22T15:55:53","slug":"joao-tornada","status":"publish","type":"investigadores","link":"https:\/\/lisbonpubliclaw.pt\/en\/investigadores\/joao-tornada\/","title":{"rendered":"Jo\u00e3o Tornada"},"content":{"rendered":"","protected":false},"template":"","meta":{"foto-do-investigador":"https:\/\/lisbonpubliclaw.pt\/wp-content\/uploads\/2023\/07\/Joao-Tornada.png","nome-do-investigador":"Jo\u00e3o Tornada","cargo-do-investigador":"Investigador Integrado Assistente","email-do-investigador":"mailto:joaotornada@fd.ulisboa.pt","cv-do-investigador":"","orcid":"0000-0003-2296-2641","ciencia-id":"F316-B6D4-C1A2","areas-de-investigacao":"","short-bio-investigadores":"Jo\u00e3o Tornada \u00e9 Professor Convidado da Faculdade de Direito da Universidade de Lisboa e Doutor em Direito na \u00e1rea dos direitos fundamentais digitais pela Universidade Cat\u00f3lica Portuguesa, onde tamb\u00e9m se licenciou e concluiu o Mestrado orientado para a investiga\u00e7\u00e3o. \u00c9 tamb\u00e9m Investigador Auxiliar do Lisbon Public Law Research Centre da Faculdade de Direito da Universidade de Lisboa e membro do Lisbon Digital Rights Research Project.\r\nAtualmente, Jo\u00e3o Tornada trabalha como Adjunto da Provedoria de Justi\u00e7a Portuguesa. \r\nAnteriormente exerceu advocacia nas \u00e1reas do contencioso e do direito p\u00fablico e foi Presidente do Conselho de Disciplina da Federa\u00e7\u00e3o Portuguesa de Esgrima. \r\n\u00c9 tamb\u00e9m autor e coautor de v\u00e1rias publica\u00e7\u00f5es nacionais e internacionais sobre direito constitucional, processo civil e arbitragem, incluindo a monografia \u201cA Modifica\u00e7\u00e3o da Lei Inconstitucional: Estudo sobre as decis\u00f5es de inconstitucionalidade parcial\u201d (pref\u00e1cio do Professor Jorge Miranda) publicada pela Almedina, Lisboa, 2021. \r\nTem tamb\u00e9m participado em diversas confer\u00eancias e cursos dedicados ao direito p\u00fablico, nomeadamente sobre direitos digitais.","link-pagina-pessoal":"https:\/\/orcid.org\/0000-0003-2296-2641"},"efetivos-assistentes":[33],"members-fellows":[],"cluster":[48],"categoria-do-investigador":[14],"grupo-de-investigacao":[10],"class_list":["post-1787","investigadores","type-investigadores","status-publish","hentry","efetivos-assistentes-assistente","cluster-lisbon-digital-rights","categoria-do-investigador-integrado","grupo-de-investigacao-direito-constitucional-e-ciencia-politica"],"yoast_head":"<!-- This site is optimized with the Yoast SEO plugin v27.5 - https:\/\/yoast.com\/product\/yoast-seo-wordpress\/ -->\n<title>Jo\u00e3o Tornada<\/title>\n<meta name=\"robots\" content=\"index, follow, max-snippet:-1, max-image-preview:large, max-video-preview:-1\" \/>\n<link rel=\"canonical\" href=\"https:\/\/lisbonpubliclaw.pt\/en\/investigadores\/joao-tornada\/\" \/>\n<meta property=\"og:locale\" content=\"en_US\" \/>\n<meta property=\"og:type\" content=\"article\" \/>\n<meta property=\"og:title\" content=\"Jo\u00e3o Tornada\" \/>\n<meta property=\"og:description\" content=\"Investigador Integrado Assistente\" \/>\n<meta property=\"og:url\" content=\"https:\/\/lisbonpubliclaw.pt\/en\/investigadores\/joao-tornada\/\" \/>\n<meta property=\"og:site_name\" content=\"Lisbon Public Law\" \/>\n<meta property=\"article:modified_time\" content=\"2024-08-22T15:55:53+00:00\" \/>\n<meta name=\"twitter:card\" content=\"summary_large_image\" \/>\n<script type=\"application\/ld+json\" class=\"yoast-schema-graph\">{\"@context\":\"https:\\\/\\\/schema.org\",\"@graph\":[{\"@type\":[\"WebPage\",\"ProfilePage\"],\"@id\":\"https:\\\/\\\/lisbonpubliclaw.pt\\\/investigadores\\\/joao-tornada\\\/\",\"url\":\"https:\\\/\\\/lisbonpubliclaw.pt\\\/investigadores\\\/joao-tornada\\\/\",\"name\":\"Jo\u00e3o Tornada\",\"isPartOf\":{\"@id\":\"https:\\\/\\\/lisbonpubliclaw.pt\\\/#website\"},\"datePublished\":\"2023-06-16T16:21:30+00:00\",\"dateModified\":\"2024-08-22T15:55:53+00:00\",\"breadcrumb\":{\"@id\":\"https:\\\/\\\/lisbonpubliclaw.pt\\\/investigadores\\\/joao-tornada\\\/#breadcrumb\"},\"inLanguage\":\"en-US\",\"potentialAction\":[{\"@type\":\"ReadAction\",\"target\":[\"https:\\\/\\\/lisbonpubliclaw.pt\\\/investigadores\\\/joao-tornada\\\/\"]}]},{\"@type\":\"BreadcrumbList\",\"@id\":\"https:\\\/\\\/lisbonpubliclaw.pt\\\/investigadores\\\/joao-tornada\\\/#breadcrumb\",\"itemListElement\":[{\"@type\":\"ListItem\",\"position\":1,\"name\":\"Home\",\"item\":\"https:\\\/\\\/lisbonpubliclaw.pt\\\/\"},{\"@type\":\"ListItem\",\"position\":2,\"name\":\"Investigadores\",\"item\":\"https:\\\/\\\/lisbonpubliclaw.pt\\\/investigadores\\\/\"},{\"@type\":\"ListItem\",\"position\":3,\"name\":\"Jo\u00e3o Tornada\"}]},{\"@type\":\"WebSite\",\"@id\":\"https:\\\/\\\/lisbonpubliclaw.pt\\\/#website\",\"url\":\"https:\\\/\\\/lisbonpubliclaw.pt\\\/\",\"name\":\"Lisbon Public Law\",\"description\":\"Public Law Research Centre in Lisbon\",\"publisher\":{\"@id\":\"https:\\\/\\\/lisbonpubliclaw.pt\\\/#organization\"},\"potentialAction\":[{\"@type\":\"SearchAction\",\"target\":{\"@type\":\"EntryPoint\",\"urlTemplate\":\"https:\\\/\\\/lisbonpubliclaw.pt\\\/?s={search_term_string}\"},\"query-input\":{\"@type\":\"PropertyValueSpecification\",\"valueRequired\":true,\"valueName\":\"search_term_string\"}}],\"inLanguage\":\"en-US\"},{\"@type\":\"Organization\",\"@id\":\"https:\\\/\\\/lisbonpubliclaw.pt\\\/#organization\",\"name\":\"Lisbon Public Law\",\"url\":\"https:\\\/\\\/lisbonpubliclaw.pt\\\/\",\"logo\":{\"@type\":\"ImageObject\",\"inLanguage\":\"en-US\",\"@id\":\"https:\\\/\\\/lisbonpubliclaw.pt\\\/#\\\/schema\\\/logo\\\/image\\\/\",\"url\":\"https:\\\/\\\/lisbonpubliclaw.pt\\\/wp-content\\\/uploads\\\/2023\\\/06\\\/WhatsApp-Image-2023-06-19-at-11.01.50-1.jpeg\",\"contentUrl\":\"https:\\\/\\\/lisbonpubliclaw.pt\\\/wp-content\\\/uploads\\\/2023\\\/06\\\/WhatsApp-Image-2023-06-19-at-11.01.50-1.jpeg\",\"width\":354,\"height\":354,\"caption\":\"Lisbon Public Law\"},\"image\":{\"@id\":\"https:\\\/\\\/lisbonpubliclaw.pt\\\/#\\\/schema\\\/logo\\\/image\\\/\"},\"mainEntityOfPage\":{\"@id\":\"https:\\\/\\\/lisbonpubliclaw.pt\\\/investigadores\\\/joao-tornada\\\/\"}}]}<\/script>\n<!-- \/ Yoast SEO plugin. -->","yoast_head_json":{"title":"Jo\u00e3o Tornada","robots":{"index":"index","follow":"follow","max-snippet":"max-snippet:-1","max-image-preview":"max-image-preview:large","max-video-preview":"max-video-preview:-1"},"canonical":"https:\/\/lisbonpubliclaw.pt\/en\/investigadores\/joao-tornada\/","og_locale":"en_US","og_type":"article","og_title":"Jo\u00e3o Tornada","og_description":"Investigador Integrado Assistente","og_url":"https:\/\/lisbonpubliclaw.pt\/en\/investigadores\/joao-tornada\/","og_site_name":"Lisbon Public Law","article_modified_time":"2024-08-22T15:55:53+00:00","twitter_card":"summary_large_image","schema":{"@context":"https:\/\/schema.org","@graph":[{"@type":["WebPage","ProfilePage"],"@id":"https:\/\/lisbonpubliclaw.pt\/investigadores\/joao-tornada\/","url":"https:\/\/lisbonpubliclaw.pt\/investigadores\/joao-tornada\/","name":"Jo\u00e3o Tornada","isPartOf":{"@id":"https:\/\/lisbonpubliclaw.pt\/#website"},"datePublished":"2023-06-16T16:21:30+00:00","dateModified":"2024-08-22T15:55:53+00:00","breadcrumb":{"@id":"https:\/\/lisbonpubliclaw.pt\/investigadores\/joao-tornada\/#breadcrumb"},"inLanguage":"en-US","potentialAction":[{"@type":"ReadAction","target":["https:\/\/lisbonpubliclaw.pt\/investigadores\/joao-tornada\/"]}]},{"@type":"BreadcrumbList","@id":"https:\/\/lisbonpubliclaw.pt\/investigadores\/joao-tornada\/#breadcrumb","itemListElement":[{"@type":"ListItem","position":1,"name":"Home","item":"https:\/\/lisbonpubliclaw.pt\/"},{"@type":"ListItem","position":2,"name":"Investigadores","item":"https:\/\/lisbonpubliclaw.pt\/investigadores\/"},{"@type":"ListItem","position":3,"name":"Jo\u00e3o Tornada"}]},{"@type":"WebSite","@id":"https:\/\/lisbonpubliclaw.pt\/#website","url":"https:\/\/lisbonpubliclaw.pt\/","name":"Lisbon Public Law","description":"Public Law Research Centre in Lisbon","publisher":{"@id":"https:\/\/lisbonpubliclaw.pt\/#organization"},"potentialAction":[{"@type":"SearchAction","target":{"@type":"EntryPoint","urlTemplate":"https:\/\/lisbonpubliclaw.pt\/?s={search_term_string}"},"query-input":{"@type":"PropertyValueSpecification","valueRequired":true,"valueName":"search_term_string"}}],"inLanguage":"en-US"},{"@type":"Organization","@id":"https:\/\/lisbonpubliclaw.pt\/#organization","name":"Lisbon Public Law","url":"https:\/\/lisbonpubliclaw.pt\/","logo":{"@type":"ImageObject","inLanguage":"en-US","@id":"https:\/\/lisbonpubliclaw.pt\/#\/schema\/logo\/image\/","url":"https:\/\/lisbonpubliclaw.pt\/wp-content\/uploads\/2023\/06\/WhatsApp-Image-2023-06-19-at-11.01.50-1.jpeg","contentUrl":"https:\/\/lisbonpubliclaw.pt\/wp-content\/uploads\/2023\/06\/WhatsApp-Image-2023-06-19-at-11.01.50-1.jpeg","width":354,"height":354,"caption":"Lisbon Public Law"},"image":{"@id":"https:\/\/lisbonpubliclaw.pt\/#\/schema\/logo\/image\/"},"mainEntityOfPage":{"@id":"https:\/\/lisbonpubliclaw.pt\/investigadores\/joao-tornada\/"}}]}},"_links":{"self":[{"href":"https:\/\/lisbonpubliclaw.pt\/en\/wp-json\/wp\/v2\/investigadores\/1787","targetHints":{"allow":["GET"]}}],"collection":[{"href":"https:\/\/lisbonpubliclaw.pt\/en\/wp-json\/wp\/v2\/investigadores"}],"about":[{"href":"https:\/\/lisbonpubliclaw.pt\/en\/wp-json\/wp\/v2\/types\/investigadores"}],"wp:attachment":[{"href":"https:\/\/lisbonpubliclaw.pt\/en\/wp-json\/wp\/v2\/media?parent=1787"}],"wp:term":[{"taxonomy":"efetivos-assistentes","embeddable":true,"href":"https:\/\/lisbonpubliclaw.pt\/en\/wp-json\/wp\/v2\/efetivos-assistentes?post=1787"},{"taxonomy":"members-fellows","embeddable":true,"href":"https:\/\/lisbonpubliclaw.pt\/en\/wp-json\/wp\/v2\/members-fellows?post=1787"},{"taxonomy":"cluster","embeddable":true,"href":"https:\/\/lisbonpubliclaw.pt\/en\/wp-json\/wp\/v2\/cluster?post=1787"},{"taxonomy":"categoria-do-investigador","embeddable":true,"href":"https:\/\/lisbonpubliclaw.pt\/en\/wp-json\/wp\/v2\/categoria-do-investigador?post=1787"},{"taxonomy":"grupo-de-investigacao","embeddable":true,"href":"https:\/\/lisbonpubliclaw.pt\/en\/wp-json\/wp\/v2\/grupo-de-investigacao?post=1787"}],"curies":[{"name":"wp","href":"https:\/\/api.w.org\/{rel}","templated":true}]}}

João Tornada

João Tornada é Professor Convidado da Faculdade de Direito da Universidade de Lisboa e Doutor em Direito na área dos direitos fundamentais digitais pela Universidade Católica Portuguesa, onde também se licenciou e concluiu o Mestrado orientado para a investigação. É também Investigador Auxiliar do Lisbon Public Law Research Centre da Faculdade de Direito da Universidade de Lisboa e membro do Lisbon Digital Rights Research Project.
Atualmente, João Tornada trabalha como Adjunto da Provedoria de Justiça Portuguesa. 
Anteriormente exerceu advocacia nas áreas do contencioso e do direito público e foi Presidente do Conselho de Disciplina da Federação Portuguesa de Esgrima. 
É também autor e coautor de várias publicações nacionais e internacionais sobre direito constitucional, processo civil e arbitragem, incluindo a monografia “A Modificação da Lei Inconstitucional: Estudo sobre as decisões de inconstitucionalidade parcial” (prefácio do Professor Jorge Miranda) publicada pela Almedina, Lisboa, 2021. 
Tem também participado em diversas conferências e cursos dedicados ao direito público, nomeadamente sobre direitos digitais.

<!-- This site is optimized with the Yoast SEO plugin v27.5 - https://yoast.com/product/yoast-seo-wordpress/ -->
<title>João Tornada</title>
<meta name="robots" content="index, follow, max-snippet:-1, max-image-preview:large, max-video-preview:-1" />
<link rel="canonical" href="https://lisbonpubliclaw.pt/en/investigadores/joao-tornada/" />
<meta property="og:locale" content="en_US" />
<meta property="og:type" content="article" />
<meta property="og:title" content="João Tornada" />
<meta property="og:description" content="Investigador Integrado Assistente" />
<meta property="og:url" content="https://lisbonpubliclaw.pt/en/investigadores/joao-tornada/" />
<meta property="og:site_name" content="Lisbon Public Law" />
<meta property="article:modified_time" content="2024-08-22T15:55:53+00:00" />
<meta name="twitter:card" content="summary_large_image" />
<script type="application/ld+json" class="yoast-schema-graph">{"@context":"https:\/\/schema.org","@graph":[{"@type":["WebPage","ProfilePage"],"@id":"https:\/\/lisbonpubliclaw.pt\/investigadores\/joao-tornada\/","url":"https:\/\/lisbonpubliclaw.pt\/investigadores\/joao-tornada\/","name":"João Tornada","isPartOf":{"@id":"https:\/\/lisbonpubliclaw.pt\/#website"},"datePublished":"2023-06-16T16:21:30+00:00","dateModified":"2024-08-22T15:55:53+00:00","breadcrumb":{"@id":"https:\/\/lisbonpubliclaw.pt\/investigadores\/joao-tornada\/#breadcrumb"},"inLanguage":"en-US","potentialAction":[{"@type":"ReadAction","target":["https:\/\/lisbonpubliclaw.pt\/investigadores\/joao-tornada\/"]}]},{"@type":"BreadcrumbList","@id":"https:\/\/lisbonpubliclaw.pt\/investigadores\/joao-tornada\/#breadcrumb","itemListElement":[{"@type":"ListItem","position":1,"name":"Home","item":"https:\/\/lisbonpubliclaw.pt\/"},{"@type":"ListItem","position":2,"name":"Investigadores","item":"https:\/\/lisbonpubliclaw.pt\/investigadores\/"},{"@type":"ListItem","position":3,"name":"João Tornada"}]},{"@type":"WebSite","@id":"https:\/\/lisbonpubliclaw.pt\/#website","url":"https:\/\/lisbonpubliclaw.pt\/","name":"Lisbon Public Law","description":"Public Law Research Centre in Lisbon","publisher":{"@id":"https:\/\/lisbonpubliclaw.pt\/#organization"},"potentialAction":[{"@type":"SearchAction","target":{"@type":"EntryPoint","urlTemplate":"https:\/\/lisbonpubliclaw.pt\/?s={search_term_string}"},"query-input":{"@type":"PropertyValueSpecification","valueRequired":true,"valueName":"search_term_string"}}],"inLanguage":"en-US"},{"@type":"Organization","@id":"https:\/\/lisbonpubliclaw.pt\/#organization","name":"Lisbon Public Law","url":"https:\/\/lisbonpubliclaw.pt\/","logo":{"@type":"ImageObject","inLanguage":"en-US","@id":"https:\/\/lisbonpubliclaw.pt\/#\/schema\/logo\/image\/","url":"https:\/\/lisbonpubliclaw.pt\/wp-content\/uploads\/2023\/06\/WhatsApp-Image-2023-06-19-at-11.01.50-1.jpeg","contentUrl":"https:\/\/lisbonpubliclaw.pt\/wp-content\/uploads\/2023\/06\/WhatsApp-Image-2023-06-19-at-11.01.50-1.jpeg","width":354,"height":354,"caption":"Lisbon Public Law"},"image":{"@id":"https:\/\/lisbonpubliclaw.pt\/#\/schema\/logo\/image\/"},"mainEntityOfPage":{"@id":"https:\/\/lisbonpubliclaw.pt\/investigadores\/joao-tornada\/"}}]}</script>
<!-- / Yoast SEO plugin. -->
