{"id":11629,"date":"2026-08-24T18:10:16","date_gmt":"2026-08-24T18:10:16","guid":{"rendered":"https:\/\/lisbonpubliclaw.pt\/?post_type=investigadores&#038;p=11629"},"modified":"2026-08-24T18:11:32","modified_gmt":"2026-08-24T18:11:32","slug":"pedro-silva-pereira","status":"publish","type":"investigadores","link":"https:\/\/lisbonpubliclaw.pt\/en\/investigadores\/pedro-silva-pereira\/","title":{"rendered":"Pedro Silva Pereira"},"content":{"rendered":"","protected":false},"template":"","meta":{"foto-do-investigador":"https:\/\/lisbonpubliclaw.pt\/wp-content\/uploads\/2026\/08\/pedrosilvapereira.png","nome-do-investigador":"Pedro Silva Pereira ","cargo-do-investigador":"Investigador Colaborador","email-do-investigador":"mailto:pedrosilvapereira@fd.ulisboa.pt","cv-do-investigador":"","orcid":"","ciencia-id":"761E-251D-C7EF","areas-de-investigacao":"","short-bio-investigadores":"Pedro Silva Pereira \u00e9 Mestre em Direito (Ci\u00eancias Jur\u00eddico-Pol\u00edticas) pela Faculdade de Direito da Universidade de Lisboa e Assistente na mesma Faculdade. A sua disserta\u00e7\u00e3o de mestrado versou sobre \"A participa\u00e7\u00e3o dos interessados nas decis\u00f5es administrativas: o inqu\u00e9rito p\u00fablico\". Tem em curso, tamb\u00e9m na Faculdade de Direito da Universidade de Lisboa, a elabora\u00e7\u00e3o da sua tese de Doutoramento sobre \"A For\u00e7a Vinculativa dos Compromissos de Desenvolvimento Sustent\u00e1vel na Nova Gera\u00e7\u00e3o de Acordos Comerciais da Uni\u00e3o Europeia - Uma perspetiva jur\u00eddico-pol\u00edtica\". A sua carreira acad\u00e9mica inclui atividades docentes na Universidade de Los Andes, Facultad de Derecho, de Bogot\u00e1, Col\u00f4mbia; na Stockholm University, Faculty of Law, de Estocolmo, Su\u00e9cia; em Sciences Po, Paris, Fran\u00e7a; na Universidade Aut\u00f3noma de Lisboa, Departamento de Direito; e na Universidade Lus\u00edada, de Lisboa. Os seus dom\u00ednios priorit\u00e1rios de atua\u00e7\u00e3o s\u00e3o o Direito Internacional do Com\u00e9rcio, o Direito da Uni\u00e3o Europeia, o Direito Internacional P\u00fablico, o Direito do Ambiente, o Direito do Urbanismo, o Direito Constitucional e a Ci\u00eancia Pol\u00edtica.","link-pagina-pessoal":""},"efetivos-assistentes":[],"members-fellows":[],"cluster":[],"categoria-do-investigador":[15],"grupo-de-investigacao":[],"class_list":["post-11629","investigadores","type-investigadores","status-publish","hentry","categoria-do-investigador-colaborador"],"yoast_head":"<!-- This site is optimized with the Yoast SEO plugin v28.2 - https:\/\/yoast.com\/product\/yoast-seo-wordpress\/ -->\n<title>Pedro Silva Pereira - Lisbon Public Law<\/title>\n<meta name=\"robots\" content=\"index, follow, max-snippet:-1, max-image-preview:large, max-video-preview:-1\" \/>\n<link rel=\"canonical\" href=\"https:\/\/lisbonpubliclaw.pt\/en\/investigadores\/pedro-silva-pereira\/\" \/>\n<meta property=\"og:locale\" content=\"en_US\" \/>\n<meta property=\"og:type\" content=\"article\" \/>\n<meta property=\"og:title\" content=\"Pedro Silva Pereira - Lisbon Public Law\" \/>\n<meta property=\"og:url\" content=\"https:\/\/lisbonpubliclaw.pt\/en\/investigadores\/pedro-silva-pereira\/\" \/>\n<meta property=\"og:site_name\" content=\"Lisbon Public Law\" \/>\n<meta property=\"article:modified_time\" content=\"2026-08-24T18:11:32+00:00\" \/>\n<meta name=\"twitter:card\" content=\"summary_large_image\" \/>\n<script type=\"application\/ld+json\" class=\"yoast-schema-graph\">{\"@context\":\"https:\\\/\\\/schema.org\",\"@graph\":[{\"@type\":\"WebPage\",\"@id\":\"https:\\\/\\\/lisbonpubliclaw.pt\\\/investigadores\\\/pedro-silva-pereira\\\/\",\"url\":\"https:\\\/\\\/lisbonpubliclaw.pt\\\/investigadores\\\/pedro-silva-pereira\\\/\",\"name\":\"Pedro Silva Pereira - Lisbon Public Law\",\"isPartOf\":{\"@id\":\"https:\\\/\\\/lisbonpubliclaw.pt\\\/#website\"},\"datePublished\":\"2026-08-24T18:10:16+00:00\",\"dateModified\":\"2026-08-24T18:11:32+00:00\",\"breadcrumb\":{\"@id\":\"https:\\\/\\\/lisbonpubliclaw.pt\\\/investigadores\\\/pedro-silva-pereira\\\/#breadcrumb\"},\"inLanguage\":\"en-US\",\"potentialAction\":[{\"@type\":\"ReadAction\",\"target\":[\"https:\\\/\\\/lisbonpubliclaw.pt\\\/investigadores\\\/pedro-silva-pereira\\\/\"]}]},{\"@type\":\"BreadcrumbList\",\"@id\":\"https:\\\/\\\/lisbonpubliclaw.pt\\\/investigadores\\\/pedro-silva-pereira\\\/#breadcrumb\",\"itemListElement\":[{\"@type\":\"ListItem\",\"position\":1,\"name\":\"Home\",\"item\":\"https:\\\/\\\/lisbonpubliclaw.pt\\\/\"},{\"@type\":\"ListItem\",\"position\":2,\"name\":\"Investigadores\",\"item\":\"https:\\\/\\\/lisbonpubliclaw.pt\\\/investigadores\\\/\"},{\"@type\":\"ListItem\",\"position\":3,\"name\":\"Pedro Silva Pereira\"}]},{\"@type\":\"WebSite\",\"@id\":\"https:\\\/\\\/lisbonpubliclaw.pt\\\/#website\",\"url\":\"https:\\\/\\\/lisbonpubliclaw.pt\\\/\",\"name\":\"Lisbon Public Law\",\"description\":\"Public Law Research Centre in Lisbon\",\"publisher\":{\"@id\":\"https:\\\/\\\/lisbonpubliclaw.pt\\\/#organization\"},\"potentialAction\":[{\"@type\":\"SearchAction\",\"target\":{\"@type\":\"EntryPoint\",\"urlTemplate\":\"https:\\\/\\\/lisbonpubliclaw.pt\\\/?s={search_term_string}\"},\"query-input\":{\"@type\":\"PropertyValueSpecification\",\"valueRequired\":true,\"valueName\":\"search_term_string\"}}],\"inLanguage\":\"en-US\"},{\"@type\":\"Organization\",\"@id\":\"https:\\\/\\\/lisbonpubliclaw.pt\\\/#organization\",\"name\":\"Lisbon Public Law\",\"url\":\"https:\\\/\\\/lisbonpubliclaw.pt\\\/\",\"logo\":{\"@type\":\"ImageObject\",\"inLanguage\":\"en-US\",\"@id\":\"https:\\\/\\\/lisbonpubliclaw.pt\\\/#\\\/schema\\\/logo\\\/image\\\/\",\"url\":\"https:\\\/\\\/lisbonpubliclaw.pt\\\/wp-content\\\/uploads\\\/2023\\\/06\\\/WhatsApp-Image-2023-06-19-at-11.01.50-1.jpeg\",\"contentUrl\":\"https:\\\/\\\/lisbonpubliclaw.pt\\\/wp-content\\\/uploads\\\/2023\\\/06\\\/WhatsApp-Image-2023-06-19-at-11.01.50-1.jpeg\",\"width\":354,\"height\":354,\"caption\":\"Lisbon Public Law\"},\"image\":{\"@id\":\"https:\\\/\\\/lisbonpubliclaw.pt\\\/#\\\/schema\\\/logo\\\/image\\\/\"}}]}<\/script>\n<!-- \/ Yoast SEO plugin. -->","yoast_head_json":{"title":"Pedro Silva Pereira - Lisbon Public Law","robots":{"index":"index","follow":"follow","max-snippet":"max-snippet:-1","max-image-preview":"max-image-preview:large","max-video-preview":"max-video-preview:-1"},"canonical":"https:\/\/lisbonpubliclaw.pt\/en\/investigadores\/pedro-silva-pereira\/","og_locale":"en_US","og_type":"article","og_title":"Pedro Silva Pereira - Lisbon Public Law","og_url":"https:\/\/lisbonpubliclaw.pt\/en\/investigadores\/pedro-silva-pereira\/","og_site_name":"Lisbon Public Law","article_modified_time":"2026-08-24T18:11:32+00:00","twitter_card":"summary_large_image","schema":{"@context":"https:\/\/schema.org","@graph":[{"@type":"WebPage","@id":"https:\/\/lisbonpubliclaw.pt\/investigadores\/pedro-silva-pereira\/","url":"https:\/\/lisbonpubliclaw.pt\/investigadores\/pedro-silva-pereira\/","name":"Pedro Silva Pereira - Lisbon Public Law","isPartOf":{"@id":"https:\/\/lisbonpubliclaw.pt\/#website"},"datePublished":"2026-08-24T18:10:16+00:00","dateModified":"2026-08-24T18:11:32+00:00","breadcrumb":{"@id":"https:\/\/lisbonpubliclaw.pt\/investigadores\/pedro-silva-pereira\/#breadcrumb"},"inLanguage":"en-US","potentialAction":[{"@type":"ReadAction","target":["https:\/\/lisbonpubliclaw.pt\/investigadores\/pedro-silva-pereira\/"]}]},{"@type":"BreadcrumbList","@id":"https:\/\/lisbonpubliclaw.pt\/investigadores\/pedro-silva-pereira\/#breadcrumb","itemListElement":[{"@type":"ListItem","position":1,"name":"Home","item":"https:\/\/lisbonpubliclaw.pt\/"},{"@type":"ListItem","position":2,"name":"Investigadores","item":"https:\/\/lisbonpubliclaw.pt\/investigadores\/"},{"@type":"ListItem","position":3,"name":"Pedro Silva Pereira"}]},{"@type":"WebSite","@id":"https:\/\/lisbonpubliclaw.pt\/#website","url":"https:\/\/lisbonpubliclaw.pt\/","name":"Lisbon Public Law","description":"Public Law Research Centre in Lisbon","publisher":{"@id":"https:\/\/lisbonpubliclaw.pt\/#organization"},"potentialAction":[{"@type":"SearchAction","target":{"@type":"EntryPoint","urlTemplate":"https:\/\/lisbonpubliclaw.pt\/?s={search_term_string}"},"query-input":{"@type":"PropertyValueSpecification","valueRequired":true,"valueName":"search_term_string"}}],"inLanguage":"en-US"},{"@type":"Organization","@id":"https:\/\/lisbonpubliclaw.pt\/#organization","name":"Lisbon Public Law","url":"https:\/\/lisbonpubliclaw.pt\/","logo":{"@type":"ImageObject","inLanguage":"en-US","@id":"https:\/\/lisbonpubliclaw.pt\/#\/schema\/logo\/image\/","url":"https:\/\/lisbonpubliclaw.pt\/wp-content\/uploads\/2023\/06\/WhatsApp-Image-2023-06-19-at-11.01.50-1.jpeg","contentUrl":"https:\/\/lisbonpubliclaw.pt\/wp-content\/uploads\/2023\/06\/WhatsApp-Image-2023-06-19-at-11.01.50-1.jpeg","width":354,"height":354,"caption":"Lisbon Public Law"},"image":{"@id":"https:\/\/lisbonpubliclaw.pt\/#\/schema\/logo\/image\/"}}]}},"_links":{"self":[{"href":"https:\/\/lisbonpubliclaw.pt\/en\/wp-json\/wp\/v2\/investigadores\/11629","targetHints":{"allow":["GET"]}}],"collection":[{"href":"https:\/\/lisbonpubliclaw.pt\/en\/wp-json\/wp\/v2\/investigadores"}],"about":[{"href":"https:\/\/lisbonpubliclaw.pt\/en\/wp-json\/wp\/v2\/types\/investigadores"}],"wp:attachment":[{"href":"https:\/\/lisbonpubliclaw.pt\/en\/wp-json\/wp\/v2\/media?parent=11629"}],"wp:term":[{"taxonomy":"efetivos-assistentes","embeddable":true,"href":"https:\/\/lisbonpubliclaw.pt\/en\/wp-json\/wp\/v2\/efetivos-assistentes?post=11629"},{"taxonomy":"members-fellows","embeddable":true,"href":"https:\/\/lisbonpubliclaw.pt\/en\/wp-json\/wp\/v2\/members-fellows?post=11629"},{"taxonomy":"cluster","embeddable":true,"href":"https:\/\/lisbonpubliclaw.pt\/en\/wp-json\/wp\/v2\/cluster?post=11629"},{"taxonomy":"categoria-do-investigador","embeddable":true,"href":"https:\/\/lisbonpubliclaw.pt\/en\/wp-json\/wp\/v2\/categoria-do-investigador?post=11629"},{"taxonomy":"grupo-de-investigacao","embeddable":true,"href":"https:\/\/lisbonpubliclaw.pt\/en\/wp-json\/wp\/v2\/grupo-de-investigacao?post=11629"}],"curies":[{"name":"wp","href":"https:\/\/api.w.org\/{rel}","templated":true}]}}

Pedro Silva Pereira é Mestre em Direito (Ciências Jurídico-Políticas) pela Faculdade de Direito da Universidade de Lisboa e Assistente na mesma Faculdade. A sua dissertação de mestrado versou sobre "A participação dos interessados nas decisões administrativas: o inquérito público". Tem em curso, também na Faculdade de Direito da Universidade de Lisboa, a elaboração da sua tese de Doutoramento sobre "A Força Vinculativa dos Compromissos de Desenvolvimento Sustentável na Nova Geração de Acordos Comerciais da União Europeia - Uma perspetiva jurídico-política". A sua carreira académica inclui atividades docentes na Universidade de Los Andes, Facultad de Derecho, de Bogotá, Colômbia; na Stockholm University, Faculty of Law, de Estocolmo, Suécia; em Sciences Po, Paris, França; na Universidade Autónoma de Lisboa, Departamento de Direito; e na Universidade Lusíada, de Lisboa. Os seus domínios prioritários de atuação são o Direito Internacional do Comércio, o Direito da União Europeia, o Direito Internacional Público, o Direito do Ambiente, o Direito do Urbanismo, o Direito Constitucional e a Ciência Política.
