{"id":10682,"date":"2025-07-29T12:24:21","date_gmt":"2025-07-29T12:24:21","guid":{"rendered":"https:\/\/lisbonpubliclaw.pt\/?post_type=investigadores&#038;p=10682"},"modified":"2025-08-20T16:54:27","modified_gmt":"2025-08-20T16:54:27","slug":"carolina-aparecida-galvanese-de-sousa","status":"publish","type":"investigadores","link":"https:\/\/lisbonpubliclaw.pt\/en\/investigadores\/carolina-aparecida-galvanese-de-sousa\/","title":{"rendered":"Carolina Aparecida Galvanese de Sousa"},"content":{"rendered":"","protected":false},"template":"","meta":{"foto-do-investigador":"https:\/\/lisbonpubliclaw.pt\/wp-content\/uploads\/2025\/07\/Carolina-Galvanese.png","nome-do-investigador":"Carolina Aparecida Galvanese de Sousa","cargo-do-investigador":"Investigador Colaborador","email-do-investigador":"mailto:carolina.adv@adv.oabsp.org.br","cv-do-investigador":"","orcid":"0000-0002-3208-3184","ciencia-id":"221B-053A-92B1","areas-de-investigacao":"Direito Ambiental Internacional, Meio Ambiente Digital, Tecnologias Sustent\u00e1veis, Pol\u00edtica Internacional, Direito Internacional, Direito e Pol\u00edtica Espacial, Meio Ambiente e Sa\u00fade, Sustentabilidade","short-bio-investigadores":"<p style=\"text-align: justify;\"><strong>Carolina Aparecida Galvanese de Sousa<\/strong> \u00e9 investigadora cient\u00edfica, professora universit\u00e1ria e advogada.<\/p>\r\n<p style=\"text-align: justify;\">\u00c9 membro efetivo da Comiss\u00e3o de Meio Ambiente da OAB de Santos\/SP, e Vice-Presidente da Comiss\u00e3o de Direito da Sa\u00fade da mesma OAB de Santos\/SP, onde atua em defesa de temas relevantes para a sociedade. Atua como advogada em \u00e2mbito contencioso e consultivo.<\/p>\r\n<p style=\"text-align: justify;\">Al\u00e9m de cursos de extens\u00e3o universit\u00e1ria e outros de curta dura\u00e7\u00e3o, sua trajet\u00f3ria acad\u00eamica inclui gradua\u00e7\u00e3o em Ci\u00eancias Jur\u00eddicas e Sociais e Mestrado em Direito da Sa\u00fade, estando em fase de iminente defesa de tese para titula\u00e7\u00e3o de Doutorado em Direito Ambiental Internacional, pela Universidade Cat\u00f3lica de Santos\/SP. Contemplada com Bolsa de Doutorado Sandu\u00edche pela CAPES\/MEC do Brasil, complementou sua investiga\u00e7\u00e3o pelo per\u00edodo de 06 meses junto \u00e0 Faculdade de Direito da Universidade de Lisboa.<\/p>\r\n<p style=\"text-align: justify;\">Dentro do escopo de pesquisa, tem como foco o Direito Ambiental Internacional, Meio Ambiente e Sa\u00fade, Tecnologias Sustent\u00e1veis, Direito e Pol\u00edtica Espacial e Pol\u00edtica Internacional. Possui publica\u00e7\u00f5es em revistas cient\u00edficas, anais de eventos acad\u00eamicos, livro e organiza\u00e7\u00e3o de obra coletiva, al\u00e9m de regular presen\u00e7a e participa\u00e7\u00e3o ativa em congressos, semin\u00e1rios, confer\u00eancias e eventos variados como palestrante e assistente.<\/p>\r\n<p><strong>LATTES<\/strong>: <a href=\"https:\/\/wwws.cnpq.br\/cvlattesweb\/PKG_MENU.menu?f_cod=D4A39869852E8E2E8858A3C16AC7A14B\">https:\/\/wwws.cnpq.br\/cvlattesweb\/PKG_MENU.menu?f_cod=D4A39869852E8E2E8858A3C16AC7A14B<\/a><\/p>\r\n<p><strong>ACADEMIA.EDU:<\/strong> <a href=\"https:\/\/independent.academia.edu\/GALVANESE\">https:\/\/independent.academia.edu\/GALVANESE<\/a><\/p>\r\n<p><strong>RESEARCH GATE:<\/strong> <a href=\"https:\/\/www.researchgate.net\/profile\/Carolina-Galvanese?ev=hdr_xprf\">https:\/\/www.researchgate.net\/profile\/Carolina-Galvanese?ev=hdr_xprf<\/a><\/p>","link-pagina-pessoal":"https:\/\/www.linkedin.com\/in\/carolina-galvanese-phd-student-6a2207167\/"},"efetivos-assistentes":[],"members-fellows":[],"cluster":[],"categoria-do-investigador":[15],"grupo-de-investigacao":[],"class_list":["post-10682","investigadores","type-investigadores","status-publish","hentry","categoria-do-investigador-colaborador"],"yoast_head":"<!-- This site is optimized with the Yoast SEO plugin v27.5 - https:\/\/yoast.com\/product\/yoast-seo-wordpress\/ -->\n<title>Carolina Aparecida Galvanese de Sousa - Lisbon Public Law<\/title>\n<meta name=\"robots\" content=\"index, follow, max-snippet:-1, max-image-preview:large, max-video-preview:-1\" \/>\n<link rel=\"canonical\" href=\"https:\/\/lisbonpubliclaw.pt\/en\/investigadores\/carolina-aparecida-galvanese-de-sousa\/\" \/>\n<meta property=\"og:locale\" content=\"en_US\" \/>\n<meta property=\"og:type\" content=\"article\" \/>\n<meta property=\"og:title\" content=\"Carolina Aparecida Galvanese de Sousa - Lisbon Public Law\" \/>\n<meta property=\"og:url\" content=\"https:\/\/lisbonpubliclaw.pt\/en\/investigadores\/carolina-aparecida-galvanese-de-sousa\/\" \/>\n<meta property=\"og:site_name\" content=\"Lisbon Public Law\" \/>\n<meta property=\"article:modified_time\" content=\"2025-08-20T16:54:27+00:00\" \/>\n<meta name=\"twitter:card\" content=\"summary_large_image\" \/>\n<script type=\"application\/ld+json\" class=\"yoast-schema-graph\">{\"@context\":\"https:\\\/\\\/schema.org\",\"@graph\":[{\"@type\":\"WebPage\",\"@id\":\"https:\\\/\\\/lisbonpubliclaw.pt\\\/investigadores\\\/carolina-aparecida-galvanese-de-sousa\\\/\",\"url\":\"https:\\\/\\\/lisbonpubliclaw.pt\\\/investigadores\\\/carolina-aparecida-galvanese-de-sousa\\\/\",\"name\":\"Carolina Aparecida Galvanese de Sousa - Lisbon Public Law\",\"isPartOf\":{\"@id\":\"https:\\\/\\\/lisbonpubliclaw.pt\\\/#website\"},\"datePublished\":\"2025-07-29T12:24:21+00:00\",\"dateModified\":\"2025-08-20T16:54:27+00:00\",\"breadcrumb\":{\"@id\":\"https:\\\/\\\/lisbonpubliclaw.pt\\\/investigadores\\\/carolina-aparecida-galvanese-de-sousa\\\/#breadcrumb\"},\"inLanguage\":\"en-US\",\"potentialAction\":[{\"@type\":\"ReadAction\",\"target\":[\"https:\\\/\\\/lisbonpubliclaw.pt\\\/investigadores\\\/carolina-aparecida-galvanese-de-sousa\\\/\"]}]},{\"@type\":\"BreadcrumbList\",\"@id\":\"https:\\\/\\\/lisbonpubliclaw.pt\\\/investigadores\\\/carolina-aparecida-galvanese-de-sousa\\\/#breadcrumb\",\"itemListElement\":[{\"@type\":\"ListItem\",\"position\":1,\"name\":\"Home\",\"item\":\"https:\\\/\\\/lisbonpubliclaw.pt\\\/\"},{\"@type\":\"ListItem\",\"position\":2,\"name\":\"Investigadores\",\"item\":\"https:\\\/\\\/lisbonpubliclaw.pt\\\/investigadores\\\/\"},{\"@type\":\"ListItem\",\"position\":3,\"name\":\"Carolina Aparecida Galvanese de Sousa\"}]},{\"@type\":\"WebSite\",\"@id\":\"https:\\\/\\\/lisbonpubliclaw.pt\\\/#website\",\"url\":\"https:\\\/\\\/lisbonpubliclaw.pt\\\/\",\"name\":\"Lisbon Public Law\",\"description\":\"Public Law Research Centre in Lisbon\",\"publisher\":{\"@id\":\"https:\\\/\\\/lisbonpubliclaw.pt\\\/#organization\"},\"potentialAction\":[{\"@type\":\"SearchAction\",\"target\":{\"@type\":\"EntryPoint\",\"urlTemplate\":\"https:\\\/\\\/lisbonpubliclaw.pt\\\/?s={search_term_string}\"},\"query-input\":{\"@type\":\"PropertyValueSpecification\",\"valueRequired\":true,\"valueName\":\"search_term_string\"}}],\"inLanguage\":\"en-US\"},{\"@type\":\"Organization\",\"@id\":\"https:\\\/\\\/lisbonpubliclaw.pt\\\/#organization\",\"name\":\"Lisbon Public Law\",\"url\":\"https:\\\/\\\/lisbonpubliclaw.pt\\\/\",\"logo\":{\"@type\":\"ImageObject\",\"inLanguage\":\"en-US\",\"@id\":\"https:\\\/\\\/lisbonpubliclaw.pt\\\/#\\\/schema\\\/logo\\\/image\\\/\",\"url\":\"https:\\\/\\\/lisbonpubliclaw.pt\\\/wp-content\\\/uploads\\\/2023\\\/06\\\/WhatsApp-Image-2023-06-19-at-11.01.50-1.jpeg\",\"contentUrl\":\"https:\\\/\\\/lisbonpubliclaw.pt\\\/wp-content\\\/uploads\\\/2023\\\/06\\\/WhatsApp-Image-2023-06-19-at-11.01.50-1.jpeg\",\"width\":354,\"height\":354,\"caption\":\"Lisbon Public Law\"},\"image\":{\"@id\":\"https:\\\/\\\/lisbonpubliclaw.pt\\\/#\\\/schema\\\/logo\\\/image\\\/\"}}]}<\/script>\n<!-- \/ Yoast SEO plugin. -->","yoast_head_json":{"title":"Carolina Aparecida Galvanese de Sousa - Lisbon Public Law","robots":{"index":"index","follow":"follow","max-snippet":"max-snippet:-1","max-image-preview":"max-image-preview:large","max-video-preview":"max-video-preview:-1"},"canonical":"https:\/\/lisbonpubliclaw.pt\/en\/investigadores\/carolina-aparecida-galvanese-de-sousa\/","og_locale":"en_US","og_type":"article","og_title":"Carolina Aparecida Galvanese de Sousa - Lisbon Public Law","og_url":"https:\/\/lisbonpubliclaw.pt\/en\/investigadores\/carolina-aparecida-galvanese-de-sousa\/","og_site_name":"Lisbon Public Law","article_modified_time":"2025-08-20T16:54:27+00:00","twitter_card":"summary_large_image","schema":{"@context":"https:\/\/schema.org","@graph":[{"@type":"WebPage","@id":"https:\/\/lisbonpubliclaw.pt\/investigadores\/carolina-aparecida-galvanese-de-sousa\/","url":"https:\/\/lisbonpubliclaw.pt\/investigadores\/carolina-aparecida-galvanese-de-sousa\/","name":"Carolina Aparecida Galvanese de Sousa - Lisbon Public Law","isPartOf":{"@id":"https:\/\/lisbonpubliclaw.pt\/#website"},"datePublished":"2025-07-29T12:24:21+00:00","dateModified":"2025-08-20T16:54:27+00:00","breadcrumb":{"@id":"https:\/\/lisbonpubliclaw.pt\/investigadores\/carolina-aparecida-galvanese-de-sousa\/#breadcrumb"},"inLanguage":"en-US","potentialAction":[{"@type":"ReadAction","target":["https:\/\/lisbonpubliclaw.pt\/investigadores\/carolina-aparecida-galvanese-de-sousa\/"]}]},{"@type":"BreadcrumbList","@id":"https:\/\/lisbonpubliclaw.pt\/investigadores\/carolina-aparecida-galvanese-de-sousa\/#breadcrumb","itemListElement":[{"@type":"ListItem","position":1,"name":"Home","item":"https:\/\/lisbonpubliclaw.pt\/"},{"@type":"ListItem","position":2,"name":"Investigadores","item":"https:\/\/lisbonpubliclaw.pt\/investigadores\/"},{"@type":"ListItem","position":3,"name":"Carolina Aparecida Galvanese de Sousa"}]},{"@type":"WebSite","@id":"https:\/\/lisbonpubliclaw.pt\/#website","url":"https:\/\/lisbonpubliclaw.pt\/","name":"Lisbon Public Law","description":"Public Law Research Centre in Lisbon","publisher":{"@id":"https:\/\/lisbonpubliclaw.pt\/#organization"},"potentialAction":[{"@type":"SearchAction","target":{"@type":"EntryPoint","urlTemplate":"https:\/\/lisbonpubliclaw.pt\/?s={search_term_string}"},"query-input":{"@type":"PropertyValueSpecification","valueRequired":true,"valueName":"search_term_string"}}],"inLanguage":"en-US"},{"@type":"Organization","@id":"https:\/\/lisbonpubliclaw.pt\/#organization","name":"Lisbon Public Law","url":"https:\/\/lisbonpubliclaw.pt\/","logo":{"@type":"ImageObject","inLanguage":"en-US","@id":"https:\/\/lisbonpubliclaw.pt\/#\/schema\/logo\/image\/","url":"https:\/\/lisbonpubliclaw.pt\/wp-content\/uploads\/2023\/06\/WhatsApp-Image-2023-06-19-at-11.01.50-1.jpeg","contentUrl":"https:\/\/lisbonpubliclaw.pt\/wp-content\/uploads\/2023\/06\/WhatsApp-Image-2023-06-19-at-11.01.50-1.jpeg","width":354,"height":354,"caption":"Lisbon Public Law"},"image":{"@id":"https:\/\/lisbonpubliclaw.pt\/#\/schema\/logo\/image\/"}}]}},"_links":{"self":[{"href":"https:\/\/lisbonpubliclaw.pt\/en\/wp-json\/wp\/v2\/investigadores\/10682","targetHints":{"allow":["GET"]}}],"collection":[{"href":"https:\/\/lisbonpubliclaw.pt\/en\/wp-json\/wp\/v2\/investigadores"}],"about":[{"href":"https:\/\/lisbonpubliclaw.pt\/en\/wp-json\/wp\/v2\/types\/investigadores"}],"wp:attachment":[{"href":"https:\/\/lisbonpubliclaw.pt\/en\/wp-json\/wp\/v2\/media?parent=10682"}],"wp:term":[{"taxonomy":"efetivos-assistentes","embeddable":true,"href":"https:\/\/lisbonpubliclaw.pt\/en\/wp-json\/wp\/v2\/efetivos-assistentes?post=10682"},{"taxonomy":"members-fellows","embeddable":true,"href":"https:\/\/lisbonpubliclaw.pt\/en\/wp-json\/wp\/v2\/members-fellows?post=10682"},{"taxonomy":"cluster","embeddable":true,"href":"https:\/\/lisbonpubliclaw.pt\/en\/wp-json\/wp\/v2\/cluster?post=10682"},{"taxonomy":"categoria-do-investigador","embeddable":true,"href":"https:\/\/lisbonpubliclaw.pt\/en\/wp-json\/wp\/v2\/categoria-do-investigador?post=10682"},{"taxonomy":"grupo-de-investigacao","embeddable":true,"href":"https:\/\/lisbonpubliclaw.pt\/en\/wp-json\/wp\/v2\/grupo-de-investigacao?post=10682"}],"curies":[{"name":"wp","href":"https:\/\/api.w.org\/{rel}","templated":true}]}}

Direito Ambiental Internacional, Meio Ambiente Digital, Tecnologias Sustentáveis, Política Internacional, Direito Internacional, Direito e Política Espacial, Meio Ambiente e Saúde, Sustentabilidade

<p style="text-align: justify;"><strong>Carolina Aparecida Galvanese de Sousa</strong> é investigadora científica, professora universitária e advogada.</p>
<p style="text-align: justify;">É membro efetivo da Comissão de Meio Ambiente da OAB de Santos/SP, e Vice-Presidente da Comissão de Direito da Saúde da mesma OAB de Santos/SP, onde atua em defesa de temas relevantes para a sociedade. Atua como advogada em âmbito contencioso e consultivo.</p>
<p style="text-align: justify;">Além de cursos de extensão universitária e outros de curta duração, sua trajetória acadêmica inclui graduação em Ciências Jurídicas e Sociais e Mestrado em Direito da Saúde, estando em fase de iminente defesa de tese para titulação de Doutorado em Direito Ambiental Internacional, pela Universidade Católica de Santos/SP. Contemplada com Bolsa de Doutorado Sanduíche pela CAPES/MEC do Brasil, complementou sua investigação pelo período de 06 meses junto à Faculdade de Direito da Universidade de Lisboa.</p>
<p style="text-align: justify;">Dentro do escopo de pesquisa, tem como foco o Direito Ambiental Internacional, Meio Ambiente e Saúde, Tecnologias Sustentáveis, Direito e Política Espacial e Política Internacional. Possui publicações em revistas científicas, anais de eventos acadêmicos, livro e organização de obra coletiva, além de regular presença e participação ativa em congressos, seminários, conferências e eventos variados como palestrante e assistente.</p>
<p><strong>LATTES</strong>: <a href="https://wwws.cnpq.br/cvlattesweb/PKG_MENU.menu?f_cod=D4A39869852E8E2E8858A3C16AC7A14B">https://wwws.cnpq.br/cvlattesweb/PKG_MENU.menu?f_cod=D4A39869852E8E2E8858A3C16AC7A14B</a></p>
<p><strong>ACADEMIA.EDU:</strong> <a href="https://independent.academia.edu/GALVANESE">https://independent.academia.edu/GALVANESE</a></p>
<p><strong>RESEARCH GATE:</strong> <a href="https://www.researchgate.net/profile/Carolina-Galvanese?ev=hdr_xprf">https://www.researchgate.net/profile/Carolina-Galvanese?ev=hdr_xprf</a></p>
