{"id":6921,"date":"2024-10-30T16:53:59","date_gmt":"2024-10-30T16:53:59","guid":{"rendered":"https:\/\/lisbonpubliclaw.pt\/?post_type=eventos&#038;p=6921"},"modified":"2025-02-06T11:34:26","modified_gmt":"2025-02-06T11:34:26","slug":"temas-emergentes-na-regulamentacao-das-plataformas","status":"publish","type":"eventos","link":"https:\/\/lisbonpubliclaw.pt\/en\/eventos\/temas-emergentes-na-regulamentacao-das-plataformas\/","title":{"rendered":"Emerging Themes in Platform Regulation"},"content":{"rendered":"","protected":false},"template":"","meta":{"imagem-do-evento":"https:\/\/lisbonpubliclaw.pt\/wp-content\/uploads\/2024\/10\/cartaz_programa_14_11-01-e1730306353664.png","investigador-organizador":["1733"],"projeto-a-que-pertence":"Lisbon Digital Rights ","orador-do-evento":"Daphne Keller","subtitulo-da-sessao":"","link-zoom":"https:\/\/zoom.us\/j\/99748381702?pwd=lEO4DR3h9fc1iwVV6pzzMyaM0jkR3o.1","email-de-incricao":"","url-de-incricao":"","data-do-evento":1731542400,"hora-do-evento":"18:00","data-fim-do-evento":"","localizacao":"Sala 12.27 - FDUL","descricao-do-evento":"<p style=\"text-align: justify;\">No pr\u00f3ximo dia 14 de novembro, a II Lisbon Digital Rights Annual Lecture traz \u00e0 Faculdade de Direito da Universidade de Lisboa a Professora Daphne Keller, da Universidade de Stanford.<\/p>\r\n<p style=\"text-align: justify;\">Centrada na regula\u00e7\u00e3o das plataformas e nos direitos dos utilizadores de Internet, incluindo as pr\u00e1ticas de modera\u00e7\u00e3o de conte\u00fados das plataformas, o direito constitucional e dos direitos humanos, os direitos de autor, a prote\u00e7\u00e3o de dados e a remo\u00e7\u00e3o das ordens globais dos tribunais nacionais, a Professora Keller trar\u00e1 \u00e0 discuss\u00e3o \u201cTemas emergentes na regulamenta\u00e7\u00e3o das plataformas\u201d.<\/p>\r\n<p style=\"text-align: center;\"><strong>Junte-se a n\u00f3s na sala 12.27 ou atrav\u00e9s do Zoom e aproveite a oportunidade de se inscrever numa palestra t\u00e3o cativante.<\/strong><\/p>\r\n<p>\u00a0<\/p>","participacao":{"Aberto ao P\u00fablico":"true","Acesso Restrito":"false"},"imagem-cartaz":"6923"},"cluster":[48],"categoria-do-evento":[56],"grupo-de-investigacao":[11],"class_list":["post-6921","eventos","type-eventos","status-publish","hentry","cluster-lisbon-digital-rights","categoria-do-evento-annual-lectures","grupo-de-investigacao-direito-administrativo"],"yoast_head":"<!-- This site is optimized with the Yoast SEO plugin v27.5 - https:\/\/yoast.com\/product\/yoast-seo-wordpress\/ -->\n<title>Temas emergentes na regulamenta\u00e7\u00e3o das plataformas - Lisbon Public Law<\/title>\n<meta name=\"robots\" content=\"index, follow, max-snippet:-1, max-image-preview:large, max-video-preview:-1\" \/>\n<link rel=\"canonical\" href=\"https:\/\/lisbonpubliclaw.pt\/en\/eventos\/temas-emergentes-na-regulamentacao-das-plataformas\/\" \/>\n<meta property=\"og:locale\" content=\"en_US\" \/>\n<meta property=\"og:type\" content=\"article\" \/>\n<meta property=\"og:title\" content=\"Temas emergentes na regulamenta\u00e7\u00e3o das plataformas - Lisbon Public Law\" \/>\n<meta property=\"og:url\" content=\"https:\/\/lisbonpubliclaw.pt\/en\/eventos\/temas-emergentes-na-regulamentacao-das-plataformas\/\" \/>\n<meta property=\"og:site_name\" content=\"Lisbon Public Law\" \/>\n<meta property=\"article:modified_time\" content=\"2025-02-06T11:34:26+00:00\" \/>\n<meta name=\"twitter:card\" content=\"summary_large_image\" \/>\n<script type=\"application\/ld+json\" class=\"yoast-schema-graph\">{\"@context\":\"https:\\\/\\\/schema.org\",\"@graph\":[{\"@type\":\"WebPage\",\"@id\":\"https:\\\/\\\/lisbonpubliclaw.pt\\\/eventos\\\/temas-emergentes-na-regulamentacao-das-plataformas\\\/\",\"url\":\"https:\\\/\\\/lisbonpubliclaw.pt\\\/eventos\\\/temas-emergentes-na-regulamentacao-das-plataformas\\\/\",\"name\":\"Temas emergentes na regulamenta\u00e7\u00e3o das plataformas - Lisbon Public Law\",\"isPartOf\":{\"@id\":\"https:\\\/\\\/lisbonpubliclaw.pt\\\/#website\"},\"datePublished\":\"2024-10-30T16:53:59+00:00\",\"dateModified\":\"2025-02-06T11:34:26+00:00\",\"breadcrumb\":{\"@id\":\"https:\\\/\\\/lisbonpubliclaw.pt\\\/eventos\\\/temas-emergentes-na-regulamentacao-das-plataformas\\\/#breadcrumb\"},\"inLanguage\":\"en-US\",\"potentialAction\":[{\"@type\":\"ReadAction\",\"target\":[\"https:\\\/\\\/lisbonpubliclaw.pt\\\/eventos\\\/temas-emergentes-na-regulamentacao-das-plataformas\\\/\"]}]},{\"@type\":\"BreadcrumbList\",\"@id\":\"https:\\\/\\\/lisbonpubliclaw.pt\\\/eventos\\\/temas-emergentes-na-regulamentacao-das-plataformas\\\/#breadcrumb\",\"itemListElement\":[{\"@type\":\"ListItem\",\"position\":1,\"name\":\"Home\",\"item\":\"https:\\\/\\\/lisbonpubliclaw.pt\\\/\"},{\"@type\":\"ListItem\",\"position\":2,\"name\":\"Eventos\",\"item\":\"https:\\\/\\\/lisbonpubliclaw.pt\\\/eventos\\\/\"},{\"@type\":\"ListItem\",\"position\":3,\"name\":\"Temas emergentes na regulamenta\u00e7\u00e3o das plataformas\"}]},{\"@type\":\"WebSite\",\"@id\":\"https:\\\/\\\/lisbonpubliclaw.pt\\\/#website\",\"url\":\"https:\\\/\\\/lisbonpubliclaw.pt\\\/\",\"name\":\"Lisbon Public Law\",\"description\":\"Public Law Research Centre in Lisbon\",\"publisher\":{\"@id\":\"https:\\\/\\\/lisbonpubliclaw.pt\\\/#organization\"},\"potentialAction\":[{\"@type\":\"SearchAction\",\"target\":{\"@type\":\"EntryPoint\",\"urlTemplate\":\"https:\\\/\\\/lisbonpubliclaw.pt\\\/?s={search_term_string}\"},\"query-input\":{\"@type\":\"PropertyValueSpecification\",\"valueRequired\":true,\"valueName\":\"search_term_string\"}}],\"inLanguage\":\"en-US\"},{\"@type\":\"Organization\",\"@id\":\"https:\\\/\\\/lisbonpubliclaw.pt\\\/#organization\",\"name\":\"Lisbon Public Law\",\"url\":\"https:\\\/\\\/lisbonpubliclaw.pt\\\/\",\"logo\":{\"@type\":\"ImageObject\",\"inLanguage\":\"en-US\",\"@id\":\"https:\\\/\\\/lisbonpubliclaw.pt\\\/#\\\/schema\\\/logo\\\/image\\\/\",\"url\":\"https:\\\/\\\/lisbonpubliclaw.pt\\\/wp-content\\\/uploads\\\/2023\\\/06\\\/WhatsApp-Image-2023-06-19-at-11.01.50-1.jpeg\",\"contentUrl\":\"https:\\\/\\\/lisbonpubliclaw.pt\\\/wp-content\\\/uploads\\\/2023\\\/06\\\/WhatsApp-Image-2023-06-19-at-11.01.50-1.jpeg\",\"width\":354,\"height\":354,\"caption\":\"Lisbon Public Law\"},\"image\":{\"@id\":\"https:\\\/\\\/lisbonpubliclaw.pt\\\/#\\\/schema\\\/logo\\\/image\\\/\"}}]}<\/script>\n<!-- \/ Yoast SEO plugin. -->","yoast_head_json":{"title":"Temas emergentes na regulamenta\u00e7\u00e3o das plataformas - Lisbon Public Law","robots":{"index":"index","follow":"follow","max-snippet":"max-snippet:-1","max-image-preview":"max-image-preview:large","max-video-preview":"max-video-preview:-1"},"canonical":"https:\/\/lisbonpubliclaw.pt\/en\/eventos\/temas-emergentes-na-regulamentacao-das-plataformas\/","og_locale":"en_US","og_type":"article","og_title":"Temas emergentes na regulamenta\u00e7\u00e3o das plataformas - Lisbon Public Law","og_url":"https:\/\/lisbonpubliclaw.pt\/en\/eventos\/temas-emergentes-na-regulamentacao-das-plataformas\/","og_site_name":"Lisbon Public Law","article_modified_time":"2025-02-06T11:34:26+00:00","twitter_card":"summary_large_image","schema":{"@context":"https:\/\/schema.org","@graph":[{"@type":"WebPage","@id":"https:\/\/lisbonpubliclaw.pt\/eventos\/temas-emergentes-na-regulamentacao-das-plataformas\/","url":"https:\/\/lisbonpubliclaw.pt\/eventos\/temas-emergentes-na-regulamentacao-das-plataformas\/","name":"Temas emergentes na regulamenta\u00e7\u00e3o das plataformas - Lisbon Public Law","isPartOf":{"@id":"https:\/\/lisbonpubliclaw.pt\/#website"},"datePublished":"2024-10-30T16:53:59+00:00","dateModified":"2025-02-06T11:34:26+00:00","breadcrumb":{"@id":"https:\/\/lisbonpubliclaw.pt\/eventos\/temas-emergentes-na-regulamentacao-das-plataformas\/#breadcrumb"},"inLanguage":"en-US","potentialAction":[{"@type":"ReadAction","target":["https:\/\/lisbonpubliclaw.pt\/eventos\/temas-emergentes-na-regulamentacao-das-plataformas\/"]}]},{"@type":"BreadcrumbList","@id":"https:\/\/lisbonpubliclaw.pt\/eventos\/temas-emergentes-na-regulamentacao-das-plataformas\/#breadcrumb","itemListElement":[{"@type":"ListItem","position":1,"name":"Home","item":"https:\/\/lisbonpubliclaw.pt\/"},{"@type":"ListItem","position":2,"name":"Eventos","item":"https:\/\/lisbonpubliclaw.pt\/eventos\/"},{"@type":"ListItem","position":3,"name":"Temas emergentes na regulamenta\u00e7\u00e3o das plataformas"}]},{"@type":"WebSite","@id":"https:\/\/lisbonpubliclaw.pt\/#website","url":"https:\/\/lisbonpubliclaw.pt\/","name":"Lisbon Public Law","description":"Public Law Research Centre in Lisbon","publisher":{"@id":"https:\/\/lisbonpubliclaw.pt\/#organization"},"potentialAction":[{"@type":"SearchAction","target":{"@type":"EntryPoint","urlTemplate":"https:\/\/lisbonpubliclaw.pt\/?s={search_term_string}"},"query-input":{"@type":"PropertyValueSpecification","valueRequired":true,"valueName":"search_term_string"}}],"inLanguage":"en-US"},{"@type":"Organization","@id":"https:\/\/lisbonpubliclaw.pt\/#organization","name":"Lisbon Public Law","url":"https:\/\/lisbonpubliclaw.pt\/","logo":{"@type":"ImageObject","inLanguage":"en-US","@id":"https:\/\/lisbonpubliclaw.pt\/#\/schema\/logo\/image\/","url":"https:\/\/lisbonpubliclaw.pt\/wp-content\/uploads\/2023\/06\/WhatsApp-Image-2023-06-19-at-11.01.50-1.jpeg","contentUrl":"https:\/\/lisbonpubliclaw.pt\/wp-content\/uploads\/2023\/06\/WhatsApp-Image-2023-06-19-at-11.01.50-1.jpeg","width":354,"height":354,"caption":"Lisbon Public Law"},"image":{"@id":"https:\/\/lisbonpubliclaw.pt\/#\/schema\/logo\/image\/"}}]}},"_links":{"self":[{"href":"https:\/\/lisbonpubliclaw.pt\/en\/wp-json\/wp\/v2\/eventos\/6921","targetHints":{"allow":["GET"]}}],"collection":[{"href":"https:\/\/lisbonpubliclaw.pt\/en\/wp-json\/wp\/v2\/eventos"}],"about":[{"href":"https:\/\/lisbonpubliclaw.pt\/en\/wp-json\/wp\/v2\/types\/eventos"}],"wp:attachment":[{"href":"https:\/\/lisbonpubliclaw.pt\/en\/wp-json\/wp\/v2\/media?parent=6921"}],"wp:term":[{"taxonomy":"cluster","embeddable":true,"href":"https:\/\/lisbonpubliclaw.pt\/en\/wp-json\/wp\/v2\/cluster?post=6921"},{"taxonomy":"categoria-do-evento","embeddable":true,"href":"https:\/\/lisbonpubliclaw.pt\/en\/wp-json\/wp\/v2\/categoria-do-evento?post=6921"},{"taxonomy":"grupo-de-investigacao","embeddable":true,"href":"https:\/\/lisbonpubliclaw.pt\/en\/wp-json\/wp\/v2\/grupo-de-investigacao?post=6921"}],"curies":[{"name":"wp","href":"https:\/\/api.w.org\/{rel}","templated":true}]}}

<p style="text-align: justify;">No próximo dia 14 de novembro, a II Lisbon Digital Rights Annual Lecture traz à Faculdade de Direito da Universidade de Lisboa a Professora Daphne Keller, da Universidade de Stanford.</p>
<p style="text-align: justify;">Centrada na regulação das plataformas e nos direitos dos utilizadores de Internet, incluindo as práticas de moderação de conteúdos das plataformas, o direito constitucional e dos direitos humanos, os direitos de autor, a proteção de dados e a remoção das ordens globais dos tribunais nacionais, a Professora Keller trará à discussão “Temas emergentes na regulamentação das plataformas”.</p>
<p style="text-align: center;"><strong>Junte-se a nós na sala 12.27 ou através do Zoom e aproveite a oportunidade de se inscrever numa palestra tão cativante.</strong></p>
<p> </p>

<!-- This site is optimized with the Yoast SEO plugin v27.5 - https://yoast.com/product/yoast-seo-wordpress/ -->
<title>Temas emergentes na regulamentação das plataformas - Lisbon Public Law</title>
<meta name="robots" content="index, follow, max-snippet:-1, max-image-preview:large, max-video-preview:-1" />
<link rel="canonical" href="https://lisbonpubliclaw.pt/en/eventos/temas-emergentes-na-regulamentacao-das-plataformas/" />
<meta property="og:locale" content="en_US" />
<meta property="og:type" content="article" />
<meta property="og:title" content="Temas emergentes na regulamentação das plataformas - Lisbon Public Law" />
<meta property="og:url" content="https://lisbonpubliclaw.pt/en/eventos/temas-emergentes-na-regulamentacao-das-plataformas/" />
<meta property="og:site_name" content="Lisbon Public Law" />
<meta property="article:modified_time" content="2025-02-06T11:34:26+00:00" />
<meta name="twitter:card" content="summary_large_image" />
<script type="application/ld+json" class="yoast-schema-graph">{"@context":"https:\/\/schema.org","@graph":[{"@type":"WebPage","@id":"https:\/\/lisbonpubliclaw.pt\/eventos\/temas-emergentes-na-regulamentacao-das-plataformas\/","url":"https:\/\/lisbonpubliclaw.pt\/eventos\/temas-emergentes-na-regulamentacao-das-plataformas\/","name":"Temas emergentes na regulamentação das plataformas - Lisbon Public Law","isPartOf":{"@id":"https:\/\/lisbonpubliclaw.pt\/#website"},"datePublished":"2024-10-30T16:53:59+00:00","dateModified":"2025-02-06T11:34:26+00:00","breadcrumb":{"@id":"https:\/\/lisbonpubliclaw.pt\/eventos\/temas-emergentes-na-regulamentacao-das-plataformas\/#breadcrumb"},"inLanguage":"en-US","potentialAction":[{"@type":"ReadAction","target":["https:\/\/lisbonpubliclaw.pt\/eventos\/temas-emergentes-na-regulamentacao-das-plataformas\/"]}]},{"@type":"BreadcrumbList","@id":"https:\/\/lisbonpubliclaw.pt\/eventos\/temas-emergentes-na-regulamentacao-das-plataformas\/#breadcrumb","itemListElement":[{"@type":"ListItem","position":1,"name":"Home","item":"https:\/\/lisbonpubliclaw.pt\/"},{"@type":"ListItem","position":2,"name":"Eventos","item":"https:\/\/lisbonpubliclaw.pt\/eventos\/"},{"@type":"ListItem","position":3,"name":"Temas emergentes na regulamentação das plataformas"}]},{"@type":"WebSite","@id":"https:\/\/lisbonpubliclaw.pt\/#website","url":"https:\/\/lisbonpubliclaw.pt\/","name":"Lisbon Public Law","description":"Public Law Research Centre in Lisbon","publisher":{"@id":"https:\/\/lisbonpubliclaw.pt\/#organization"},"potentialAction":[{"@type":"SearchAction","target":{"@type":"EntryPoint","urlTemplate":"https:\/\/lisbonpubliclaw.pt\/?s={search_term_string}"},"query-input":{"@type":"PropertyValueSpecification","valueRequired":true,"valueName":"search_term_string"}}],"inLanguage":"en-US"},{"@type":"Organization","@id":"https:\/\/lisbonpubliclaw.pt\/#organization","name":"Lisbon Public Law","url":"https:\/\/lisbonpubliclaw.pt\/","logo":{"@type":"ImageObject","inLanguage":"en-US","@id":"https:\/\/lisbonpubliclaw.pt\/#\/schema\/logo\/image\/","url":"https:\/\/lisbonpubliclaw.pt\/wp-content\/uploads\/2023\/06\/WhatsApp-Image-2023-06-19-at-11.01.50-1.jpeg","contentUrl":"https:\/\/lisbonpubliclaw.pt\/wp-content\/uploads\/2023\/06\/WhatsApp-Image-2023-06-19-at-11.01.50-1.jpeg","width":354,"height":354,"caption":"Lisbon Public Law"},"image":{"@id":"https:\/\/lisbonpubliclaw.pt\/#\/schema\/logo\/image\/"}}]}</script>
<!-- / Yoast SEO plugin. -->

Temas emergentes na regulamentação das plataformas - Lisbon Public Law

Temas emergentes na regulamentação das plataformas
