{"id":5680,"date":"2024-02-08T18:36:51","date_gmt":"2024-02-08T18:36:51","guid":{"rendered":"https:\/\/lisbonpubliclaw.pt\/?post_type=eventos&#038;p=5680"},"modified":"2025-11-03T07:16:59","modified_gmt":"2025-11-03T07:16:59","slug":"direito-do-mar-alteracoes-climaticas-e-outros-desenvolvimentos-recentes","status":"publish","type":"eventos","link":"https:\/\/lisbonpubliclaw.pt\/en\/eventos\/direito-do-mar-alteracoes-climaticas-e-outros-desenvolvimentos-recentes\/","title":{"rendered":"LAW OF THE SEA: Climate Change and Other Recent Developments"},"content":{"rendered":"","protected":false},"template":"","meta":{"imagem-do-evento":"https:\/\/lisbonpubliclaw.pt\/wp-content\/uploads\/2024\/02\/Open-calls-site.png","investigador-organizador":["1737"],"projeto-a-que-pertence":"Em prepara\u00e7\u00e3o para a subida do n\u00edvel do mar: lidando com as altera\u00e7\u00f5es clim\u00e1ticas, reestruturando o territ\u00f3rio dos Estados e procurando mecanismos para a resolu\u00e7\u00e3o de conflitos","orador-do-evento":"","subtitulo-da-sessao":"","link-zoom":"","email-de-incricao":"","url-de-incricao":"https:\/\/www.eventbrite.co.uk\/e\/symposium-law-of-the-sea-climate-change-and-other-recent-developments-tickets-794238828717?aff=oddtdtcreator","data-do-evento":1709683200,"hora-do-evento":"09:00","data-fim-do-evento":"","localizacao":"Lauterpacht Centre for International Law, Berkowitz\/Finley Lecture Hall","descricao-do-evento":"Este evento, coorganizado pelo Centro Lauterpacht e pelo LPL, centrar-se-\u00e1 em importantes desenvolvimentos recentes no dom\u00ednio do direito do mar.\r\n\r\nEsta \u00e9 uma \u00e1rea do direito internacional p\u00fablico em desenvolvimento din\u00e2mico, marcada nos \u00faltimos anos por medidas tomadas para enfrentar os desafios de fen\u00f3menos como a subida do n\u00edvel do mar e a polui\u00e7\u00e3o ambiental.\r\n\r\nA confer\u00eancia explorar\u00e1 as particularidades e a efic\u00e1cia da resolu\u00e7\u00e3o de lit\u00edgios e da elabora\u00e7\u00e3o de tratados no dom\u00ednio do direito do mar. Constituir\u00e1 tamb\u00e9m um f\u00f3rum de an\u00e1lise e debate sobre outros desenvolvimentos neste dom\u00ednio, como o bloqueio dos portos do Mar Negro.\r\n\r\nO evento ser\u00e1 dividido em tr\u00eas sess\u00f5es. A primeira sess\u00e3o abordar\u00e1 os mecanismos e a pr\u00e1tica de resolu\u00e7\u00e3o de lit\u00edgios contenciosos. A segunda sess\u00e3o ser\u00e1 dedicada \u00e0 utiliza\u00e7\u00e3o da jurisdi\u00e7\u00e3o consultiva dos tribunais internacionais para promover importantes objetivos de pol\u00edtica ambiental. A terceira sess\u00e3o incidir\u00e1 noutros desenvolvimentos.","participacao":{"Aberto ao P\u00fablico":"true","Acesso Restrito":"false"},"imagem-cartaz":"5682"},"cluster":[],"categoria-do-evento":[16],"grupo-de-investigacao":[12],"class_list":["post-5680","eventos","type-eventos","status-publish","hentry","categoria-do-evento-conferencia","grupo-de-investigacao-direito-internacional-e-europeu"],"yoast_head":"<!-- This site is optimized with the Yoast SEO plugin v27.5 - https:\/\/yoast.com\/product\/yoast-seo-wordpress\/ -->\n<title>DIREITO DO MAR: Altera\u00e7\u00f5es clim\u00e1ticas e outros desenvolvimentos recentes<\/title>\n<meta name=\"robots\" content=\"index, follow, max-snippet:-1, max-image-preview:large, max-video-preview:-1\" \/>\n<link rel=\"canonical\" href=\"https:\/\/lisbonpubliclaw.pt\/en\/eventos\/direito-do-mar-alteracoes-climaticas-e-outros-desenvolvimentos-recentes\/\" \/>\n<meta property=\"og:locale\" content=\"en_US\" \/>\n<meta property=\"og:type\" content=\"article\" \/>\n<meta property=\"og:title\" content=\"DIREITO DO MAR: Altera\u00e7\u00f5es clim\u00e1ticas e outros desenvolvimentos recentes\" \/>\n<meta property=\"og:url\" content=\"https:\/\/lisbonpubliclaw.pt\/en\/eventos\/direito-do-mar-alteracoes-climaticas-e-outros-desenvolvimentos-recentes\/\" \/>\n<meta property=\"og:site_name\" content=\"Lisbon Public Law\" \/>\n<meta property=\"article:modified_time\" content=\"2025-11-03T07:16:59+00:00\" \/>\n<meta name=\"twitter:card\" content=\"summary_large_image\" \/>\n<script type=\"application\/ld+json\" class=\"yoast-schema-graph\">{\"@context\":\"https:\\\/\\\/schema.org\",\"@graph\":[{\"@type\":\"WebPage\",\"@id\":\"https:\\\/\\\/lisbonpubliclaw.pt\\\/eventos\\\/direito-do-mar-alteracoes-climaticas-e-outros-desenvolvimentos-recentes\\\/\",\"url\":\"https:\\\/\\\/lisbonpubliclaw.pt\\\/eventos\\\/direito-do-mar-alteracoes-climaticas-e-outros-desenvolvimentos-recentes\\\/\",\"name\":\"DIREITO DO MAR: Altera\u00e7\u00f5es clim\u00e1ticas e outros desenvolvimentos recentes\",\"isPartOf\":{\"@id\":\"https:\\\/\\\/lisbonpubliclaw.pt\\\/#website\"},\"datePublished\":\"2024-02-08T18:36:51+00:00\",\"dateModified\":\"2025-11-03T07:16:59+00:00\",\"breadcrumb\":{\"@id\":\"https:\\\/\\\/lisbonpubliclaw.pt\\\/eventos\\\/direito-do-mar-alteracoes-climaticas-e-outros-desenvolvimentos-recentes\\\/#breadcrumb\"},\"inLanguage\":\"en-US\",\"potentialAction\":[{\"@type\":\"ReadAction\",\"target\":[\"https:\\\/\\\/lisbonpubliclaw.pt\\\/eventos\\\/direito-do-mar-alteracoes-climaticas-e-outros-desenvolvimentos-recentes\\\/\"]}]},{\"@type\":\"BreadcrumbList\",\"@id\":\"https:\\\/\\\/lisbonpubliclaw.pt\\\/eventos\\\/direito-do-mar-alteracoes-climaticas-e-outros-desenvolvimentos-recentes\\\/#breadcrumb\",\"itemListElement\":[{\"@type\":\"ListItem\",\"position\":1,\"name\":\"Home\",\"item\":\"https:\\\/\\\/lisbonpubliclaw.pt\\\/\"},{\"@type\":\"ListItem\",\"position\":2,\"name\":\"Eventos\",\"item\":\"https:\\\/\\\/lisbonpubliclaw.pt\\\/eventos\\\/\"},{\"@type\":\"ListItem\",\"position\":3,\"name\":\"DIREITO DO MAR: Altera\u00e7\u00f5es clim\u00e1ticas e outros desenvolvimentos recentes\"}]},{\"@type\":\"WebSite\",\"@id\":\"https:\\\/\\\/lisbonpubliclaw.pt\\\/#website\",\"url\":\"https:\\\/\\\/lisbonpubliclaw.pt\\\/\",\"name\":\"Lisbon Public Law\",\"description\":\"Public Law Research Centre in Lisbon\",\"publisher\":{\"@id\":\"https:\\\/\\\/lisbonpubliclaw.pt\\\/#organization\"},\"potentialAction\":[{\"@type\":\"SearchAction\",\"target\":{\"@type\":\"EntryPoint\",\"urlTemplate\":\"https:\\\/\\\/lisbonpubliclaw.pt\\\/?s={search_term_string}\"},\"query-input\":{\"@type\":\"PropertyValueSpecification\",\"valueRequired\":true,\"valueName\":\"search_term_string\"}}],\"inLanguage\":\"en-US\"},{\"@type\":\"Organization\",\"@id\":\"https:\\\/\\\/lisbonpubliclaw.pt\\\/#organization\",\"name\":\"Lisbon Public Law\",\"url\":\"https:\\\/\\\/lisbonpubliclaw.pt\\\/\",\"logo\":{\"@type\":\"ImageObject\",\"inLanguage\":\"en-US\",\"@id\":\"https:\\\/\\\/lisbonpubliclaw.pt\\\/#\\\/schema\\\/logo\\\/image\\\/\",\"url\":\"https:\\\/\\\/lisbonpubliclaw.pt\\\/wp-content\\\/uploads\\\/2023\\\/06\\\/WhatsApp-Image-2023-06-19-at-11.01.50-1.jpeg\",\"contentUrl\":\"https:\\\/\\\/lisbonpubliclaw.pt\\\/wp-content\\\/uploads\\\/2023\\\/06\\\/WhatsApp-Image-2023-06-19-at-11.01.50-1.jpeg\",\"width\":354,\"height\":354,\"caption\":\"Lisbon Public Law\"},\"image\":{\"@id\":\"https:\\\/\\\/lisbonpubliclaw.pt\\\/#\\\/schema\\\/logo\\\/image\\\/\"}}]}<\/script>\n<!-- \/ Yoast SEO plugin. -->","yoast_head_json":{"title":"LAW OF THE SEA: Climate Change and Other Recent Developments","robots":{"index":"index","follow":"follow","max-snippet":"max-snippet:-1","max-image-preview":"max-image-preview:large","max-video-preview":"max-video-preview:-1"},"canonical":"https:\/\/lisbonpubliclaw.pt\/en\/eventos\/direito-do-mar-alteracoes-climaticas-e-outros-desenvolvimentos-recentes\/","og_locale":"en_US","og_type":"article","og_title":"DIREITO DO MAR: Altera\u00e7\u00f5es clim\u00e1ticas e outros desenvolvimentos recentes","og_url":"https:\/\/lisbonpubliclaw.pt\/en\/eventos\/direito-do-mar-alteracoes-climaticas-e-outros-desenvolvimentos-recentes\/","og_site_name":"Lisbon Public Law","article_modified_time":"2025-11-03T07:16:59+00:00","twitter_card":"summary_large_image","schema":{"@context":"https:\/\/schema.org","@graph":[{"@type":"WebPage","@id":"https:\/\/lisbonpubliclaw.pt\/eventos\/direito-do-mar-alteracoes-climaticas-e-outros-desenvolvimentos-recentes\/","url":"https:\/\/lisbonpubliclaw.pt\/eventos\/direito-do-mar-alteracoes-climaticas-e-outros-desenvolvimentos-recentes\/","name":"LAW OF THE SEA: Climate Change and Other Recent Developments","isPartOf":{"@id":"https:\/\/lisbonpubliclaw.pt\/#website"},"datePublished":"2024-02-08T18:36:51+00:00","dateModified":"2025-11-03T07:16:59+00:00","breadcrumb":{"@id":"https:\/\/lisbonpubliclaw.pt\/eventos\/direito-do-mar-alteracoes-climaticas-e-outros-desenvolvimentos-recentes\/#breadcrumb"},"inLanguage":"en-US","potentialAction":[{"@type":"ReadAction","target":["https:\/\/lisbonpubliclaw.pt\/eventos\/direito-do-mar-alteracoes-climaticas-e-outros-desenvolvimentos-recentes\/"]}]},{"@type":"BreadcrumbList","@id":"https:\/\/lisbonpubliclaw.pt\/eventos\/direito-do-mar-alteracoes-climaticas-e-outros-desenvolvimentos-recentes\/#breadcrumb","itemListElement":[{"@type":"ListItem","position":1,"name":"Home","item":"https:\/\/lisbonpubliclaw.pt\/"},{"@type":"ListItem","position":2,"name":"Eventos","item":"https:\/\/lisbonpubliclaw.pt\/eventos\/"},{"@type":"ListItem","position":3,"name":"DIREITO DO MAR: Altera\u00e7\u00f5es clim\u00e1ticas e outros desenvolvimentos recentes"}]},{"@type":"WebSite","@id":"https:\/\/lisbonpubliclaw.pt\/#website","url":"https:\/\/lisbonpubliclaw.pt\/","name":"Lisbon Public Law","description":"Public Law Research Centre in Lisbon","publisher":{"@id":"https:\/\/lisbonpubliclaw.pt\/#organization"},"potentialAction":[{"@type":"SearchAction","target":{"@type":"EntryPoint","urlTemplate":"https:\/\/lisbonpubliclaw.pt\/?s={search_term_string}"},"query-input":{"@type":"PropertyValueSpecification","valueRequired":true,"valueName":"search_term_string"}}],"inLanguage":"en-US"},{"@type":"Organization","@id":"https:\/\/lisbonpubliclaw.pt\/#organization","name":"Lisbon Public Law","url":"https:\/\/lisbonpubliclaw.pt\/","logo":{"@type":"ImageObject","inLanguage":"en-US","@id":"https:\/\/lisbonpubliclaw.pt\/#\/schema\/logo\/image\/","url":"https:\/\/lisbonpubliclaw.pt\/wp-content\/uploads\/2023\/06\/WhatsApp-Image-2023-06-19-at-11.01.50-1.jpeg","contentUrl":"https:\/\/lisbonpubliclaw.pt\/wp-content\/uploads\/2023\/06\/WhatsApp-Image-2023-06-19-at-11.01.50-1.jpeg","width":354,"height":354,"caption":"Lisbon Public Law"},"image":{"@id":"https:\/\/lisbonpubliclaw.pt\/#\/schema\/logo\/image\/"}}]}},"_links":{"self":[{"href":"https:\/\/lisbonpubliclaw.pt\/en\/wp-json\/wp\/v2\/eventos\/5680","targetHints":{"allow":["GET"]}}],"collection":[{"href":"https:\/\/lisbonpubliclaw.pt\/en\/wp-json\/wp\/v2\/eventos"}],"about":[{"href":"https:\/\/lisbonpubliclaw.pt\/en\/wp-json\/wp\/v2\/types\/eventos"}],"wp:attachment":[{"href":"https:\/\/lisbonpubliclaw.pt\/en\/wp-json\/wp\/v2\/media?parent=5680"}],"wp:term":[{"taxonomy":"cluster","embeddable":true,"href":"https:\/\/lisbonpubliclaw.pt\/en\/wp-json\/wp\/v2\/cluster?post=5680"},{"taxonomy":"categoria-do-evento","embeddable":true,"href":"https:\/\/lisbonpubliclaw.pt\/en\/wp-json\/wp\/v2\/categoria-do-evento?post=5680"},{"taxonomy":"grupo-de-investigacao","embeddable":true,"href":"https:\/\/lisbonpubliclaw.pt\/en\/wp-json\/wp\/v2\/grupo-de-investigacao?post=5680"}],"curies":[{"name":"wp","href":"https:\/\/api.w.org\/{rel}","templated":true}]}}

Em preparação para a subida do nível do mar: lidando com as alterações climáticas, reestruturando o território dos Estados e procurando mecanismos para a resolução de conflitos

Este evento, coorganizado pelo Centro Lauterpacht e pelo LPL, centrar-se-á em importantes desenvolvimentos recentes no domínio do direito do mar.

Esta é uma área do direito internacional público em desenvolvimento dinâmico, marcada nos últimos anos por medidas tomadas para enfrentar os desafios de fenómenos como a subida do nível do mar e a poluição ambiental.

A conferência explorará as particularidades e a eficácia da resolução de litígios e da elaboração de tratados no domínio do direito do mar. Constituirá também um fórum de análise e debate sobre outros desenvolvimentos neste domínio, como o bloqueio dos portos do Mar Negro.

O evento será dividido em três sessões. A primeira sessão abordará os mecanismos e a prática de resolução de litígios contenciosos. A segunda sessão será dedicada à utilização da jurisdição consultiva dos tribunais internacionais para promover importantes objetivos de política ambiental. A terceira sessão incidirá noutros desenvolvimentos.

<!-- This site is optimized with the Yoast SEO plugin v27.5 - https://yoast.com/product/yoast-seo-wordpress/ -->
<title>DIREITO DO MAR: Alterações climáticas e outros desenvolvimentos recentes</title>
<meta name="robots" content="index, follow, max-snippet:-1, max-image-preview:large, max-video-preview:-1" />
<link rel="canonical" href="https://lisbonpubliclaw.pt/en/eventos/direito-do-mar-alteracoes-climaticas-e-outros-desenvolvimentos-recentes/" />
<meta property="og:locale" content="en_US" />
<meta property="og:type" content="article" />
<meta property="og:title" content="DIREITO DO MAR: Alterações climáticas e outros desenvolvimentos recentes" />
<meta property="og:url" content="https://lisbonpubliclaw.pt/en/eventos/direito-do-mar-alteracoes-climaticas-e-outros-desenvolvimentos-recentes/" />
<meta property="og:site_name" content="Lisbon Public Law" />
<meta property="article:modified_time" content="2025-11-03T07:16:59+00:00" />
<meta name="twitter:card" content="summary_large_image" />
<script type="application/ld+json" class="yoast-schema-graph">{"@context":"https:\/\/schema.org","@graph":[{"@type":"WebPage","@id":"https:\/\/lisbonpubliclaw.pt\/eventos\/direito-do-mar-alteracoes-climaticas-e-outros-desenvolvimentos-recentes\/","url":"https:\/\/lisbonpubliclaw.pt\/eventos\/direito-do-mar-alteracoes-climaticas-e-outros-desenvolvimentos-recentes\/","name":"DIREITO DO MAR: Alterações climáticas e outros desenvolvimentos recentes","isPartOf":{"@id":"https:\/\/lisbonpubliclaw.pt\/#website"},"datePublished":"2024-02-08T18:36:51+00:00","dateModified":"2025-11-03T07:16:59+00:00","breadcrumb":{"@id":"https:\/\/lisbonpubliclaw.pt\/eventos\/direito-do-mar-alteracoes-climaticas-e-outros-desenvolvimentos-recentes\/#breadcrumb"},"inLanguage":"en-US","potentialAction":[{"@type":"ReadAction","target":["https:\/\/lisbonpubliclaw.pt\/eventos\/direito-do-mar-alteracoes-climaticas-e-outros-desenvolvimentos-recentes\/"]}]},{"@type":"BreadcrumbList","@id":"https:\/\/lisbonpubliclaw.pt\/eventos\/direito-do-mar-alteracoes-climaticas-e-outros-desenvolvimentos-recentes\/#breadcrumb","itemListElement":[{"@type":"ListItem","position":1,"name":"Home","item":"https:\/\/lisbonpubliclaw.pt\/"},{"@type":"ListItem","position":2,"name":"Eventos","item":"https:\/\/lisbonpubliclaw.pt\/eventos\/"},{"@type":"ListItem","position":3,"name":"DIREITO DO MAR: Alterações climáticas e outros desenvolvimentos recentes"}]},{"@type":"WebSite","@id":"https:\/\/lisbonpubliclaw.pt\/#website","url":"https:\/\/lisbonpubliclaw.pt\/","name":"Lisbon Public Law","description":"Public Law Research Centre in Lisbon","publisher":{"@id":"https:\/\/lisbonpubliclaw.pt\/#organization"},"potentialAction":[{"@type":"SearchAction","target":{"@type":"EntryPoint","urlTemplate":"https:\/\/lisbonpubliclaw.pt\/?s={search_term_string}"},"query-input":{"@type":"PropertyValueSpecification","valueRequired":true,"valueName":"search_term_string"}}],"inLanguage":"en-US"},{"@type":"Organization","@id":"https:\/\/lisbonpubliclaw.pt\/#organization","name":"Lisbon Public Law","url":"https:\/\/lisbonpubliclaw.pt\/","logo":{"@type":"ImageObject","inLanguage":"en-US","@id":"https:\/\/lisbonpubliclaw.pt\/#\/schema\/logo\/image\/","url":"https:\/\/lisbonpubliclaw.pt\/wp-content\/uploads\/2023\/06\/WhatsApp-Image-2023-06-19-at-11.01.50-1.jpeg","contentUrl":"https:\/\/lisbonpubliclaw.pt\/wp-content\/uploads\/2023\/06\/WhatsApp-Image-2023-06-19-at-11.01.50-1.jpeg","width":354,"height":354,"caption":"Lisbon Public Law"},"image":{"@id":"https:\/\/lisbonpubliclaw.pt\/#\/schema\/logo\/image\/"}}]}</script>
<!-- / Yoast SEO plugin. -->

DIREITO DO MAR: Alterações climáticas e outros desenvolvimentos recentes
