{"id":5651,"date":"2024-02-02T16:05:16","date_gmt":"2024-02-02T16:05:16","guid":{"rendered":"https:\/\/lisbonpubliclaw.pt\/?post_type=eventos&#038;p=5651"},"modified":"2024-09-23T10:52:26","modified_gmt":"2024-09-23T10:52:26","slug":"lisbon-environmental-law-research-seminar","status":"publish","type":"eventos","link":"https:\/\/lisbonpubliclaw.pt\/en\/eventos\/lisbon-environmental-law-research-seminar\/","title":{"rendered":"Climate Change, Russia, and the Arctic Council"},"content":{"rendered":"","protected":false},"template":"","meta":{"imagem-do-evento":"https:\/\/lisbonpubliclaw.pt\/wp-content\/uploads\/2023\/11\/4-e1707748037104.png","investigador-organizador":["1739","1772"],"projeto-a-que-pertence":"Lisbon Environmental Law ","orador-do-evento":"Serafima Andreeva e M\u00e1rio Jo\u00e3o Fernandes","subtitulo-da-sessao":"","link-zoom":"https:\/\/zoom.us\/j\/8952301636?pwd=NWxtQXZqd0pZbjNaSDhPWTRialp5QT09","email-de-incricao":"","url-de-incricao":"https:\/\/forms.office.com\/e\/64JDHqxeJx","data-do-evento":1708992000,"hora-do-evento":"12:00","data-fim-do-evento":"","localizacao":"Sala 12.18 (Instit. 3)","descricao-do-evento":"Em fevereiro, vamos debru\u00e7ar-nos sobre um tema que pode ser um ponto cego para alguns de n\u00f3s, mas que \u00e9, sem d\u00favida, de interesse global. Como \u00e9 que as altera\u00e7\u00f5es clim\u00e1ticas est\u00e3o a afetar a biodiversidade e os ecossistemas do \u00c1rtico? Como \u00e9 que a R\u00fassia est\u00e1 a equilibrar os interesses econ\u00f3micos e a gest\u00e3o ambiental no \u00c1rtico? Como pode o Conselho do \u00c1rtico refor\u00e7ar o seu papel na promo\u00e7\u00e3o do desenvolvimento sustent\u00e1vel na regi\u00e3o? Este debate interdisciplinar explorar\u00e1 quest\u00f5es cr\u00edticas na intersec\u00e7\u00e3o entre as altera\u00e7\u00f5es clim\u00e1ticas, a pol\u00edtica russa e o papel do Conselho do \u00c1rtico.  \r\n \r\nJunte-se a n\u00f3s em Lisboa ou online!","participacao":{"Aberto ao P\u00fablico":"true","Acesso Restrito":"false"},"imagem-cartaz":"5653"},"cluster":[61],"categoria-do-evento":[65],"grupo-de-investigacao":[12],"class_list":["post-5651","eventos","type-eventos","status-publish","hentry","cluster-lisbon-environmental-law","categoria-do-evento-lel-research-seminar","grupo-de-investigacao-direito-internacional-e-europeu"],"yoast_head":"<!-- This site is optimized with the Yoast SEO plugin v27.5 - https:\/\/yoast.com\/product\/yoast-seo-wordpress\/ -->\n<title>Altera\u00e7\u00f5es clim\u00e1ticas, a R\u00fassia e o Conselho do \u00c1rtico - Lisbon Public Law<\/title>\n<meta name=\"robots\" content=\"index, follow, max-snippet:-1, max-image-preview:large, max-video-preview:-1\" \/>\n<link rel=\"canonical\" href=\"https:\/\/lisbonpubliclaw.pt\/en\/eventos\/lisbon-environmental-law-research-seminar\/\" \/>\n<meta property=\"og:locale\" content=\"en_US\" \/>\n<meta property=\"og:type\" content=\"article\" \/>\n<meta property=\"og:title\" content=\"Altera\u00e7\u00f5es clim\u00e1ticas, a R\u00fassia e o Conselho do \u00c1rtico - Lisbon Public Law\" \/>\n<meta property=\"og:url\" content=\"https:\/\/lisbonpubliclaw.pt\/en\/eventos\/lisbon-environmental-law-research-seminar\/\" \/>\n<meta property=\"og:site_name\" content=\"Lisbon Public Law\" \/>\n<meta property=\"article:modified_time\" content=\"2024-09-23T10:52:26+00:00\" \/>\n<meta name=\"twitter:card\" content=\"summary_large_image\" \/>\n<script type=\"application\/ld+json\" class=\"yoast-schema-graph\">{\"@context\":\"https:\\\/\\\/schema.org\",\"@graph\":[{\"@type\":\"WebPage\",\"@id\":\"https:\\\/\\\/lisbonpubliclaw.pt\\\/eventos\\\/lisbon-environmental-law-research-seminar\\\/\",\"url\":\"https:\\\/\\\/lisbonpubliclaw.pt\\\/eventos\\\/lisbon-environmental-law-research-seminar\\\/\",\"name\":\"Altera\u00e7\u00f5es clim\u00e1ticas, a R\u00fassia e o Conselho do \u00c1rtico - Lisbon Public Law\",\"isPartOf\":{\"@id\":\"https:\\\/\\\/lisbonpubliclaw.pt\\\/#website\"},\"datePublished\":\"2024-02-02T16:05:16+00:00\",\"dateModified\":\"2024-09-23T10:52:26+00:00\",\"breadcrumb\":{\"@id\":\"https:\\\/\\\/lisbonpubliclaw.pt\\\/eventos\\\/lisbon-environmental-law-research-seminar\\\/#breadcrumb\"},\"inLanguage\":\"en-US\",\"potentialAction\":[{\"@type\":\"ReadAction\",\"target\":[\"https:\\\/\\\/lisbonpubliclaw.pt\\\/eventos\\\/lisbon-environmental-law-research-seminar\\\/\"]}]},{\"@type\":\"BreadcrumbList\",\"@id\":\"https:\\\/\\\/lisbonpubliclaw.pt\\\/eventos\\\/lisbon-environmental-law-research-seminar\\\/#breadcrumb\",\"itemListElement\":[{\"@type\":\"ListItem\",\"position\":1,\"name\":\"Home\",\"item\":\"https:\\\/\\\/lisbonpubliclaw.pt\\\/\"},{\"@type\":\"ListItem\",\"position\":2,\"name\":\"Eventos\",\"item\":\"https:\\\/\\\/lisbonpubliclaw.pt\\\/eventos\\\/\"},{\"@type\":\"ListItem\",\"position\":3,\"name\":\"Altera\u00e7\u00f5es clim\u00e1ticas, a R\u00fassia e o Conselho do \u00c1rtico\"}]},{\"@type\":\"WebSite\",\"@id\":\"https:\\\/\\\/lisbonpubliclaw.pt\\\/#website\",\"url\":\"https:\\\/\\\/lisbonpubliclaw.pt\\\/\",\"name\":\"Lisbon Public Law\",\"description\":\"Public Law Research Centre in Lisbon\",\"publisher\":{\"@id\":\"https:\\\/\\\/lisbonpubliclaw.pt\\\/#organization\"},\"potentialAction\":[{\"@type\":\"SearchAction\",\"target\":{\"@type\":\"EntryPoint\",\"urlTemplate\":\"https:\\\/\\\/lisbonpubliclaw.pt\\\/?s={search_term_string}\"},\"query-input\":{\"@type\":\"PropertyValueSpecification\",\"valueRequired\":true,\"valueName\":\"search_term_string\"}}],\"inLanguage\":\"en-US\"},{\"@type\":\"Organization\",\"@id\":\"https:\\\/\\\/lisbonpubliclaw.pt\\\/#organization\",\"name\":\"Lisbon Public Law\",\"url\":\"https:\\\/\\\/lisbonpubliclaw.pt\\\/\",\"logo\":{\"@type\":\"ImageObject\",\"inLanguage\":\"en-US\",\"@id\":\"https:\\\/\\\/lisbonpubliclaw.pt\\\/#\\\/schema\\\/logo\\\/image\\\/\",\"url\":\"https:\\\/\\\/lisbonpubliclaw.pt\\\/wp-content\\\/uploads\\\/2023\\\/06\\\/WhatsApp-Image-2023-06-19-at-11.01.50-1.jpeg\",\"contentUrl\":\"https:\\\/\\\/lisbonpubliclaw.pt\\\/wp-content\\\/uploads\\\/2023\\\/06\\\/WhatsApp-Image-2023-06-19-at-11.01.50-1.jpeg\",\"width\":354,\"height\":354,\"caption\":\"Lisbon Public Law\"},\"image\":{\"@id\":\"https:\\\/\\\/lisbonpubliclaw.pt\\\/#\\\/schema\\\/logo\\\/image\\\/\"}}]}<\/script>\n<!-- \/ Yoast SEO plugin. -->","yoast_head_json":{"title":"Altera\u00e7\u00f5es clim\u00e1ticas, a R\u00fassia e o Conselho do \u00c1rtico - Lisbon Public Law","robots":{"index":"index","follow":"follow","max-snippet":"max-snippet:-1","max-image-preview":"max-image-preview:large","max-video-preview":"max-video-preview:-1"},"canonical":"https:\/\/lisbonpubliclaw.pt\/en\/eventos\/lisbon-environmental-law-research-seminar\/","og_locale":"en_US","og_type":"article","og_title":"Altera\u00e7\u00f5es clim\u00e1ticas, a R\u00fassia e o Conselho do \u00c1rtico - Lisbon Public Law","og_url":"https:\/\/lisbonpubliclaw.pt\/en\/eventos\/lisbon-environmental-law-research-seminar\/","og_site_name":"Lisbon Public Law","article_modified_time":"2024-09-23T10:52:26+00:00","twitter_card":"summary_large_image","schema":{"@context":"https:\/\/schema.org","@graph":[{"@type":"WebPage","@id":"https:\/\/lisbonpubliclaw.pt\/eventos\/lisbon-environmental-law-research-seminar\/","url":"https:\/\/lisbonpubliclaw.pt\/eventos\/lisbon-environmental-law-research-seminar\/","name":"Altera\u00e7\u00f5es clim\u00e1ticas, a R\u00fassia e o Conselho do \u00c1rtico - Lisbon Public Law","isPartOf":{"@id":"https:\/\/lisbonpubliclaw.pt\/#website"},"datePublished":"2024-02-02T16:05:16+00:00","dateModified":"2024-09-23T10:52:26+00:00","breadcrumb":{"@id":"https:\/\/lisbonpubliclaw.pt\/eventos\/lisbon-environmental-law-research-seminar\/#breadcrumb"},"inLanguage":"en-US","potentialAction":[{"@type":"ReadAction","target":["https:\/\/lisbonpubliclaw.pt\/eventos\/lisbon-environmental-law-research-seminar\/"]}]},{"@type":"BreadcrumbList","@id":"https:\/\/lisbonpubliclaw.pt\/eventos\/lisbon-environmental-law-research-seminar\/#breadcrumb","itemListElement":[{"@type":"ListItem","position":1,"name":"Home","item":"https:\/\/lisbonpubliclaw.pt\/"},{"@type":"ListItem","position":2,"name":"Eventos","item":"https:\/\/lisbonpubliclaw.pt\/eventos\/"},{"@type":"ListItem","position":3,"name":"Altera\u00e7\u00f5es clim\u00e1ticas, a R\u00fassia e o Conselho do \u00c1rtico"}]},{"@type":"WebSite","@id":"https:\/\/lisbonpubliclaw.pt\/#website","url":"https:\/\/lisbonpubliclaw.pt\/","name":"Lisbon Public Law","description":"Public Law Research Centre in Lisbon","publisher":{"@id":"https:\/\/lisbonpubliclaw.pt\/#organization"},"potentialAction":[{"@type":"SearchAction","target":{"@type":"EntryPoint","urlTemplate":"https:\/\/lisbonpubliclaw.pt\/?s={search_term_string}"},"query-input":{"@type":"PropertyValueSpecification","valueRequired":true,"valueName":"search_term_string"}}],"inLanguage":"en-US"},{"@type":"Organization","@id":"https:\/\/lisbonpubliclaw.pt\/#organization","name":"Lisbon Public Law","url":"https:\/\/lisbonpubliclaw.pt\/","logo":{"@type":"ImageObject","inLanguage":"en-US","@id":"https:\/\/lisbonpubliclaw.pt\/#\/schema\/logo\/image\/","url":"https:\/\/lisbonpubliclaw.pt\/wp-content\/uploads\/2023\/06\/WhatsApp-Image-2023-06-19-at-11.01.50-1.jpeg","contentUrl":"https:\/\/lisbonpubliclaw.pt\/wp-content\/uploads\/2023\/06\/WhatsApp-Image-2023-06-19-at-11.01.50-1.jpeg","width":354,"height":354,"caption":"Lisbon Public Law"},"image":{"@id":"https:\/\/lisbonpubliclaw.pt\/#\/schema\/logo\/image\/"}}]}},"_links":{"self":[{"href":"https:\/\/lisbonpubliclaw.pt\/en\/wp-json\/wp\/v2\/eventos\/5651","targetHints":{"allow":["GET"]}}],"collection":[{"href":"https:\/\/lisbonpubliclaw.pt\/en\/wp-json\/wp\/v2\/eventos"}],"about":[{"href":"https:\/\/lisbonpubliclaw.pt\/en\/wp-json\/wp\/v2\/types\/eventos"}],"wp:attachment":[{"href":"https:\/\/lisbonpubliclaw.pt\/en\/wp-json\/wp\/v2\/media?parent=5651"}],"wp:term":[{"taxonomy":"cluster","embeddable":true,"href":"https:\/\/lisbonpubliclaw.pt\/en\/wp-json\/wp\/v2\/cluster?post=5651"},{"taxonomy":"categoria-do-evento","embeddable":true,"href":"https:\/\/lisbonpubliclaw.pt\/en\/wp-json\/wp\/v2\/categoria-do-evento?post=5651"},{"taxonomy":"grupo-de-investigacao","embeddable":true,"href":"https:\/\/lisbonpubliclaw.pt\/en\/wp-json\/wp\/v2\/grupo-de-investigacao?post=5651"}],"curies":[{"name":"wp","href":"https:\/\/api.w.org\/{rel}","templated":true}]}}

Serafima Andreeva e Mário João Fernandes

Em fevereiro, vamos debruçar-nos sobre um tema que pode ser um ponto cego para alguns de nós, mas que é, sem dúvida, de interesse global. Como é que as alterações climáticas estão a afetar a biodiversidade e os ecossistemas do Ártico? Como é que a Rússia está a equilibrar os interesses económicos e a gestão ambiental no Ártico? Como pode o Conselho do Ártico reforçar o seu papel na promoção do desenvolvimento sustentável na região? Este debate interdisciplinar explorará questões críticas na intersecção entre as alterações climáticas, a política russa e o papel do Conselho do Ártico.  
 
Junte-se a nós em Lisboa ou online!

<!-- This site is optimized with the Yoast SEO plugin v27.5 - https://yoast.com/product/yoast-seo-wordpress/ -->
<title>Alterações climáticas, a Rússia e o Conselho do Ártico - Lisbon Public Law</title>
<meta name="robots" content="index, follow, max-snippet:-1, max-image-preview:large, max-video-preview:-1" />
<link rel="canonical" href="https://lisbonpubliclaw.pt/en/eventos/lisbon-environmental-law-research-seminar/" />
<meta property="og:locale" content="en_US" />
<meta property="og:type" content="article" />
<meta property="og:title" content="Alterações climáticas, a Rússia e o Conselho do Ártico - Lisbon Public Law" />
<meta property="og:url" content="https://lisbonpubliclaw.pt/en/eventos/lisbon-environmental-law-research-seminar/" />
<meta property="og:site_name" content="Lisbon Public Law" />
<meta property="article:modified_time" content="2024-09-23T10:52:26+00:00" />
<meta name="twitter:card" content="summary_large_image" />
<script type="application/ld+json" class="yoast-schema-graph">{"@context":"https:\/\/schema.org","@graph":[{"@type":"WebPage","@id":"https:\/\/lisbonpubliclaw.pt\/eventos\/lisbon-environmental-law-research-seminar\/","url":"https:\/\/lisbonpubliclaw.pt\/eventos\/lisbon-environmental-law-research-seminar\/","name":"Alterações climáticas, a Rússia e o Conselho do Ártico - Lisbon Public Law","isPartOf":{"@id":"https:\/\/lisbonpubliclaw.pt\/#website"},"datePublished":"2024-02-02T16:05:16+00:00","dateModified":"2024-09-23T10:52:26+00:00","breadcrumb":{"@id":"https:\/\/lisbonpubliclaw.pt\/eventos\/lisbon-environmental-law-research-seminar\/#breadcrumb"},"inLanguage":"en-US","potentialAction":[{"@type":"ReadAction","target":["https:\/\/lisbonpubliclaw.pt\/eventos\/lisbon-environmental-law-research-seminar\/"]}]},{"@type":"BreadcrumbList","@id":"https:\/\/lisbonpubliclaw.pt\/eventos\/lisbon-environmental-law-research-seminar\/#breadcrumb","itemListElement":[{"@type":"ListItem","position":1,"name":"Home","item":"https:\/\/lisbonpubliclaw.pt\/"},{"@type":"ListItem","position":2,"name":"Eventos","item":"https:\/\/lisbonpubliclaw.pt\/eventos\/"},{"@type":"ListItem","position":3,"name":"Alterações climáticas, a Rússia e o Conselho do Ártico"}]},{"@type":"WebSite","@id":"https:\/\/lisbonpubliclaw.pt\/#website","url":"https:\/\/lisbonpubliclaw.pt\/","name":"Lisbon Public Law","description":"Public Law Research Centre in Lisbon","publisher":{"@id":"https:\/\/lisbonpubliclaw.pt\/#organization"},"potentialAction":[{"@type":"SearchAction","target":{"@type":"EntryPoint","urlTemplate":"https:\/\/lisbonpubliclaw.pt\/?s={search_term_string}"},"query-input":{"@type":"PropertyValueSpecification","valueRequired":true,"valueName":"search_term_string"}}],"inLanguage":"en-US"},{"@type":"Organization","@id":"https:\/\/lisbonpubliclaw.pt\/#organization","name":"Lisbon Public Law","url":"https:\/\/lisbonpubliclaw.pt\/","logo":{"@type":"ImageObject","inLanguage":"en-US","@id":"https:\/\/lisbonpubliclaw.pt\/#\/schema\/logo\/image\/","url":"https:\/\/lisbonpubliclaw.pt\/wp-content\/uploads\/2023\/06\/WhatsApp-Image-2023-06-19-at-11.01.50-1.jpeg","contentUrl":"https:\/\/lisbonpubliclaw.pt\/wp-content\/uploads\/2023\/06\/WhatsApp-Image-2023-06-19-at-11.01.50-1.jpeg","width":354,"height":354,"caption":"Lisbon Public Law"},"image":{"@id":"https:\/\/lisbonpubliclaw.pt\/#\/schema\/logo\/image\/"}}]}</script>
<!-- / Yoast SEO plugin. -->

Alterações climáticas, a Rússia e o Conselho do Ártico - Lisbon Public Law

Alterações climáticas, a Rússia e o Conselho do Ártico
