{"id":4905,"date":"2023-10-09T18:13:08","date_gmt":"2023-10-09T18:13:08","guid":{"rendered":"https:\/\/lisbonpubliclaw.pt\/?post_type=eventos&#038;p=4905"},"modified":"2025-11-03T07:18:04","modified_gmt":"2025-11-03T07:18:04","slug":"resolucao-de-litigios-no-ambito-do-direito-do-mar-e-do-novo-acordo-bbnj","status":"publish","type":"eventos","link":"https:\/\/lisbonpubliclaw.pt\/en\/eventos\/resolucao-de-litigios-no-ambito-do-direito-do-mar-e-do-novo-acordo-bbnj\/","title":{"rendered":"Dispute resolution under the Law of the Sea and the new BBNJ Agreement"},"content":{"rendered":"","protected":false},"template":"","meta":{"imagem-do-evento":"https:\/\/lisbonpubliclaw.pt\/wp-content\/uploads\/2023\/10\/Prof.-.-Alexander-Proelss_-e1696875071267.png","investigador-organizador":["1737"],"projeto-a-que-pertence":"Em prepara\u00e7\u00e3o para a subida do n\u00edvel do mar: lidando com as altera\u00e7\u00f5es clim\u00e1ticas, reestruturando o territ\u00f3rio dos Estados e procurando mecanismos para a resolu\u00e7\u00e3o de conflitos","orador-do-evento":"Alexander Proells","subtitulo-da-sessao":"","link-zoom":"","email-de-incricao":"","url-de-incricao":"","data-do-evento":1697155200,"hora-do-evento":"18:30","data-fim-do-evento":"","localizacao":"ANF 9 - FDUL","descricao-do-evento":"Na pr\u00f3xima sexta-feira, dia 13 de outubro, iremos receber o Professor Alexander Proelss , da Universidade de Hamburgo, que ir\u00e1 discutir sobre a \"Resolu\u00e7\u00e3o de lit\u00edgios no \u00e2mbito do Direito do Mar e do novo Acordo BBNJ\". Este evento conta com a coordena\u00e7\u00e3o cient\u00edfica do investigador do LPL, Professor Fernando Loureiro de Bastos e \u00e9 de entrada livre, no Anfiteatro 9 da Faculdade de Direito da Universidade de Lisboa.","participacao":{"Aberto ao P\u00fablico":"true","Acesso Restrito":"false"},"imagem-cartaz":""},"cluster":[],"categoria-do-evento":[44],"grupo-de-investigacao":[12],"class_list":["post-4905","eventos","type-eventos","status-publish","hentry","categoria-do-evento-palestra","grupo-de-investigacao-direito-internacional-e-europeu"],"yoast_head":"<!-- This site is optimized with the Yoast SEO plugin v27.5 - https:\/\/yoast.com\/product\/yoast-seo-wordpress\/ -->\n<title>Resolu\u00e7\u00e3o de lit\u00edgios no \u00e2mbito do Direito do Mar e do novo Acordo BBNJ<\/title>\n<meta name=\"robots\" content=\"index, follow, max-snippet:-1, max-image-preview:large, max-video-preview:-1\" \/>\n<link rel=\"canonical\" href=\"https:\/\/lisbonpubliclaw.pt\/en\/eventos\/resolucao-de-litigios-no-ambito-do-direito-do-mar-e-do-novo-acordo-bbnj\/\" \/>\n<meta property=\"og:locale\" content=\"en_US\" \/>\n<meta property=\"og:type\" content=\"article\" \/>\n<meta property=\"og:title\" content=\"Resolu\u00e7\u00e3o de lit\u00edgios no \u00e2mbito do Direito do Mar e do novo Acordo BBNJ\" \/>\n<meta property=\"og:url\" content=\"https:\/\/lisbonpubliclaw.pt\/en\/eventos\/resolucao-de-litigios-no-ambito-do-direito-do-mar-e-do-novo-acordo-bbnj\/\" \/>\n<meta property=\"og:site_name\" content=\"Lisbon Public Law\" \/>\n<meta property=\"article:modified_time\" content=\"2025-11-03T07:18:04+00:00\" \/>\n<meta name=\"twitter:card\" content=\"summary_large_image\" \/>\n<script type=\"application\/ld+json\" class=\"yoast-schema-graph\">{\"@context\":\"https:\\\/\\\/schema.org\",\"@graph\":[{\"@type\":\"WebPage\",\"@id\":\"https:\\\/\\\/lisbonpubliclaw.pt\\\/eventos\\\/resolucao-de-litigios-no-ambito-do-direito-do-mar-e-do-novo-acordo-bbnj\\\/\",\"url\":\"https:\\\/\\\/lisbonpubliclaw.pt\\\/eventos\\\/resolucao-de-litigios-no-ambito-do-direito-do-mar-e-do-novo-acordo-bbnj\\\/\",\"name\":\"Resolu\u00e7\u00e3o de lit\u00edgios no \u00e2mbito do Direito do Mar e do novo Acordo BBNJ\",\"isPartOf\":{\"@id\":\"https:\\\/\\\/lisbonpubliclaw.pt\\\/#website\"},\"datePublished\":\"2023-10-09T18:13:08+00:00\",\"dateModified\":\"2025-11-03T07:18:04+00:00\",\"breadcrumb\":{\"@id\":\"https:\\\/\\\/lisbonpubliclaw.pt\\\/eventos\\\/resolucao-de-litigios-no-ambito-do-direito-do-mar-e-do-novo-acordo-bbnj\\\/#breadcrumb\"},\"inLanguage\":\"en-US\",\"potentialAction\":[{\"@type\":\"ReadAction\",\"target\":[\"https:\\\/\\\/lisbonpubliclaw.pt\\\/eventos\\\/resolucao-de-litigios-no-ambito-do-direito-do-mar-e-do-novo-acordo-bbnj\\\/\"]}]},{\"@type\":\"BreadcrumbList\",\"@id\":\"https:\\\/\\\/lisbonpubliclaw.pt\\\/eventos\\\/resolucao-de-litigios-no-ambito-do-direito-do-mar-e-do-novo-acordo-bbnj\\\/#breadcrumb\",\"itemListElement\":[{\"@type\":\"ListItem\",\"position\":1,\"name\":\"Home\",\"item\":\"https:\\\/\\\/lisbonpubliclaw.pt\\\/\"},{\"@type\":\"ListItem\",\"position\":2,\"name\":\"Eventos\",\"item\":\"https:\\\/\\\/lisbonpubliclaw.pt\\\/eventos\\\/\"},{\"@type\":\"ListItem\",\"position\":3,\"name\":\"Resolu\u00e7\u00e3o de lit\u00edgios no \u00e2mbito do Direito do Mar e do novo Acordo BBNJ\"}]},{\"@type\":\"WebSite\",\"@id\":\"https:\\\/\\\/lisbonpubliclaw.pt\\\/#website\",\"url\":\"https:\\\/\\\/lisbonpubliclaw.pt\\\/\",\"name\":\"Lisbon Public Law\",\"description\":\"Public Law Research Centre in Lisbon\",\"publisher\":{\"@id\":\"https:\\\/\\\/lisbonpubliclaw.pt\\\/#organization\"},\"potentialAction\":[{\"@type\":\"SearchAction\",\"target\":{\"@type\":\"EntryPoint\",\"urlTemplate\":\"https:\\\/\\\/lisbonpubliclaw.pt\\\/?s={search_term_string}\"},\"query-input\":{\"@type\":\"PropertyValueSpecification\",\"valueRequired\":true,\"valueName\":\"search_term_string\"}}],\"inLanguage\":\"en-US\"},{\"@type\":\"Organization\",\"@id\":\"https:\\\/\\\/lisbonpubliclaw.pt\\\/#organization\",\"name\":\"Lisbon Public Law\",\"url\":\"https:\\\/\\\/lisbonpubliclaw.pt\\\/\",\"logo\":{\"@type\":\"ImageObject\",\"inLanguage\":\"en-US\",\"@id\":\"https:\\\/\\\/lisbonpubliclaw.pt\\\/#\\\/schema\\\/logo\\\/image\\\/\",\"url\":\"https:\\\/\\\/lisbonpubliclaw.pt\\\/wp-content\\\/uploads\\\/2023\\\/06\\\/WhatsApp-Image-2023-06-19-at-11.01.50-1.jpeg\",\"contentUrl\":\"https:\\\/\\\/lisbonpubliclaw.pt\\\/wp-content\\\/uploads\\\/2023\\\/06\\\/WhatsApp-Image-2023-06-19-at-11.01.50-1.jpeg\",\"width\":354,\"height\":354,\"caption\":\"Lisbon Public Law\"},\"image\":{\"@id\":\"https:\\\/\\\/lisbonpubliclaw.pt\\\/#\\\/schema\\\/logo\\\/image\\\/\"}}]}<\/script>\n<!-- \/ Yoast SEO plugin. -->","yoast_head_json":{"title":"Dispute resolution under the Law of the Sea and the new BBNJ Agreement","robots":{"index":"index","follow":"follow","max-snippet":"max-snippet:-1","max-image-preview":"max-image-preview:large","max-video-preview":"max-video-preview:-1"},"canonical":"https:\/\/lisbonpubliclaw.pt\/en\/eventos\/resolucao-de-litigios-no-ambito-do-direito-do-mar-e-do-novo-acordo-bbnj\/","og_locale":"en_US","og_type":"article","og_title":"Resolu\u00e7\u00e3o de lit\u00edgios no \u00e2mbito do Direito do Mar e do novo Acordo BBNJ","og_url":"https:\/\/lisbonpubliclaw.pt\/en\/eventos\/resolucao-de-litigios-no-ambito-do-direito-do-mar-e-do-novo-acordo-bbnj\/","og_site_name":"Lisbon Public Law","article_modified_time":"2025-11-03T07:18:04+00:00","twitter_card":"summary_large_image","schema":{"@context":"https:\/\/schema.org","@graph":[{"@type":"WebPage","@id":"https:\/\/lisbonpubliclaw.pt\/eventos\/resolucao-de-litigios-no-ambito-do-direito-do-mar-e-do-novo-acordo-bbnj\/","url":"https:\/\/lisbonpubliclaw.pt\/eventos\/resolucao-de-litigios-no-ambito-do-direito-do-mar-e-do-novo-acordo-bbnj\/","name":"Dispute resolution under the Law of the Sea and the new BBNJ Agreement","isPartOf":{"@id":"https:\/\/lisbonpubliclaw.pt\/#website"},"datePublished":"2023-10-09T18:13:08+00:00","dateModified":"2025-11-03T07:18:04+00:00","breadcrumb":{"@id":"https:\/\/lisbonpubliclaw.pt\/eventos\/resolucao-de-litigios-no-ambito-do-direito-do-mar-e-do-novo-acordo-bbnj\/#breadcrumb"},"inLanguage":"en-US","potentialAction":[{"@type":"ReadAction","target":["https:\/\/lisbonpubliclaw.pt\/eventos\/resolucao-de-litigios-no-ambito-do-direito-do-mar-e-do-novo-acordo-bbnj\/"]}]},{"@type":"BreadcrumbList","@id":"https:\/\/lisbonpubliclaw.pt\/eventos\/resolucao-de-litigios-no-ambito-do-direito-do-mar-e-do-novo-acordo-bbnj\/#breadcrumb","itemListElement":[{"@type":"ListItem","position":1,"name":"Home","item":"https:\/\/lisbonpubliclaw.pt\/"},{"@type":"ListItem","position":2,"name":"Eventos","item":"https:\/\/lisbonpubliclaw.pt\/eventos\/"},{"@type":"ListItem","position":3,"name":"Resolu\u00e7\u00e3o de lit\u00edgios no \u00e2mbito do Direito do Mar e do novo Acordo BBNJ"}]},{"@type":"WebSite","@id":"https:\/\/lisbonpubliclaw.pt\/#website","url":"https:\/\/lisbonpubliclaw.pt\/","name":"Lisbon Public Law","description":"Public Law Research Centre in Lisbon","publisher":{"@id":"https:\/\/lisbonpubliclaw.pt\/#organization"},"potentialAction":[{"@type":"SearchAction","target":{"@type":"EntryPoint","urlTemplate":"https:\/\/lisbonpubliclaw.pt\/?s={search_term_string}"},"query-input":{"@type":"PropertyValueSpecification","valueRequired":true,"valueName":"search_term_string"}}],"inLanguage":"en-US"},{"@type":"Organization","@id":"https:\/\/lisbonpubliclaw.pt\/#organization","name":"Lisbon Public Law","url":"https:\/\/lisbonpubliclaw.pt\/","logo":{"@type":"ImageObject","inLanguage":"en-US","@id":"https:\/\/lisbonpubliclaw.pt\/#\/schema\/logo\/image\/","url":"https:\/\/lisbonpubliclaw.pt\/wp-content\/uploads\/2023\/06\/WhatsApp-Image-2023-06-19-at-11.01.50-1.jpeg","contentUrl":"https:\/\/lisbonpubliclaw.pt\/wp-content\/uploads\/2023\/06\/WhatsApp-Image-2023-06-19-at-11.01.50-1.jpeg","width":354,"height":354,"caption":"Lisbon Public Law"},"image":{"@id":"https:\/\/lisbonpubliclaw.pt\/#\/schema\/logo\/image\/"}}]}},"_links":{"self":[{"href":"https:\/\/lisbonpubliclaw.pt\/en\/wp-json\/wp\/v2\/eventos\/4905","targetHints":{"allow":["GET"]}}],"collection":[{"href":"https:\/\/lisbonpubliclaw.pt\/en\/wp-json\/wp\/v2\/eventos"}],"about":[{"href":"https:\/\/lisbonpubliclaw.pt\/en\/wp-json\/wp\/v2\/types\/eventos"}],"wp:attachment":[{"href":"https:\/\/lisbonpubliclaw.pt\/en\/wp-json\/wp\/v2\/media?parent=4905"}],"wp:term":[{"taxonomy":"cluster","embeddable":true,"href":"https:\/\/lisbonpubliclaw.pt\/en\/wp-json\/wp\/v2\/cluster?post=4905"},{"taxonomy":"categoria-do-evento","embeddable":true,"href":"https:\/\/lisbonpubliclaw.pt\/en\/wp-json\/wp\/v2\/categoria-do-evento?post=4905"},{"taxonomy":"grupo-de-investigacao","embeddable":true,"href":"https:\/\/lisbonpubliclaw.pt\/en\/wp-json\/wp\/v2\/grupo-de-investigacao?post=4905"}],"curies":[{"name":"wp","href":"https:\/\/api.w.org\/{rel}","templated":true}]}}

Em preparação para a subida do nível do mar: lidando com as alterações climáticas, reestruturando o território dos Estados e procurando mecanismos para a resolução de conflitos

Na próxima sexta-feira, dia 13 de outubro, iremos receber o Professor Alexander Proelss , da Universidade de Hamburgo, que irá discutir sobre a "Resolução de litígios no âmbito do Direito do Mar e do novo Acordo BBNJ". Este evento conta com a coordenação científica do investigador do LPL, Professor Fernando Loureiro de Bastos e é de entrada livre, no Anfiteatro 9 da Faculdade de Direito da Universidade de Lisboa.

<!-- This site is optimized with the Yoast SEO plugin v27.5 - https://yoast.com/product/yoast-seo-wordpress/ -->
<title>Resolução de litígios no âmbito do Direito do Mar e do novo Acordo BBNJ</title>
<meta name="robots" content="index, follow, max-snippet:-1, max-image-preview:large, max-video-preview:-1" />
<link rel="canonical" href="https://lisbonpubliclaw.pt/en/eventos/resolucao-de-litigios-no-ambito-do-direito-do-mar-e-do-novo-acordo-bbnj/" />
<meta property="og:locale" content="en_US" />
<meta property="og:type" content="article" />
<meta property="og:title" content="Resolução de litígios no âmbito do Direito do Mar e do novo Acordo BBNJ" />
<meta property="og:url" content="https://lisbonpubliclaw.pt/en/eventos/resolucao-de-litigios-no-ambito-do-direito-do-mar-e-do-novo-acordo-bbnj/" />
<meta property="og:site_name" content="Lisbon Public Law" />
<meta property="article:modified_time" content="2025-11-03T07:18:04+00:00" />
<meta name="twitter:card" content="summary_large_image" />
<script type="application/ld+json" class="yoast-schema-graph">{"@context":"https:\/\/schema.org","@graph":[{"@type":"WebPage","@id":"https:\/\/lisbonpubliclaw.pt\/eventos\/resolucao-de-litigios-no-ambito-do-direito-do-mar-e-do-novo-acordo-bbnj\/","url":"https:\/\/lisbonpubliclaw.pt\/eventos\/resolucao-de-litigios-no-ambito-do-direito-do-mar-e-do-novo-acordo-bbnj\/","name":"Resolução de litígios no âmbito do Direito do Mar e do novo Acordo BBNJ","isPartOf":{"@id":"https:\/\/lisbonpubliclaw.pt\/#website"},"datePublished":"2023-10-09T18:13:08+00:00","dateModified":"2025-11-03T07:18:04+00:00","breadcrumb":{"@id":"https:\/\/lisbonpubliclaw.pt\/eventos\/resolucao-de-litigios-no-ambito-do-direito-do-mar-e-do-novo-acordo-bbnj\/#breadcrumb"},"inLanguage":"en-US","potentialAction":[{"@type":"ReadAction","target":["https:\/\/lisbonpubliclaw.pt\/eventos\/resolucao-de-litigios-no-ambito-do-direito-do-mar-e-do-novo-acordo-bbnj\/"]}]},{"@type":"BreadcrumbList","@id":"https:\/\/lisbonpubliclaw.pt\/eventos\/resolucao-de-litigios-no-ambito-do-direito-do-mar-e-do-novo-acordo-bbnj\/#breadcrumb","itemListElement":[{"@type":"ListItem","position":1,"name":"Home","item":"https:\/\/lisbonpubliclaw.pt\/"},{"@type":"ListItem","position":2,"name":"Eventos","item":"https:\/\/lisbonpubliclaw.pt\/eventos\/"},{"@type":"ListItem","position":3,"name":"Resolução de litígios no âmbito do Direito do Mar e do novo Acordo BBNJ"}]},{"@type":"WebSite","@id":"https:\/\/lisbonpubliclaw.pt\/#website","url":"https:\/\/lisbonpubliclaw.pt\/","name":"Lisbon Public Law","description":"Public Law Research Centre in Lisbon","publisher":{"@id":"https:\/\/lisbonpubliclaw.pt\/#organization"},"potentialAction":[{"@type":"SearchAction","target":{"@type":"EntryPoint","urlTemplate":"https:\/\/lisbonpubliclaw.pt\/?s={search_term_string}"},"query-input":{"@type":"PropertyValueSpecification","valueRequired":true,"valueName":"search_term_string"}}],"inLanguage":"en-US"},{"@type":"Organization","@id":"https:\/\/lisbonpubliclaw.pt\/#organization","name":"Lisbon Public Law","url":"https:\/\/lisbonpubliclaw.pt\/","logo":{"@type":"ImageObject","inLanguage":"en-US","@id":"https:\/\/lisbonpubliclaw.pt\/#\/schema\/logo\/image\/","url":"https:\/\/lisbonpubliclaw.pt\/wp-content\/uploads\/2023\/06\/WhatsApp-Image-2023-06-19-at-11.01.50-1.jpeg","contentUrl":"https:\/\/lisbonpubliclaw.pt\/wp-content\/uploads\/2023\/06\/WhatsApp-Image-2023-06-19-at-11.01.50-1.jpeg","width":354,"height":354,"caption":"Lisbon Public Law"},"image":{"@id":"https:\/\/lisbonpubliclaw.pt\/#\/schema\/logo\/image\/"}}]}</script>
<!-- / Yoast SEO plugin. -->

Resolução de litígios no âmbito do Direito do Mar e do novo Acordo BBNJ
