{"id":10613,"date":"2025-07-01T19:20:13","date_gmt":"2025-07-01T19:20:13","guid":{"rendered":"https:\/\/lisbonpubliclaw.pt\/?post_type=eventos&#038;p=10613"},"modified":"2025-08-21T17:08:32","modified_gmt":"2025-08-21T17:08:32","slug":"xiii-forum-de-lisboa","status":"publish","type":"eventos","link":"https:\/\/lisbonpubliclaw.pt\/en\/eventos\/xiii-forum-de-lisboa\/","title":{"rendered":"XIII F\u00f3rum de Lisboa"},"content":{"rendered":"","protected":false},"template":"","meta":{"imagem-do-evento":"https:\/\/lisbonpubliclaw.pt\/wp-content\/uploads\/2025\/07\/Imagem-WhatsApp-2025-07-01-as-20.12.31_3a212723-e1751397192823.jpg","investigador-organizador":["1729"],"projeto-a-que-pertence":"","orador-do-evento":"","subtitulo-da-sessao":"O Mundo Em Transforma\u00e7\u00e3o \u2014 Direito, Democracia E Sustentabilidade Na Era Inteligente","link-zoom":"https:\/\/www.youtube.com\/@sejaidp\/streams","email-de-incricao":"","url-de-incricao":"https:\/\/www.sympla.com.br\/evento\/xiii-forum-de-lisboa\/2830068?_gl=1*gv8z7k*_gcl_au*NDg4NTE0MDg3LjE3MzM5NDEwNjQuMTA4MjYwMzkzMy4xNzM4OTU1NjExLjE3Mzg5NTU2MTE._ga*MTkxODk4MTYzOS4xNzMzOTQxMDY0_ga_KXH10SQTZF*MTczOTI4NTY2OC4yMC4xLjE3MzkyODYxNDQuMjAuMC4xOTM2MTI2Njc0&amp;referrer=forumdelisboa.com.br&amp;referrer=www.forumdelisboa.com","data-do-evento":1751414400,"hora-do-evento":"08:00","data-fim-do-evento":"","localizacao":"FDUL e Aula Magna ","descricao-do-evento":"<p>O\u00a0<strong data-start=\"179\" data-end=\"207\">F\u00f3rum de Lisboa<\/strong>\u00a0chega \u00e0 sua\u00a0<strong data-start=\"220\" data-end=\"234\">13\u00aa edi\u00e7\u00e3o<\/strong>\u00a0em 2025, consolidando-se como um dos mais relevantes espa\u00e7os de debate sobre direito, democracia e inova\u00e7\u00e3o no cen\u00e1rio global. O evento \u00e9 uma realiza\u00e7\u00e3o do\u00a0<strong data-start=\"391\" data-end=\"459\">Instituto Brasileiro de Ensino, Desenvolvimento e Pesquisa (IDP)<\/strong>, do\u00a0<strong data-start=\"464\" data-end=\"507\">Lisbon Public Law Research Centre (LPL)<\/strong>\u00a0da\u00a0<strong data-start=\"511\" data-end=\"568\">Faculdade de Direito da Universidade de Lisboa (FDUL)<\/strong>\u00a0e do\u00a0<strong data-start=\"574\" data-end=\"656\">Centro de Inova\u00e7\u00e3o, Administra\u00e7\u00e3o e Pesquisa do Judici\u00e1rio \u2013 FGV Justi\u00e7a (FGV)<\/strong>.<\/p>\r\n<p>Aceda ao programa <a href=\"https:\/\/www.forumdelisboa.com\/2025\/dia-2\"><span style=\"text-decoration: underline;\"><strong>AQUI<\/strong><\/span><\/a><\/p>","participacao":{"Aberto ao P\u00fablico":"false","Acesso Restrito":"true"},"imagem-cartaz":""},"cluster":[],"categoria-do-evento":[16],"grupo-de-investigacao":[10],"class_list":["post-10613","eventos","type-eventos","status-publish","hentry","categoria-do-evento-conferencia","grupo-de-investigacao-direito-constitucional-e-ciencia-politica"],"yoast_head":"<!-- This site is optimized with the Yoast SEO plugin v27.5 - https:\/\/yoast.com\/product\/yoast-seo-wordpress\/ -->\n<title>XIII F\u00f3rum de Lisboa - Lisbon Public Law<\/title>\n<meta name=\"robots\" content=\"index, follow, max-snippet:-1, max-image-preview:large, max-video-preview:-1\" \/>\n<link rel=\"canonical\" href=\"https:\/\/lisbonpubliclaw.pt\/en\/eventos\/xiii-forum-de-lisboa\/\" \/>\n<meta property=\"og:locale\" content=\"en_US\" \/>\n<meta property=\"og:type\" content=\"article\" \/>\n<meta property=\"og:title\" content=\"XIII F\u00f3rum de Lisboa - Lisbon Public Law\" \/>\n<meta property=\"og:url\" content=\"https:\/\/lisbonpubliclaw.pt\/en\/eventos\/xiii-forum-de-lisboa\/\" \/>\n<meta property=\"og:site_name\" content=\"Lisbon Public Law\" \/>\n<meta property=\"article:modified_time\" content=\"2025-08-21T17:08:32+00:00\" \/>\n<meta name=\"twitter:card\" content=\"summary_large_image\" \/>\n<script type=\"application\/ld+json\" class=\"yoast-schema-graph\">{\"@context\":\"https:\\\/\\\/schema.org\",\"@graph\":[{\"@type\":\"WebPage\",\"@id\":\"https:\\\/\\\/lisbonpubliclaw.pt\\\/eventos\\\/xiii-forum-de-lisboa\\\/\",\"url\":\"https:\\\/\\\/lisbonpubliclaw.pt\\\/eventos\\\/xiii-forum-de-lisboa\\\/\",\"name\":\"XIII F\u00f3rum de Lisboa - Lisbon Public Law\",\"isPartOf\":{\"@id\":\"https:\\\/\\\/lisbonpubliclaw.pt\\\/#website\"},\"datePublished\":\"2025-07-01T19:20:13+00:00\",\"dateModified\":\"2025-08-21T17:08:32+00:00\",\"breadcrumb\":{\"@id\":\"https:\\\/\\\/lisbonpubliclaw.pt\\\/eventos\\\/xiii-forum-de-lisboa\\\/#breadcrumb\"},\"inLanguage\":\"en-US\",\"potentialAction\":[{\"@type\":\"ReadAction\",\"target\":[\"https:\\\/\\\/lisbonpubliclaw.pt\\\/eventos\\\/xiii-forum-de-lisboa\\\/\"]}]},{\"@type\":\"BreadcrumbList\",\"@id\":\"https:\\\/\\\/lisbonpubliclaw.pt\\\/eventos\\\/xiii-forum-de-lisboa\\\/#breadcrumb\",\"itemListElement\":[{\"@type\":\"ListItem\",\"position\":1,\"name\":\"Home\",\"item\":\"https:\\\/\\\/lisbonpubliclaw.pt\\\/\"},{\"@type\":\"ListItem\",\"position\":2,\"name\":\"Eventos\",\"item\":\"https:\\\/\\\/lisbonpubliclaw.pt\\\/eventos\\\/\"},{\"@type\":\"ListItem\",\"position\":3,\"name\":\"XIII F\u00f3rum de Lisboa\"}]},{\"@type\":\"WebSite\",\"@id\":\"https:\\\/\\\/lisbonpubliclaw.pt\\\/#website\",\"url\":\"https:\\\/\\\/lisbonpubliclaw.pt\\\/\",\"name\":\"Lisbon Public Law\",\"description\":\"Public Law Research Centre in Lisbon\",\"publisher\":{\"@id\":\"https:\\\/\\\/lisbonpubliclaw.pt\\\/#organization\"},\"potentialAction\":[{\"@type\":\"SearchAction\",\"target\":{\"@type\":\"EntryPoint\",\"urlTemplate\":\"https:\\\/\\\/lisbonpubliclaw.pt\\\/?s={search_term_string}\"},\"query-input\":{\"@type\":\"PropertyValueSpecification\",\"valueRequired\":true,\"valueName\":\"search_term_string\"}}],\"inLanguage\":\"en-US\"},{\"@type\":\"Organization\",\"@id\":\"https:\\\/\\\/lisbonpubliclaw.pt\\\/#organization\",\"name\":\"Lisbon Public Law\",\"url\":\"https:\\\/\\\/lisbonpubliclaw.pt\\\/\",\"logo\":{\"@type\":\"ImageObject\",\"inLanguage\":\"en-US\",\"@id\":\"https:\\\/\\\/lisbonpubliclaw.pt\\\/#\\\/schema\\\/logo\\\/image\\\/\",\"url\":\"https:\\\/\\\/lisbonpubliclaw.pt\\\/wp-content\\\/uploads\\\/2023\\\/06\\\/WhatsApp-Image-2023-06-19-at-11.01.50-1.jpeg\",\"contentUrl\":\"https:\\\/\\\/lisbonpubliclaw.pt\\\/wp-content\\\/uploads\\\/2023\\\/06\\\/WhatsApp-Image-2023-06-19-at-11.01.50-1.jpeg\",\"width\":354,\"height\":354,\"caption\":\"Lisbon Public Law\"},\"image\":{\"@id\":\"https:\\\/\\\/lisbonpubliclaw.pt\\\/#\\\/schema\\\/logo\\\/image\\\/\"}}]}<\/script>\n<!-- \/ Yoast SEO plugin. -->","yoast_head_json":{"title":"XIII F\u00f3rum de Lisboa - Lisbon Public Law","robots":{"index":"index","follow":"follow","max-snippet":"max-snippet:-1","max-image-preview":"max-image-preview:large","max-video-preview":"max-video-preview:-1"},"canonical":"https:\/\/lisbonpubliclaw.pt\/en\/eventos\/xiii-forum-de-lisboa\/","og_locale":"en_US","og_type":"article","og_title":"XIII F\u00f3rum de Lisboa - Lisbon Public Law","og_url":"https:\/\/lisbonpubliclaw.pt\/en\/eventos\/xiii-forum-de-lisboa\/","og_site_name":"Lisbon Public Law","article_modified_time":"2025-08-21T17:08:32+00:00","twitter_card":"summary_large_image","schema":{"@context":"https:\/\/schema.org","@graph":[{"@type":"WebPage","@id":"https:\/\/lisbonpubliclaw.pt\/eventos\/xiii-forum-de-lisboa\/","url":"https:\/\/lisbonpubliclaw.pt\/eventos\/xiii-forum-de-lisboa\/","name":"XIII F\u00f3rum de Lisboa - Lisbon Public Law","isPartOf":{"@id":"https:\/\/lisbonpubliclaw.pt\/#website"},"datePublished":"2025-07-01T19:20:13+00:00","dateModified":"2025-08-21T17:08:32+00:00","breadcrumb":{"@id":"https:\/\/lisbonpubliclaw.pt\/eventos\/xiii-forum-de-lisboa\/#breadcrumb"},"inLanguage":"en-US","potentialAction":[{"@type":"ReadAction","target":["https:\/\/lisbonpubliclaw.pt\/eventos\/xiii-forum-de-lisboa\/"]}]},{"@type":"BreadcrumbList","@id":"https:\/\/lisbonpubliclaw.pt\/eventos\/xiii-forum-de-lisboa\/#breadcrumb","itemListElement":[{"@type":"ListItem","position":1,"name":"Home","item":"https:\/\/lisbonpubliclaw.pt\/"},{"@type":"ListItem","position":2,"name":"Eventos","item":"https:\/\/lisbonpubliclaw.pt\/eventos\/"},{"@type":"ListItem","position":3,"name":"XIII F\u00f3rum de Lisboa"}]},{"@type":"WebSite","@id":"https:\/\/lisbonpubliclaw.pt\/#website","url":"https:\/\/lisbonpubliclaw.pt\/","name":"Lisbon Public Law","description":"Public Law Research Centre in Lisbon","publisher":{"@id":"https:\/\/lisbonpubliclaw.pt\/#organization"},"potentialAction":[{"@type":"SearchAction","target":{"@type":"EntryPoint","urlTemplate":"https:\/\/lisbonpubliclaw.pt\/?s={search_term_string}"},"query-input":{"@type":"PropertyValueSpecification","valueRequired":true,"valueName":"search_term_string"}}],"inLanguage":"en-US"},{"@type":"Organization","@id":"https:\/\/lisbonpubliclaw.pt\/#organization","name":"Lisbon Public Law","url":"https:\/\/lisbonpubliclaw.pt\/","logo":{"@type":"ImageObject","inLanguage":"en-US","@id":"https:\/\/lisbonpubliclaw.pt\/#\/schema\/logo\/image\/","url":"https:\/\/lisbonpubliclaw.pt\/wp-content\/uploads\/2023\/06\/WhatsApp-Image-2023-06-19-at-11.01.50-1.jpeg","contentUrl":"https:\/\/lisbonpubliclaw.pt\/wp-content\/uploads\/2023\/06\/WhatsApp-Image-2023-06-19-at-11.01.50-1.jpeg","width":354,"height":354,"caption":"Lisbon Public Law"},"image":{"@id":"https:\/\/lisbonpubliclaw.pt\/#\/schema\/logo\/image\/"}}]}},"_links":{"self":[{"href":"https:\/\/lisbonpubliclaw.pt\/en\/wp-json\/wp\/v2\/eventos\/10613","targetHints":{"allow":["GET"]}}],"collection":[{"href":"https:\/\/lisbonpubliclaw.pt\/en\/wp-json\/wp\/v2\/eventos"}],"about":[{"href":"https:\/\/lisbonpubliclaw.pt\/en\/wp-json\/wp\/v2\/types\/eventos"}],"wp:attachment":[{"href":"https:\/\/lisbonpubliclaw.pt\/en\/wp-json\/wp\/v2\/media?parent=10613"}],"wp:term":[{"taxonomy":"cluster","embeddable":true,"href":"https:\/\/lisbonpubliclaw.pt\/en\/wp-json\/wp\/v2\/cluster?post=10613"},{"taxonomy":"categoria-do-evento","embeddable":true,"href":"https:\/\/lisbonpubliclaw.pt\/en\/wp-json\/wp\/v2\/categoria-do-evento?post=10613"},{"taxonomy":"grupo-de-investigacao","embeddable":true,"href":"https:\/\/lisbonpubliclaw.pt\/en\/wp-json\/wp\/v2\/grupo-de-investigacao?post=10613"}],"curies":[{"name":"wp","href":"https:\/\/api.w.org\/{rel}","templated":true}]}}

XIII Fórum de Lisboa

O Mundo Em Transformação — Direito, Democracia E Sustentabilidade Na Era Inteligente

<p>O <strong data-start="179" data-end="207">Fórum de Lisboa</strong> chega à sua <strong data-start="220" data-end="234">13ª edição</strong> em 2025, consolidando-se como um dos mais relevantes espaços de debate sobre direito, democracia e inovação no cenário global. O evento é uma realização do <strong data-start="391" data-end="459">Instituto Brasileiro de Ensino, Desenvolvimento e Pesquisa (IDP)</strong>, do <strong data-start="464" data-end="507">Lisbon Public Law Research Centre (LPL)</strong> da <strong data-start="511" data-end="568">Faculdade de Direito da Universidade de Lisboa (FDUL)</strong> e do <strong data-start="574" data-end="656">Centro de Inovação, Administração e Pesquisa do Judiciário – FGV Justiça (FGV)</strong>.</p>
<p>Aceda ao programa <a href="https://www.forumdelisboa.com/2025/dia-2"><span style="text-decoration: underline;"><strong>AQUI</strong></span></a></p>

<!-- This site is optimized with the Yoast SEO plugin v27.5 - https://yoast.com/product/yoast-seo-wordpress/ -->
<title>XIII Fórum de Lisboa - Lisbon Public Law</title>
<meta name="robots" content="index, follow, max-snippet:-1, max-image-preview:large, max-video-preview:-1" />
<link rel="canonical" href="https://lisbonpubliclaw.pt/en/eventos/xiii-forum-de-lisboa/" />
<meta property="og:locale" content="en_US" />
<meta property="og:type" content="article" />
<meta property="og:title" content="XIII Fórum de Lisboa - Lisbon Public Law" />
<meta property="og:url" content="https://lisbonpubliclaw.pt/en/eventos/xiii-forum-de-lisboa/" />
<meta property="og:site_name" content="Lisbon Public Law" />
<meta property="article:modified_time" content="2025-08-21T17:08:32+00:00" />
<meta name="twitter:card" content="summary_large_image" />
<script type="application/ld+json" class="yoast-schema-graph">{"@context":"https:\/\/schema.org","@graph":[{"@type":"WebPage","@id":"https:\/\/lisbonpubliclaw.pt\/eventos\/xiii-forum-de-lisboa\/","url":"https:\/\/lisbonpubliclaw.pt\/eventos\/xiii-forum-de-lisboa\/","name":"XIII Fórum de Lisboa - Lisbon Public Law","isPartOf":{"@id":"https:\/\/lisbonpubliclaw.pt\/#website"},"datePublished":"2025-07-01T19:20:13+00:00","dateModified":"2025-08-21T17:08:32+00:00","breadcrumb":{"@id":"https:\/\/lisbonpubliclaw.pt\/eventos\/xiii-forum-de-lisboa\/#breadcrumb"},"inLanguage":"en-US","potentialAction":[{"@type":"ReadAction","target":["https:\/\/lisbonpubliclaw.pt\/eventos\/xiii-forum-de-lisboa\/"]}]},{"@type":"BreadcrumbList","@id":"https:\/\/lisbonpubliclaw.pt\/eventos\/xiii-forum-de-lisboa\/#breadcrumb","itemListElement":[{"@type":"ListItem","position":1,"name":"Home","item":"https:\/\/lisbonpubliclaw.pt\/"},{"@type":"ListItem","position":2,"name":"Eventos","item":"https:\/\/lisbonpubliclaw.pt\/eventos\/"},{"@type":"ListItem","position":3,"name":"XIII Fórum de Lisboa"}]},{"@type":"WebSite","@id":"https:\/\/lisbonpubliclaw.pt\/#website","url":"https:\/\/lisbonpubliclaw.pt\/","name":"Lisbon Public Law","description":"Public Law Research Centre in Lisbon","publisher":{"@id":"https:\/\/lisbonpubliclaw.pt\/#organization"},"potentialAction":[{"@type":"SearchAction","target":{"@type":"EntryPoint","urlTemplate":"https:\/\/lisbonpubliclaw.pt\/?s={search_term_string}"},"query-input":{"@type":"PropertyValueSpecification","valueRequired":true,"valueName":"search_term_string"}}],"inLanguage":"en-US"},{"@type":"Organization","@id":"https:\/\/lisbonpubliclaw.pt\/#organization","name":"Lisbon Public Law","url":"https:\/\/lisbonpubliclaw.pt\/","logo":{"@type":"ImageObject","inLanguage":"en-US","@id":"https:\/\/lisbonpubliclaw.pt\/#\/schema\/logo\/image\/","url":"https:\/\/lisbonpubliclaw.pt\/wp-content\/uploads\/2023\/06\/WhatsApp-Image-2023-06-19-at-11.01.50-1.jpeg","contentUrl":"https:\/\/lisbonpubliclaw.pt\/wp-content\/uploads\/2023\/06\/WhatsApp-Image-2023-06-19-at-11.01.50-1.jpeg","width":354,"height":354,"caption":"Lisbon Public Law"},"image":{"@id":"https:\/\/lisbonpubliclaw.pt\/#\/schema\/logo\/image\/"}}]}</script>
<!-- / Yoast SEO plugin. -->

XIII Fórum de Lisboa - Lisbon Public Law
