{"id":11573,"date":"2026-08-07T15:23:52","date_gmt":"2026-08-07T15:23:52","guid":{"rendered":"https:\/\/lisbonpubliclaw.pt\/ecoforce\/work-packages\/coordination-and-project-management\/"},"modified":"2026-08-07T16:16:49","modified_gmt":"2026-08-07T16:16:49","slug":"coordination-and-project-management","status":"publish","type":"eco_wp","link":"https:\/\/lisbonpubliclaw.pt\/en\/ecoforce\/pacotes-de-trabalho\/coordination-and-project-management\/","title":{"rendered":"Coordena\u00e7\u00e3o e gest\u00e3o do projeto"},"content":{"rendered":"<div data-elementor-type=\"wp-post\" data-elementor-id=\"11573\" class=\"elementor elementor-11573\" data-elementor-post-type=\"eco_wp\">\n\t\t\t\t<div class=\"eco-content-single eco-container elementor-element elementor-element-56e917c5 eco-content-single eco-container e-con-full e-flex e-con e-parent\" data-id=\"56e917c5\" data-element_type=\"container\" data-settings=\"{&quot;jet_parallax_layout_list&quot;:[]}\">\n\t\t\t\t<div class=\"elementor-element elementor-element-9e7f9fcf eco-content-title eco-bind-post-title elementor-widget elementor-widget-heading\" data-id=\"9e7f9fcf\" data-element_type=\"widget\" data-widget_type=\"heading.default\">\n\t\t\t\t<div class=\"elementor-widget-container\">\n\t\t\t<h1 class=\"elementor-heading-title elementor-size-default\">Coordena\u00e7\u00e3o e gest\u00e3o do projeto<\/h1>\t\t<\/div>\n\t\t\t\t<\/div>\n\t\t\t\t<div class=\"elementor-element elementor-element-46fe5606 eco-content-body eco-bind-post-content elementor-widget elementor-widget-text-editor\" data-id=\"46fe5606\" data-element_type=\"widget\" data-widget_type=\"text-editor.default\">\n\t\t\t\t<div class=\"elementor-widget-container\">\n\t\t\t\t\t\t\tConte\u00fado de demonstra\u00e7\u00e3o edit\u00e1vel. Utilize este espa\u00e7o para apresentar informa\u00e7\u00e3o resumida sobre este elemento do projeto ECOFORCE. Substitua este texto pelo conte\u00fado final quando estiver dispon\u00edvel.\t\t\t\t\t\t<\/div>\n\t\t\t\t<\/div>\n\t\t\t\t<div class=\"elementor-element elementor-element-3035c70d eco-content-meta-widget elementor-widget elementor-widget-ecoforce-meta-field\" data-id=\"3035c70d\" data-element_type=\"widget\" data-widget_type=\"ecoforce-meta-field.default\">\n\t\t\t\t<div class=\"elementor-widget-container\">\n\t\t\t<p class=\"eco-meta eco-content-detail\"><strong>N\u00famero do WP:<\/strong> WP1<\/p>\t\t<\/div>\n\t\t\t\t<\/div>\n\t\t\t\t<div class=\"elementor-element elementor-element-4f8c8321 eco-content-meta-widget elementor-widget elementor-widget-ecoforce-meta-field\" data-id=\"4f8c8321\" data-element_type=\"widget\" data-widget_type=\"ecoforce-meta-field.default\">\n\t\t\t\t<div class=\"elementor-widget-container\">\n\t\t\t<p class=\"eco-meta eco-content-detail\"><strong>Institui\u00e7\u00e3o l\u00edder:<\/strong> Centro de Investiga\u00e7\u00e3o Lisbon Public Law<\/p>\t\t<\/div>\n\t\t\t\t<\/div>\n\t\t\t\t<div class=\"elementor-element elementor-element-51369b7e eco-content-meta-widget elementor-widget elementor-widget-ecoforce-meta-field\" data-id=\"51369b7e\" data-element_type=\"widget\" data-widget_type=\"ecoforce-meta-field.default\">\n\t\t\t\t<div class=\"elementor-widget-container\">\n\t\t\t<p class=\"eco-meta eco-content-detail\"><strong>Per\u00edodo \/ dura\u00e7\u00e3o:<\/strong> M1\u2013M36<\/p>\t\t<\/div>\n\t\t\t\t<\/div>\n\t\t\t\t<\/div>\n\t\t\t\t<\/div>","protected":false},"featured_media":0,"menu_order":1,"template":"","class_list":["post-11573","eco_wp","type-eco_wp","status-publish","hentry"],"yoast_head":"<!-- This site is optimized with the Yoast SEO plugin v28.2 - https:\/\/yoast.com\/product\/yoast-seo-wordpress\/ -->\n<title>Coordena\u00e7\u00e3o e gest\u00e3o do projeto - Lisbon Public Law<\/title>\n<meta name=\"robots\" content=\"index, follow, max-snippet:-1, max-image-preview:large, max-video-preview:-1\" \/>\n<link rel=\"canonical\" href=\"https:\/\/lisbonpubliclaw.pt\/en\/ecoforce\/pacotes-de-trabalho\/coordination-and-project-management\/\" \/>\n<meta property=\"og:locale\" content=\"en_US\" \/>\n<meta property=\"og:type\" content=\"article\" \/>\n<meta property=\"og:title\" content=\"Coordena\u00e7\u00e3o e gest\u00e3o do projeto - Lisbon Public Law\" \/>\n<meta property=\"og:description\" content=\"Conte\u00fado de demonstra\u00e7\u00e3o edit\u00e1vel. Utilize este espa\u00e7o para apresentar informa\u00e7\u00e3o resumida sobre este elemento do projeto ECOFORCE. Substitua este texto pelo conte\u00fado final quando estiver dispon\u00edvel.\" \/>\n<meta property=\"og:url\" content=\"https:\/\/lisbonpubliclaw.pt\/en\/ecoforce\/pacotes-de-trabalho\/coordination-and-project-management\/\" \/>\n<meta property=\"og:site_name\" content=\"Lisbon Public Law\" \/>\n<meta property=\"article:modified_time\" content=\"2026-08-07T16:16:49+00:00\" \/>\n<meta name=\"twitter:card\" content=\"summary_large_image\" \/>\n<script type=\"application\/ld+json\" class=\"yoast-schema-graph\">{\"@context\":\"https:\\\/\\\/schema.org\",\"@graph\":[{\"@type\":\"WebPage\",\"@id\":\"https:\\\/\\\/lisbonpubliclaw.pt\\\/ecoforce\\\/pacotes-de-trabalho\\\/coordination-and-project-management\\\/\",\"url\":\"https:\\\/\\\/lisbonpubliclaw.pt\\\/ecoforce\\\/pacotes-de-trabalho\\\/coordination-and-project-management\\\/\",\"name\":\"Coordena\u00e7\u00e3o e gest\u00e3o do projeto - Lisbon Public Law\",\"isPartOf\":{\"@id\":\"https:\\\/\\\/lisbonpubliclaw.pt\\\/#website\"},\"datePublished\":\"2026-08-07T15:23:52+00:00\",\"dateModified\":\"2026-08-07T16:16:49+00:00\",\"breadcrumb\":{\"@id\":\"https:\\\/\\\/lisbonpubliclaw.pt\\\/ecoforce\\\/pacotes-de-trabalho\\\/coordination-and-project-management\\\/#breadcrumb\"},\"inLanguage\":\"en-US\",\"potentialAction\":[{\"@type\":\"ReadAction\",\"target\":[\"https:\\\/\\\/lisbonpubliclaw.pt\\\/ecoforce\\\/pacotes-de-trabalho\\\/coordination-and-project-management\\\/\"]}]},{\"@type\":\"BreadcrumbList\",\"@id\":\"https:\\\/\\\/lisbonpubliclaw.pt\\\/ecoforce\\\/pacotes-de-trabalho\\\/coordination-and-project-management\\\/#breadcrumb\",\"itemListElement\":[{\"@type\":\"ListItem\",\"position\":1,\"name\":\"Home\",\"item\":\"https:\\\/\\\/lisbonpubliclaw.pt\\\/\"},{\"@type\":\"ListItem\",\"position\":2,\"name\":\"Coordena\u00e7\u00e3o e gest\u00e3o do projeto\"}]},{\"@type\":\"WebSite\",\"@id\":\"https:\\\/\\\/lisbonpubliclaw.pt\\\/#website\",\"url\":\"https:\\\/\\\/lisbonpubliclaw.pt\\\/\",\"name\":\"Lisbon Public Law\",\"description\":\"Public Law Research Centre in Lisbon\",\"publisher\":{\"@id\":\"https:\\\/\\\/lisbonpubliclaw.pt\\\/#organization\"},\"potentialAction\":[{\"@type\":\"SearchAction\",\"target\":{\"@type\":\"EntryPoint\",\"urlTemplate\":\"https:\\\/\\\/lisbonpubliclaw.pt\\\/?s={search_term_string}\"},\"query-input\":{\"@type\":\"PropertyValueSpecification\",\"valueRequired\":true,\"valueName\":\"search_term_string\"}}],\"inLanguage\":\"en-US\"},{\"@type\":\"Organization\",\"@id\":\"https:\\\/\\\/lisbonpubliclaw.pt\\\/#organization\",\"name\":\"Lisbon Public Law\",\"url\":\"https:\\\/\\\/lisbonpubliclaw.pt\\\/\",\"logo\":{\"@type\":\"ImageObject\",\"inLanguage\":\"en-US\",\"@id\":\"https:\\\/\\\/lisbonpubliclaw.pt\\\/#\\\/schema\\\/logo\\\/image\\\/\",\"url\":\"https:\\\/\\\/lisbonpubliclaw.pt\\\/wp-content\\\/uploads\\\/2023\\\/06\\\/WhatsApp-Image-2023-06-19-at-11.01.50-1.jpeg\",\"contentUrl\":\"https:\\\/\\\/lisbonpubliclaw.pt\\\/wp-content\\\/uploads\\\/2023\\\/06\\\/WhatsApp-Image-2023-06-19-at-11.01.50-1.jpeg\",\"width\":354,\"height\":354,\"caption\":\"Lisbon Public Law\"},\"image\":{\"@id\":\"https:\\\/\\\/lisbonpubliclaw.pt\\\/#\\\/schema\\\/logo\\\/image\\\/\"}}]}<\/script>\n<!-- \/ Yoast SEO plugin. -->","yoast_head_json":{"title":"Coordena\u00e7\u00e3o e gest\u00e3o do projeto - Lisbon Public Law","robots":{"index":"index","follow":"follow","max-snippet":"max-snippet:-1","max-image-preview":"max-image-preview:large","max-video-preview":"max-video-preview:-1"},"canonical":"https:\/\/lisbonpubliclaw.pt\/en\/ecoforce\/pacotes-de-trabalho\/coordination-and-project-management\/","og_locale":"en_US","og_type":"article","og_title":"Coordena\u00e7\u00e3o e gest\u00e3o do projeto - Lisbon Public Law","og_description":"Conte\u00fado de demonstra\u00e7\u00e3o edit\u00e1vel. Utilize este espa\u00e7o para apresentar informa\u00e7\u00e3o resumida sobre este elemento do projeto ECOFORCE. Substitua este texto pelo conte\u00fado final quando estiver dispon\u00edvel.","og_url":"https:\/\/lisbonpubliclaw.pt\/en\/ecoforce\/pacotes-de-trabalho\/coordination-and-project-management\/","og_site_name":"Lisbon Public Law","article_modified_time":"2026-08-07T16:16:49+00:00","twitter_card":"summary_large_image","schema":{"@context":"https:\/\/schema.org","@graph":[{"@type":"WebPage","@id":"https:\/\/lisbonpubliclaw.pt\/ecoforce\/pacotes-de-trabalho\/coordination-and-project-management\/","url":"https:\/\/lisbonpubliclaw.pt\/ecoforce\/pacotes-de-trabalho\/coordination-and-project-management\/","name":"Coordena\u00e7\u00e3o e gest\u00e3o do projeto - Lisbon Public Law","isPartOf":{"@id":"https:\/\/lisbonpubliclaw.pt\/#website"},"datePublished":"2026-08-07T15:23:52+00:00","dateModified":"2026-08-07T16:16:49+00:00","breadcrumb":{"@id":"https:\/\/lisbonpubliclaw.pt\/ecoforce\/pacotes-de-trabalho\/coordination-and-project-management\/#breadcrumb"},"inLanguage":"en-US","potentialAction":[{"@type":"ReadAction","target":["https:\/\/lisbonpubliclaw.pt\/ecoforce\/pacotes-de-trabalho\/coordination-and-project-management\/"]}]},{"@type":"BreadcrumbList","@id":"https:\/\/lisbonpubliclaw.pt\/ecoforce\/pacotes-de-trabalho\/coordination-and-project-management\/#breadcrumb","itemListElement":[{"@type":"ListItem","position":1,"name":"Home","item":"https:\/\/lisbonpubliclaw.pt\/"},{"@type":"ListItem","position":2,"name":"Coordena\u00e7\u00e3o e gest\u00e3o do projeto"}]},{"@type":"WebSite","@id":"https:\/\/lisbonpubliclaw.pt\/#website","url":"https:\/\/lisbonpubliclaw.pt\/","name":"Lisbon Public Law","description":"Public Law Research Centre in Lisbon","publisher":{"@id":"https:\/\/lisbonpubliclaw.pt\/#organization"},"potentialAction":[{"@type":"SearchAction","target":{"@type":"EntryPoint","urlTemplate":"https:\/\/lisbonpubliclaw.pt\/?s={search_term_string}"},"query-input":{"@type":"PropertyValueSpecification","valueRequired":true,"valueName":"search_term_string"}}],"inLanguage":"en-US"},{"@type":"Organization","@id":"https:\/\/lisbonpubliclaw.pt\/#organization","name":"Lisbon Public Law","url":"https:\/\/lisbonpubliclaw.pt\/","logo":{"@type":"ImageObject","inLanguage":"en-US","@id":"https:\/\/lisbonpubliclaw.pt\/#\/schema\/logo\/image\/","url":"https:\/\/lisbonpubliclaw.pt\/wp-content\/uploads\/2023\/06\/WhatsApp-Image-2023-06-19-at-11.01.50-1.jpeg","contentUrl":"https:\/\/lisbonpubliclaw.pt\/wp-content\/uploads\/2023\/06\/WhatsApp-Image-2023-06-19-at-11.01.50-1.jpeg","width":354,"height":354,"caption":"Lisbon Public Law"},"image":{"@id":"https:\/\/lisbonpubliclaw.pt\/#\/schema\/logo\/image\/"}}]}},"_links":{"self":[{"href":"https:\/\/lisbonpubliclaw.pt\/en\/wp-json\/wp\/v2\/eco_wp\/11573","targetHints":{"allow":["GET"]}}],"collection":[{"href":"https:\/\/lisbonpubliclaw.pt\/en\/wp-json\/wp\/v2\/eco_wp"}],"about":[{"href":"https:\/\/lisbonpubliclaw.pt\/en\/wp-json\/wp\/v2\/types\/eco_wp"}],"version-history":[{"count":0,"href":"https:\/\/lisbonpubliclaw.pt\/en\/wp-json\/wp\/v2\/eco_wp\/11573\/revisions"}],"wp:attachment":[{"href":"https:\/\/lisbonpubliclaw.pt\/en\/wp-json\/wp\/v2\/media?parent=11573"}],"curies":[{"name":"wp","href":"https:\/\/api.w.org\/{rel}","templated":true}]}}

Coordenação e gestão do projeto

<div data-elementor-type="wp-post" data-elementor-id="11573" class="elementor elementor-11573" data-elementor-post-type="eco_wp">
				<div class="eco-content-single eco-container elementor-element elementor-element-56e917c5 eco-content-single eco-container e-con-full e-flex e-con e-parent" data-id="56e917c5" data-element_type="container" data-settings="{&quot;jet_parallax_layout_list&quot;:[]}">
				<div class="elementor-element elementor-element-9e7f9fcf eco-content-title eco-bind-post-title elementor-widget elementor-widget-heading" data-id="9e7f9fcf" data-element_type="widget" data-widget_type="heading.default">
				<div class="elementor-widget-container">
			<h1 class="elementor-heading-title elementor-size-default">Coordenação e gestão do projeto</h1>		</div>
				</div>
				<div class="elementor-element elementor-element-46fe5606 eco-content-body eco-bind-post-content elementor-widget elementor-widget-text-editor" data-id="46fe5606" data-element_type="widget" data-widget_type="text-editor.default">
				<div class="elementor-widget-container">
							Conteúdo de demonstração editável. Utilize este espaço para apresentar informação resumida sobre este elemento do projeto ECOFORCE. Substitua este texto pelo conteúdo final quando estiver disponível.						</div>
				</div>
				<div class="elementor-element elementor-element-3035c70d eco-content-meta-widget elementor-widget elementor-widget-ecoforce-meta-field" data-id="3035c70d" data-element_type="widget" data-widget_type="ecoforce-meta-field.default">
				<div class="elementor-widget-container">
			<p class="eco-meta eco-content-detail"><strong>Número do WP:</strong> WP1</p>		</div>
				</div>
				<div class="elementor-element elementor-element-4f8c8321 eco-content-meta-widget elementor-widget elementor-widget-ecoforce-meta-field" data-id="4f8c8321" data-element_type="widget" data-widget_type="ecoforce-meta-field.default">
				<div class="elementor-widget-container">
			<p class="eco-meta eco-content-detail"><strong>Instituição líder:</strong> Centro de Investigação Lisbon Public Law</p>		</div>
				</div>
				<div class="elementor-element elementor-element-51369b7e eco-content-meta-widget elementor-widget elementor-widget-ecoforce-meta-field" data-id="51369b7e" data-element_type="widget" data-widget_type="ecoforce-meta-field.default">
				<div class="elementor-widget-container">
			<p class="eco-meta eco-content-detail"><strong>Período / duração:</strong> M1–M36</p>		</div>
				</div>
				</div>
				</div>

<!-- This site is optimized with the Yoast SEO plugin v28.2 - https://yoast.com/product/yoast-seo-wordpress/ -->
<title>Coordenação e gestão do projeto - Lisbon Public Law</title>
<meta name="robots" content="index, follow, max-snippet:-1, max-image-preview:large, max-video-preview:-1" />
<link rel="canonical" href="https://lisbonpubliclaw.pt/en/ecoforce/pacotes-de-trabalho/coordination-and-project-management/" />
<meta property="og:locale" content="en_US" />
<meta property="og:type" content="article" />
<meta property="og:title" content="Coordenação e gestão do projeto - Lisbon Public Law" />
<meta property="og:description" content="Conteúdo de demonstração editável. Utilize este espaço para apresentar informação resumida sobre este elemento do projeto ECOFORCE. Substitua este texto pelo conteúdo final quando estiver disponível." />
<meta property="og:url" content="https://lisbonpubliclaw.pt/en/ecoforce/pacotes-de-trabalho/coordination-and-project-management/" />
<meta property="og:site_name" content="Lisbon Public Law" />
<meta property="article:modified_time" content="2026-08-07T16:16:49+00:00" />
<meta name="twitter:card" content="summary_large_image" />
<script type="application/ld+json" class="yoast-schema-graph">{"@context":"https:\/\/schema.org","@graph":[{"@type":"WebPage","@id":"https:\/\/lisbonpubliclaw.pt\/ecoforce\/pacotes-de-trabalho\/coordination-and-project-management\/","url":"https:\/\/lisbonpubliclaw.pt\/ecoforce\/pacotes-de-trabalho\/coordination-and-project-management\/","name":"Coordenação e gestão do projeto - Lisbon Public Law","isPartOf":{"@id":"https:\/\/lisbonpubliclaw.pt\/#website"},"datePublished":"2026-08-07T15:23:52+00:00","dateModified":"2026-08-07T16:16:49+00:00","breadcrumb":{"@id":"https:\/\/lisbonpubliclaw.pt\/ecoforce\/pacotes-de-trabalho\/coordination-and-project-management\/#breadcrumb"},"inLanguage":"en-US","potentialAction":[{"@type":"ReadAction","target":["https:\/\/lisbonpubliclaw.pt\/ecoforce\/pacotes-de-trabalho\/coordination-and-project-management\/"]}]},{"@type":"BreadcrumbList","@id":"https:\/\/lisbonpubliclaw.pt\/ecoforce\/pacotes-de-trabalho\/coordination-and-project-management\/#breadcrumb","itemListElement":[{"@type":"ListItem","position":1,"name":"Home","item":"https:\/\/lisbonpubliclaw.pt\/"},{"@type":"ListItem","position":2,"name":"Coordenação e gestão do projeto"}]},{"@type":"WebSite","@id":"https:\/\/lisbonpubliclaw.pt\/#website","url":"https:\/\/lisbonpubliclaw.pt\/","name":"Lisbon Public Law","description":"Public Law Research Centre in Lisbon","publisher":{"@id":"https:\/\/lisbonpubliclaw.pt\/#organization"},"potentialAction":[{"@type":"SearchAction","target":{"@type":"EntryPoint","urlTemplate":"https:\/\/lisbonpubliclaw.pt\/?s={search_term_string}"},"query-input":{"@type":"PropertyValueSpecification","valueRequired":true,"valueName":"search_term_string"}}],"inLanguage":"en-US"},{"@type":"Organization","@id":"https:\/\/lisbonpubliclaw.pt\/#organization","name":"Lisbon Public Law","url":"https:\/\/lisbonpubliclaw.pt\/","logo":{"@type":"ImageObject","inLanguage":"en-US","@id":"https:\/\/lisbonpubliclaw.pt\/#\/schema\/logo\/image\/","url":"https:\/\/lisbonpubliclaw.pt\/wp-content\/uploads\/2023\/06\/WhatsApp-Image-2023-06-19-at-11.01.50-1.jpeg","contentUrl":"https:\/\/lisbonpubliclaw.pt\/wp-content\/uploads\/2023\/06\/WhatsApp-Image-2023-06-19-at-11.01.50-1.jpeg","width":354,"height":354,"caption":"Lisbon Public Law"},"image":{"@id":"https:\/\/lisbonpubliclaw.pt\/#\/schema\/logo\/image\/"}}]}</script>
<!-- / Yoast SEO plugin. -->

Coordenação e gestão do projeto - Lisbon Public Law

Conteúdo de demonstração editável. Utilize este espaço para apresentar informação resumida sobre este elemento do projeto ECOFORCE. Substitua este texto pelo conteúdo final quando estiver disponível.
